-- Table structure for table `accounts_analysis`
--

CREATE TABLE `accounts_analysis` (
  `ac_no` char(8) DEFAULT NULL COMMENT 'TRIAL',
  `fyear` int(11) DEFAULT NULL COMMENT 'TRIAL',
  `bal_01` double DEFAULT 0 COMMENT 'TRIAL',
  `per_01` decimal(7,3) DEFAULT 0.000 COMMENT 'TRIAL',
  `perm_01` decimal(7,3) DEFAULT 0.000 COMMENT 'TRIAL',
  `bal_02` double DEFAULT 0 COMMENT 'TRIAL',
  `per_02` decimal(7,3) DEFAULT 0.000 COMMENT 'TRIAL',
  `perm_02` decimal(7,3) DEFAULT 0.000 COMMENT 'TRIAL',
  `peri_02` decimal(7,3) DEFAULT 0.000 COMMENT 'TRIAL',
  `bal_03` double DEFAULT 0 COMMENT 'TRIAL',
  `per_03` decimal(7,3) DEFAULT 0.000 COMMENT 'TRIAL',
  `perm_03` decimal(7,3) DEFAULT 0.000 COMMENT 'TRIAL',
  `peri_03` decimal(7,3) DEFAULT 0.000 COMMENT 'TRIAL',
  `bal_04` double DEFAULT 0 COMMENT 'TRIAL',
  `per_04` decimal(7,3) DEFAULT 0.000 COMMENT 'TRIAL',
  `perm_04` decimal(7,3) DEFAULT 0.000 COMMENT 'TRIAL',
  `peri_04` decimal(7,3) DEFAULT 0.000 COMMENT 'TRIAL',
  `bal_05` double DEFAULT 0 COMMENT 'TRIAL',
  `per_05` decimal(7,3) DEFAULT 0.000 COMMENT 'TRIAL',
  `perm_05` decimal(7,3) DEFAULT 0.000 COMMENT 'TRIAL',
  `peri_05` decimal(7,3) DEFAULT 0.000 COMMENT 'TRIAL',
  `bal_06` double DEFAULT 0 COMMENT 'TRIAL',
  `per_06` decimal(7,3) DEFAULT 0.000 COMMENT 'TRIAL',
  `perm_06` decimal(7,3) DEFAULT 0.000 COMMENT 'TRIAL',
  `peri_06` decimal(7,3) DEFAULT 0.000 COMMENT 'TRIAL',
  `bal_07` double DEFAULT 0 COMMENT 'TRIAL',
  `per_07` decimal(7,3) DEFAULT 0.000 COMMENT 'TRIAL',
  `perm_07` decimal(7,3) DEFAULT 0.000 COMMENT 'TRIAL',
  `peri_07` decimal(7,3) DEFAULT 0.000 COMMENT 'TRIAL',
  `bal_08` double DEFAULT 0 COMMENT 'TRIAL',
  `per_08` decimal(7,3) DEFAULT 0.000 COMMENT 'TRIAL',
  `perm_08` decimal(7,3) DEFAULT 0.000 COMMENT 'TRIAL',
  `peri_08` decimal(7,3) DEFAULT 0.000 COMMENT 'TRIAL',
  `bal_09` double DEFAULT 0 COMMENT 'TRIAL',
  `per_09` decimal(7,3) DEFAULT 0.000 COMMENT 'TRIAL',
  `perm_09` decimal(7,3) DEFAULT 0.000 COMMENT 'TRIAL',
  `peri_09` decimal(7,3) DEFAULT 0.000 COMMENT 'TRIAL',
  `bal_10` double DEFAULT 0 COMMENT 'TRIAL',
  `per_10` decimal(7,3) DEFAULT 0.000 COMMENT 'TRIAL',
  `perm_10` decimal(7,3) DEFAULT 0.000 COMMENT 'TRIAL',
  `peri_10` decimal(7,3) DEFAULT 0.000 COMMENT 'TRIAL',
  `bal_11` double DEFAULT 0 COMMENT 'TRIAL',
  `per_11` decimal(7,3) DEFAULT 0.000 COMMENT 'TRIAL',
  `perm_11` decimal(7,3) DEFAULT 0.000 COMMENT 'TRIAL',
  `peri_11` decimal(7,3) DEFAULT 0.000 COMMENT 'TRIAL',
  `bal_12` double DEFAULT 0 COMMENT 'TRIAL',
  `per_12` decimal(7,3) DEFAULT 0.000 COMMENT 'TRIAL',
  `perm_12` decimal(7,3) DEFAULT 0.000 COMMENT 'TRIAL',
  `peri_12` decimal(7,3) DEFAULT 0.000 COMMENT 'TRIAL',
  `bal_tot` double DEFAULT 0 COMMENT 'TRIAL',
  `per_tot` decimal(7,3) DEFAULT 0.000 COMMENT 'TRIAL',
  `trial572` char(1) DEFAULT NULL COMMENT 'TRIAL'
) ENGINE=InnoDB DEFAULT CHARSET=utf8mb4 COLLATE=utf8mb4_general_ci COMMENT='TRIAL';

-- --------------------------------------------------------

--
-- Table structure for table `accounts_analysis_months`
--

CREATE TABLE `accounts_analysis_months` (
  `report_group` char(40) DEFAULT NULL COMMENT 'TRIAL',
  `report_accounts` char(40) DEFAULT NULL COMMENT 'TRIAL',
  `fyear` int(11) DEFAULT NULL COMMENT 'TRIAL',
  `month_name_01` char(12) DEFAULT NULL COMMENT 'TRIAL',
  `month_name_02` char(12) DEFAULT NULL COMMENT 'TRIAL',
  `month_name_03` char(12) DEFAULT NULL COMMENT 'TRIAL',
  `month_name_04` char(12) DEFAULT NULL COMMENT 'TRIAL',
  `month_name_05` char(12) DEFAULT NULL COMMENT 'TRIAL',
  `month_name_06` char(12) DEFAULT NULL COMMENT 'TRIAL',
  `month_name_07` char(12) DEFAULT NULL COMMENT 'TRIAL',
  `month_name_08` char(12) DEFAULT NULL COMMENT 'TRIAL',
  `month_name_09` char(12) DEFAULT NULL COMMENT 'TRIAL',
  `month_name_10` char(12) DEFAULT NULL COMMENT 'TRIAL',
  `month_name_11` char(12) DEFAULT NULL COMMENT 'TRIAL',
  `month_name_12` char(12) DEFAULT NULL COMMENT 'TRIAL',
  `month_tot_01` double DEFAULT 0 COMMENT 'TRIAL',
  `month_tot_02` double DEFAULT 0 COMMENT 'TRIAL',
  `month_tot_03` double DEFAULT 0 COMMENT 'TRIAL',
  `month_tot_04` double DEFAULT 0 COMMENT 'TRIAL',
  `month_tot_05` double DEFAULT 0 COMMENT 'TRIAL',
  `month_tot_06` double DEFAULT 0 COMMENT 'TRIAL',
  `month_tot_07` double DEFAULT 0 COMMENT 'TRIAL',
  `month_tot_08` double DEFAULT 0 COMMENT 'TRIAL',
  `month_tot_09` double DEFAULT 0 COMMENT 'TRIAL',
  `month_tot_10` double DEFAULT 0 COMMENT 'TRIAL',
  `month_tot_11` double DEFAULT 0 COMMENT 'TRIAL',
  `month_tot_12` double DEFAULT 0 COMMENT 'TRIAL',
  `month_tot_all` double DEFAULT 0 COMMENT 'TRIAL',
  `per_01` decimal(7,3) DEFAULT 0.000 COMMENT 'TRIAL',
  `per_02` decimal(7,3) DEFAULT 0.000 COMMENT 'TRIAL',
  `per_03` decimal(7,3) DEFAULT 0.000 COMMENT 'TRIAL',
  `per_04` decimal(7,3) DEFAULT 0.000 COMMENT 'TRIAL',
  `per_05` decimal(7,3) DEFAULT 0.000 COMMENT 'TRIAL',
  `per_06` decimal(7,3) DEFAULT 0.000 COMMENT 'TRIAL',
  `per_07` decimal(7,3) DEFAULT 0.000 COMMENT 'TRIAL',
  `per_08` decimal(7,3) DEFAULT 0.000 COMMENT 'TRIAL',
  `per_09` decimal(7,3) DEFAULT 0.000 COMMENT 'TRIAL',
  `per_10` decimal(7,3) DEFAULT 0.000 COMMENT 'TRIAL',
  `per_11` decimal(7,3) DEFAULT 0.000 COMMENT 'TRIAL',
  `per_12` decimal(7,3) DEFAULT 0.000 COMMENT 'TRIAL',
  `trial572` char(1) DEFAULT NULL COMMENT 'TRIAL'
) ENGINE=InnoDB DEFAULT CHARSET=utf8mb4 COLLATE=utf8mb4_general_ci COMMENT='TRIAL';

-- --------------------------------------------------------

--
-- Table structure for table `accounts_auto_deactive`
--

CREATE TABLE `accounts_auto_deactive` (
  `ac_no` char(8) DEFAULT NULL COMMENT 'TRIAL',
  `last_move_date` datetime DEFAULT NULL COMMENT 'TRIAL',
  `deactive_date` datetime DEFAULT NULL COMMENT 'TRIAL',
  `deactive_date_span` int(11) DEFAULT NULL COMMENT 'TRIAL',
  `noteed` char(1) DEFAULT NULL COMMENT 'TRIAL',
  `trial572` char(1) DEFAULT NULL COMMENT 'TRIAL'
) ENGINE=InnoDB DEFAULT CHARSET=utf8mb4 COLLATE=utf8mb4_general_ci COMMENT='TRIAL';

-- --------------------------------------------------------

--
-- Table structure for table `accreports2`
--

CREATE TABLE `accreports2` (
  `id` int(11) NOT NULL COMMENT 'TRIAL',
  `ac_no` char(8) NOT NULL COMMENT 'TRIAL',
  `from_dt` datetime NOT NULL COMMENT 'TRIAL',
  `to_dt` datetime NOT NULL COMMENT 'TRIAL',
  `debit2` double NOT NULL COMMENT 'TRIAL',
  `credit2` double NOT NULL COMMENT 'TRIAL',
  `debit3` double NOT NULL COMMENT 'TRIAL',
  `credit3` double NOT NULL COMMENT 'TRIAL',
  `debit4` double NOT NULL COMMENT 'TRIAL',
  `credit4` double NOT NULL COMMENT 'TRIAL',
  `debit5` double NOT NULL COMMENT 'TRIAL',
  `credit5` double NOT NULL COMMENT 'TRIAL',
  `debit6` double NOT NULL COMMENT 'TRIAL',
  `credit6` double NOT NULL COMMENT 'TRIAL',
  `debit1` double NOT NULL COMMENT 'TRIAL',
  `credit1` double NOT NULL COMMENT 'TRIAL',
  `current_amount` double NOT NULL COMMENT 'TRIAL',
  `prv_amount` double NOT NULL COMMENT 'TRIAL',
  `ds1` datetime NOT NULL COMMENT 'TRIAL',
  `de1` datetime NOT NULL COMMENT 'TRIAL',
  `ds2` datetime NOT NULL COMMENT 'TRIAL',
  `de2` datetime NOT NULL COMMENT 'TRIAL',
  `ds3` datetime NOT NULL COMMENT 'TRIAL',
  `de3` datetime NOT NULL COMMENT 'TRIAL',
  `ds4` datetime NOT NULL COMMENT 'TRIAL',
  `de4` datetime NOT NULL COMMENT 'TRIAL',
  `ds5` datetime NOT NULL COMMENT 'TRIAL',
  `de5` datetime NOT NULL COMMENT 'TRIAL',
  `ds6` datetime NOT NULL COMMENT 'TRIAL',
  `de6` datetime NOT NULL COMMENT 'TRIAL',
  `repid` int(11) NOT NULL COMMENT 'TRIAL',
  `trial572` char(1) DEFAULT NULL COMMENT 'TRIAL'
) ENGINE=InnoDB DEFAULT CHARSET=utf8mb4 COLLATE=utf8mb4_general_ci COMMENT='TRIAL';

--
-- Dumping data for table `accreports2`
--

INSERT INTO `accreports2` (`id`, `ac_no`, `from_dt`, `to_dt`, `debit2`, `credit2`, `debit3`, `credit3`, `debit4`, `credit4`, `debit5`, `credit5`, `debit6`, `credit6`, `debit1`, `credit1`, `current_amount`, `prv_amount`, `ds1`, `de1`, `ds2`, `de2`, `ds3`, `de3`, `ds4`, `de4`, `ds5`, `de5`, `ds6`, `de6`, `repid`, `trial572`) VALUES
(5101501, '32110001', '1900-01-01 00:00:00', '2022-12-31 00:00:00', 0, 0, 0, 0, 0, 0, 0, 0, 0, 100, 0, 0, 0, 0, '2022-10-01 00:00:00', '2022-09-30 00:00:00', '2022-12-31 00:00:00', '2022-12-30 00:00:00', '2022-12-31 00:00:00', '2022-12-30 00:00:00', '2022-10-02 00:00:00', '2022-10-31 00:00:00', '2022-11-01 00:00:00', '2022-11-30 00:00:00', '2022-12-01 00:00:00', '2022-12-31 00:00:00', 11307, 'T'),
(5101503, '11110001', '1900-01-01 00:00:00', '2022-12-31 00:00:00', 0, 0, 0, 0, 0, 0, 0, 0, 100, 0, 0, 0, 0, 0, '2022-10-01 00:00:00', '2022-09-30 00:00:00', '2022-12-31 00:00:00', '2022-12-30 00:00:00', '2022-12-31 00:00:00', '2022-12-30 00:00:00', '2022-10-02 00:00:00', '2022-10-31 00:00:00', '2022-11-01 00:00:00', '2022-11-30 00:00:00', '2022-12-01 00:00:00', '2022-12-31 00:00:00', 11308, 'T');

-- --------------------------------------------------------

--
-- Table structure for table `accreports2_process`
--

CREATE TABLE `accreports2_process` (
  `d1` double NOT NULL COMMENT 'TRIAL',
  `d2` double NOT NULL COMMENT 'TRIAL',
  `d3` double NOT NULL COMMENT 'TRIAL',
  `d4` double NOT NULL COMMENT 'TRIAL',
  `d5` double NOT NULL COMMENT 'TRIAL',
  `id` int(11) NOT NULL COMMENT 'TRIAL',
  `ac_no` char(8) NOT NULL COMMENT 'TRIAL',
  `c2` double NOT NULL COMMENT 'TRIAL',
  `c3` double NOT NULL COMMENT 'TRIAL',
  `prv_amount` double NOT NULL COMMENT 'TRIAL',
  `c4` double NOT NULL COMMENT 'TRIAL',
  `c5` double NOT NULL COMMENT 'TRIAL',
  `c1` double NOT NULL COMMENT 'TRIAL',
  `c6` double NOT NULL COMMENT 'TRIAL',
  `d6` double NOT NULL COMMENT 'TRIAL',
  `current_amount_d` double NOT NULL COMMENT 'TRIAL',
  `current_amount_c` double NOT NULL COMMENT 'TRIAL',
  `repid` int(11) NOT NULL COMMENT 'TRIAL',
  `next_month_credit` double DEFAULT 0 COMMENT 'TRIAL',
  `trial572` char(1) DEFAULT NULL COMMENT 'TRIAL'
) ENGINE=InnoDB DEFAULT CHARSET=utf8mb4 COLLATE=utf8mb4_general_ci COMMENT='TRIAL';

--
-- Dumping data for table `accreports2_process`
--

INSERT INTO `accreports2_process` (`d1`, `d2`, `d3`, `d4`, `d5`, `id`, `ac_no`, `c2`, `c3`, `prv_amount`, `c4`, `c5`, `c1`, `c6`, `d6`, `current_amount_d`, `current_amount_c`, `repid`, `next_month_credit`, `trial572`) VALUES
(0, 0, 0, 0, 0, 5101502, '32110001', 0, 0, 0, 0, 0, 0, 100, 0, 0, 100, 11307, 0, 'T'),
(0, 0, 0, 0, 0, 5101504, '11110001', 0, 0, 0, 0, 0, 0, 0, 100, 100, 0, 11308, 0, 'T');

-- --------------------------------------------------------

--
-- Table structure for table `acc_closing`
--

CREATE TABLE `acc_closing` (
  `cyear` int(11) NOT NULL COMMENT 'TRIAL',
  `cdate` datetime DEFAULT NULL COMMENT 'TRIAL',
  `trial572` char(1) DEFAULT NULL COMMENT 'TRIAL'
) ENGINE=InnoDB DEFAULT CHARSET=utf8mb4 COLLATE=utf8mb4_general_ci COMMENT='TRIAL';

-- --------------------------------------------------------

--
-- Table structure for table `acc_closing_vchrs`
--

CREATE TABLE `acc_closing_vchrs` (
  `vchr_serial` int(11) NOT NULL COMMENT 'TRIAL',
  `trial572` char(1) DEFAULT NULL COMMENT 'TRIAL'
) ENGINE=InnoDB DEFAULT CHARSET=utf8mb4 COLLATE=utf8mb4_general_ci COMMENT='TRIAL';

-- --------------------------------------------------------

--
-- Table structure for table `acc_companies`
--

CREATE TABLE `acc_companies` (
  `company_id` int(11) NOT NULL COMMENT 'TRIAL',
  `dsc` varchar(120) DEFAULT NULL COMMENT 'TRIAL',
  `edsc` varchar(120) DEFAULT NULL COMMENT 'TRIAL',
  `trial572` char(1) DEFAULT NULL COMMENT 'TRIAL'
) ENGINE=InnoDB DEFAULT CHARSET=utf8mb4 COLLATE=utf8mb4_general_ci COMMENT='TRIAL';

--
-- Dumping data for table `acc_companies`
--

INSERT INTO `acc_companies` (`company_id`, `dsc`, `edsc`, `trial572`) VALUES
(1, 'الشركة الرئيسة', 'Main Company', 'T');

-- --------------------------------------------------------

--
-- Table structure for table `acc_fin_reports`
--

CREATE TABLE `acc_fin_reports` (
  `report_id` int(11) NOT NULL COMMENT 'TRIAL',
  `name` varchar(40) DEFAULT NULL COMMENT 'TRIAL',
  `crys_rpt_name` varchar(32) DEFAULT NULL COMMENT 'TRIAL',
  `title` varchar(128) DEFAULT NULL COMMENT 'TRIAL',
  `excel_cell` char(2) DEFAULT 'B2' COMMENT 'TRIAL',
  `query` varchar(1024) DEFAULT '' COMMENT 'TRIAL',
  `trial572` char(1) DEFAULT NULL COMMENT 'TRIAL'
) ENGINE=InnoDB DEFAULT CHARSET=utf8mb4 COLLATE=utf8mb4_general_ci COMMENT='TRIAL';

-- --------------------------------------------------------

--
-- Table structure for table `acc_fin_rep_data`
--

CREATE TABLE `acc_fin_rep_data` (
  `rep_id` int(11) DEFAULT NULL COMMENT 'TRIAL',
  `detail_id` int(11) DEFAULT NULL COMMENT 'TRIAL',
  `p1s_bal` double DEFAULT 0 COMMENT 'TRIAL',
  `p1m_debit` double DEFAULT 0 COMMENT 'TRIAL',
  `p1m_credit` double DEFAULT 0 COMMENT 'TRIAL',
  `p1e_bal` double DEFAULT 0 COMMENT 'TRIAL',
  `p2s_bal` double DEFAULT 0 COMMENT 'TRIAL',
  `p2m_debit` double DEFAULT 0 COMMENT 'TRIAL',
  `p2m_credit` double DEFAULT 0 COMMENT 'TRIAL',
  `p2e_bal` double DEFAULT 0 COMMENT 'TRIAL',
  `ac_no` char(8) DEFAULT NULL COMMENT 'TRIAL',
  `typ` int(11) DEFAULT NULL COMMENT 'TRIAL',
  `source` int(11) DEFAULT NULL COMMENT 'TRIAL',
  `add_sub` int(11) DEFAULT NULL COMMENT 'TRIAL',
  `trial572` char(1) DEFAULT NULL COMMENT 'TRIAL'
) ENGINE=InnoDB DEFAULT CHARSET=utf8mb4 COLLATE=utf8mb4_general_ci COMMENT='TRIAL';

-- --------------------------------------------------------

--
-- Table structure for table `acc_fin_user_vals`
--

CREATE TABLE `acc_fin_user_vals` (
  `val_id` char(8) NOT NULL COMMENT 'TRIAL',
  `dsc` varchar(128) DEFAULT NULL COMMENT 'TRIAL',
  `p1s_bal` double DEFAULT 0 COMMENT 'TRIAL',
  `p1m_debit` double DEFAULT 0 COMMENT 'TRIAL',
  `p1m_credit` double DEFAULT 0 COMMENT 'TRIAL',
  `p1e_bal` double DEFAULT 0 COMMENT 'TRIAL',
  `p2s_bal` double DEFAULT 0 COMMENT 'TRIAL',
  `p2m_debit` double DEFAULT 0 COMMENT 'TRIAL',
  `p2m_credit` double DEFAULT 0 COMMENT 'TRIAL',
  `p2e_bal` double DEFAULT 0 COMMENT 'TRIAL',
  `used_fields` int(11) DEFAULT 255 COMMENT 'TRIAL',
  `trial576` char(1) DEFAULT NULL COMMENT 'TRIAL'
) ENGINE=InnoDB DEFAULT CHARSET=utf8mb4 COLLATE=utf8mb4_general_ci COMMENT='TRIAL';

-- --------------------------------------------------------

--
-- Table structure for table `acc_functions`
--

CREATE TABLE `acc_functions` (
  `fn_id` int(11) NOT NULL COMMENT 'TRIAL',
  `fn` char(32) DEFAULT NULL COMMENT 'TRIAL',
  `fn_type` varchar(12) DEFAULT NULL COMMENT 'TRIAL',
  `dsc` varchar(80) DEFAULT NULL COMMENT 'TRIAL',
  `trial576` char(1) DEFAULT NULL COMMENT 'TRIAL'
) ENGINE=InnoDB DEFAULT CHARSET=utf8mb4 COLLATE=utf8mb4_general_ci COMMENT='TRIAL';

--
-- Dumping data for table `acc_functions`
--

INSERT INTO `acc_functions` (`fn_id`, `fn`, `fn_type`, `dsc`, `trial576`) VALUES
(0, 'non', 'non', 'no corresbonding function', 'T'),
(1, 'sSettings', 'SF', 'إعدادات', 'T'),
(2, 'sRoles', 'SF', 'صلاحيات المستخدمين', 'T'),
(3, 'sUsers', 'SF', 'المستخدمين', 'T'),
(4, 'sChanegPass', 'SF', 'تغيير كلمة السر', 'T'),
(5, 'sExit', 'F', 'خروج', 'T'),
(6, 'sAccounts', 'SF', 'شجرة الحسابات', 'T'),
(7, 'sChartOfAccount', 'SF', 'إستعراض شجرة الحسابات', 'T'),
(8, 'sCurrency', 'SF', 'العملات', 'T'),
(9, 'sReps', 'SF', 'المندوبين', 'T'),
(10, 'sAssetTypes', 'SF', 'أنواع الأصول الثابتة', 'T'),
(11, 'sAssets', 'SF', 'الأصول الثابتة', 'T'),
(12, 'sAutoDepr', 'SF', 'قيد الإستهلاكات', 'T'),
(13, 'dInsertVouchers', 'MD', 'سندات اليومية', 'T'),
(14, 'dInsertPayCheques', 'MD', 'سندات صرف شيكات', 'T'),
(15, 'dIncomingcheques', 'MD', 'سندات قبض شيكات', 'T'),
(16, 'dGettingComingcheques', 'MD', 'معالجة شيكات برسم التحصيل', 'T'),
(17, 'dProcessPayCheques', 'MD', 'معالجة شيكات آجلة الدفع', 'T'),
(18, 'rfQVouchersList', 'RF', 'كشف سندات اليومية -مختصر', 'T'),
(19, 'rfNonPostedVouchers', 'RF', 'كشف سندات اليومية', 'T'),
(20, 'rfUnPostedPaidCheques', 'RF', 'كشف الشيكات المدفوعة', 'T'),
(21, 'rfNonPostedCheques', 'RF', 'كشف سندات الشيكات', 'T'),
(22, 'rfNonPostedChqrocess', 'RF', 'كشف سندات معالجة شيكات', 'T'),
(23, 'rfNonPostedAccountReports', 'RF', 'كشف حساب قبل الترحيل', 'T'),
(24, 'rfNonPostedReviewBalance', 'RF', 'ميزان مراجعة قبل الترحيل', 'T'),
(25, 'rfChequeInquiry', 'RF', 'الإستعلام عن شيك', 'T'),
(26, 'sMoveTrans', 'RF', 'ترحيل سندات اليومية', 'T'),
(27, 'sMoveCheques', 'RF', 'ترحيل سندات  شيكات', 'T'),
(28, 'sPostChequeProcess', 'RF', 'ترحيل سندات معالجة شيكات', 'T'),
(29, 'rfPostedVouchers3', 'RF', 'طباعة سندات القيد', 'T'),
(30, 'rfPostedVouchers2', 'RF', 'طباعة سندات الصرف', 'T'),
(31, 'rfPostedVouchers1', 'RF', 'طباعة سندات القبض', 'T'),
(32, 'rfPrintPayCheques', 'RF', 'طباعة الشيكات', 'T'),
(33, 'rfAccountsNames', 'RF', 'كشف أسماء الحسابات', 'T'),
(34, 'rfAccountsBalances', 'RF', 'كشف أرصدة مجموعة من الحسابات', 'T'),
(35, 'rfAccountsBalancesfor', 'RF', 'كشف أرصدة مجموعة من الحسابات /أجنبي', 'T'),
(36, 'rfAccountReports', 'RF', 'كشوف حساب من رقم الى رقم', 'T'),
(37, 'rfPostedReviewBalance', 'RF', 'ميزان المراجعة', 'T'),
(38, 'rfPostedIncomingCheques', 'RF', 'كشف شيكات برسم التحصيل', 'T'),
(39, 'rfPostedOutGoingCheques', 'RF', 'كشف شيكات مؤجلة الدفع', 'T'),
(40, 'rfPostedPaidCheques', 'RF', 'كشف الشيكات المدفوعة', 'T'),
(41, 'rfJournalByDate', 'RF', 'اليومية العامة حسب التاريخ', 'T'),
(42, 'rfJournalByNo', 'RF', 'اليومية العامة حسب أرقام السندات', 'T'),
(43, 'sAbout', 'SF', 'حول النظام', 'T'),
(44, 'rfNonPostedDailyVchrs', 'RF', 'طباعة سندات القيد قبل الترحيل', 'T'),
(45, 'sAutoUnDepr', 'SF', 'قيد عكس الإستهلاكات', 'T'),
(46, 'rfAssets', 'RF', 'كشف الأصول الثابتة', 'T'),
(47, 'rfAssetsTrans', 'RF', 'كشف قيود الإستهلاكات', 'T'),
(48, 'rfNonPostedDailyVchrs', 'RF', 'طباعة سندات القيد قبل الترحيل', 'T'),
(49, 'rfPrintPOSDebitNote', 'RF', 'طباعة مذكرة زيادة حساب نقطة بيع', 'T'),
(50, 'rfPrintPOSDebitCpy', 'RF', 'اعادة طباعة مذكرة زيادة حساب نقطة بيع', 'T'),
(51, 'sAccGroups', 'SF', 'إدخال تعديل المجموعات', 'T'),
(52, 'rfNonPostedGrpAccRep', 'SF', 'كشف حساب مجموعة حسابات', 'T'),
(53, 'rfGrpAccRep', 'SF', 'كشف حساب مجموعة', 'T'),
(54, 'sPrivKeysDsc', 'SF', 'مسميات مفاتيح البيانات', 'T'),
(55, 'rfAccountInquiry', 'SF', 'الإستفسار عن الحسابات', 'T'),
(56, 'sUpdateKeys', 'SF', 'مفاتيح البيانات على الحسابات ', 'T'),
(58, 'rfCCRep', 'SF', 'كشف حركات مراكز الكلف', 'T'),
(59, 'sCostCenters', 'SF', 'مراكز الكلف', 'T'),
(62, 'sChkSequences', 'SF', 'تدقيق تسلسل ارقام السندات', 'T'),
(63, 'rfAgingRep', 'RF', 'كشف أعمار الذمم', 'T'),
(64, 'rfUnPostedAgingRep', 'RF', 'كشف أعمار الذمم-قبل الترحيل', 'T'),
(65, 'rfPayChqInquiry', 'RF', 'البحث في الشيكات مؤجلة الدفع', 'T'),
(66, 'sClosingDate', 'SF', 'تاريخ الاقفال للسنة المالية', 'T'),
(67, 'sFinReports', 'SF', 'تعريفات التقارير الختامية ', 'T'),
(68, 'sShowFinRep', 'RF', 'التقارير الختامية ', 'T'),
(69, 'sFinUserVals', 'SF', 'قيم المستخدم للتقارير الختامية', 'T'),
(70, 'sCompsnies', 'SF', 'الشركات التابعة ', 'T'),
(71, 'sClosingVchr', 'SF', 'تحديد قيود الإقفال', 'T'),
(72, 'mdBills', 'MD', 'فاتورة خدمات', 'T'),
(73, 'sPrintUNPostCLBill', 'SF', 'فواتير الخدمات قبل الترحيل', 'T'),
(74, 'sPostCLBill', 'SF', ' ترحيل فواتير الخدمات ', 'T'),
(75, 'sPrintCLBill', 'SF', ' طباعة فواتير الخدمات ', 'T'),
(76, 'rfChkAgingRep', 'SF', 'تحليل الشيكات برسم التحصيل ', 'T'),
(77, 'rfChkAgingRep', 'RF', 'كشف تحليل الشيكات برسم التحصيل', 'T'),
(78, 'sApproveTrans', 'post', ' المصادقة على السندات اليومية', 'T'),
(79, 'sApproveCheques', 'post', ' المصادقة على سندات الشيكات', 'T'),
(80, 'sApproveChequeProcess', 'post', ' المصادقة على سندات المعالجة', 'T'),
(201, 'rfAccRep1', 'RF', 'تقرير عمولة التحصيل', 'T'),
(202, 'rfAccRep2', 'RF', 'تقارير محاسبية مخصصة', 'T'),
(203, 'rfAccRep3', 'RF', 'تقارير محاسبية مخصصة', 'T'),
(204, 'rfAccRep4', 'RF', 'تقارير محاسبية مخصصة', 'T'),
(205, 'rfAccRep5', 'RF', 'تقارير محاسبية مخصصة', 'T'),
(206, 'rfAccRep6', 'RF', 'تقارير محاسبية مخصصة', 'T'),
(207, 'rfAccRep7', 'RF', 'تقارير محاسبية مخصصة', 'T'),
(208, 'rfAccRep8', 'RF', 'تقارير محاسبية مخصصة', 'T'),
(209, 'rfAccRep9', 'RF', 'تقارير محاسبية مخصصة', 'T'),
(210, 'rfAccRep10', 'RF', 'تقارير محاسبية مخصصة', 'T'),
(211, 'rfAccRep11', 'RF', 'تقارير محاسبية مخصصة', 'T'),
(212, 'rfAccRep12', 'RF', 'تقارير محاسبية مخصصة', 'T'),
(213, 'rfAccGenRep1', 'RF', 'تقارير تحليلية مخصصة ', 'T'),
(214, 'rfAccGenRep2', 'RF', 'تقارير تحليلية مخصصة ', 'T'),
(215, 'rfAccGenRep3', 'RF', 'تقارير تحليلية مخصصة ', 'T'),
(216, 'rfAccGenRep4', 'RF', 'تقارير تحليلية مخصصة ', 'T'),
(217, 'rfAccGenRep5', 'RF', 'تقارير تحليلية مخصصة ', 'T'),
(218, 'rfAccGenRep6', 'RF', 'تقارير تحليلية مخصصة ', 'T'),
(219, 'rfAccGenRep7', 'RF', 'تقارير تحليلية مخصصة ', 'T'),
(220, 'rfAccGenRep8', 'RF', 'تقارير تحليلية مخصصة ', 'T'),
(221, 'rfAccGenRep9', 'RF', 'تقارير تحليلية مخصصة ', 'T'),
(222, 'rfAccGenRep10', 'RF', 'تقارير تحليلية مخصصة ', 'T');

-- --------------------------------------------------------

--
-- Table structure for table `acc_menus`
--

CREATE TABLE `acc_menus` (
  `id` int(11) NOT NULL COMMENT 'TRIAL',
  `fn_id` int(11) DEFAULT NULL COMMENT 'TRIAL',
  `enabled` char(1) DEFAULT 'Y' COMMENT 'TRIAL',
  `visible` char(1) DEFAULT 'Y' COMMENT 'TRIAL',
  `ord` int(11) DEFAULT NULL COMMENT 'TRIAL',
  `parent` int(11) DEFAULT NULL COMMENT 'TRIAL',
  `caption` varchar(80) DEFAULT NULL COMMENT 'TRIAL',
  `ecaption` varchar(80) DEFAULT '' COMMENT 'TRIAL',
  `trial576` char(1) DEFAULT NULL COMMENT 'TRIAL'
) ENGINE=InnoDB DEFAULT CHARSET=utf8mb4 COLLATE=utf8mb4_general_ci COMMENT='TRIAL';



-- --------------------------------------------------------

--
-- Table structure for table `acc_operation_transactions`
--

CREATE TABLE `acc_operation_transactions` (
  `id` int(11) DEFAULT NULL COMMENT 'TRIAL',
  `vchr_no` int(11) DEFAULT NULL COMMENT 'TRIAL',
  `line_no` int(11) DEFAULT NULL COMMENT 'TRIAL',
  `tran_date` datetime DEFAULT NULL COMMENT 'TRIAL',
  `ac_no` char(8) DEFAULT NULL COMMENT 'TRIAL',
  `debit` double DEFAULT 0 COMMENT 'TRIAL',
  `credit` double DEFAULT 0 COMMENT 'TRIAL',
  `dsc` varchar(40) DEFAULT NULL COMMENT 'TRIAL',
  `vchr_serial` int(11) DEFAULT NULL COMMENT 'TRIAL',
  `status` char(1) DEFAULT 'N' COMMENT 'TRIAL',
  `trial576` char(1) DEFAULT NULL COMMENT 'TRIAL'
) ENGINE=InnoDB DEFAULT CHARSET=utf8mb4 COLLATE=utf8mb4_general_ci COMMENT='TRIAL';

-- --------------------------------------------------------

--
-- Table structure for table `acc_privileges`
--

CREATE TABLE `acc_privileges` (
  `id` bigint(11) NOT NULL COMMENT 'TRIAL',
  `menu_id` int(11) DEFAULT NULL COMMENT 'TRIAL',
  `enabled` char(1) DEFAULT 'N' COMMENT 'TRIAL',
  `role_no` bigint(20) DEFAULT NULL COMMENT 'TRIAL',
  `trial576` char(1) DEFAULT NULL COMMENT 'TRIAL'
) ENGINE=InnoDB DEFAULT CHARSET=utf8mb4 COLLATE=utf8mb4_general_ci COMMENT='TRIAL';

--
-- Dumping data for table `acc_privileges`
--

INSERT INTO `acc_privileges` (`id`, `menu_id`, `enabled`, `role_no`, `trial576`) VALUES
(1, 1, 'Y', 1, 'T'),
(2, 2, 'Y', 1, 'T'),
(3, 3, 'Y', 1, 'T'),
(4, 4, 'Y', 1, 'T'),
(5, 5, 'Y', 1, 'T'),
(6, 6, 'Y', 1, 'T'),
(7, 7, 'Y', 1, 'T'),
(8, 8, 'Y', 1, 'T'),
(9, 9, 'N', 1, 'T'),
(10, 10, 'Y', 1, 'T'),
(11, 11, 'N', 1, 'T'),
(12, 12, 'N', 1, 'T'),
(13, 13, 'Y', 1, 'T'),
(14, 14, 'Y', 1, 'T'),
(15, 15, 'N', 1, 'T'),
(16, 16, 'N', 1, 'T'),
(17, 17, 'N', 1, 'T'),
(21, 21, 'Y', 1, 'T'),
(22, 22, 'Y', 1, 'T'),
(23, 23, 'Y', 1, 'T'),
(26, 26, 'Y', 1, 'T'),
(27, 27, 'Y', 1, 'T'),
(29, 29, 'Y', 1, 'T'),
(31, 31, 'Y', 1, 'T'),
(32, 32, 'Y', 1, 'T'),
(34, 34, 'Y', 1, 'T'),
(35, 35, 'Y', 1, 'T'),
(37, 37, 'Y', 1, 'T'),
(38, 38, 'Y', 1, 'T'),
(39, 39, 'Y', 1, 'T'),
(41, 41, 'Y', 1, 'T'),
(42, 42, 'Y', 1, 'T'),
(44, 44, 'Y', 1, 'T'),
(45, 45, 'Y', 1, 'T'),
(49, 49, 'Y', 1, 'T'),
(50, 50, 'Y', 1, 'T'),
(51, 51, 'Y', 1, 'T'),
(52, 52, 'Y', 1, 'T'),
(59, 59, 'N', 1, 'T'),
(60, 60, 'Y', 1, 'T'),
(61, 61, 'Y', 1, 'T'),
(62, 62, 'N', 1, 'T'),
(63, 63, 'N', 1, 'T'),
(127, 64, 'N', 1, 'T'),
(328, 68, 'Y', 1, 'T'),
(333, 69, 'Y', 1, 'T'),
(344, 72, 'Y', 1, 'T'),
(349, 73, 'Y', 1, 'T'),
(2022, 205, 'Y', 1, 'T'),
(2027, 206, 'Y', 1, 'T'),
(2216, 2, 'N', 2, NULL),
(2220, 4, 'Y', 2, NULL),
(2222, 1, 'N', 2, NULL),
(2223, 3, 'N', 2, NULL),
(2224, 5, 'N', 2, NULL),
(2225, 6, 'N', 2, NULL),
(2226, 7, 'N', 2, NULL),
(2227, 8, 'N', 2, NULL),
(2228, 9, 'N', 2, NULL),
(2229, 10, 'N', 2, NULL),
(2230, 11, 'N', 2, NULL),
(2231, 12, 'N', 2, NULL),
(2232, 13, 'N', 2, NULL),
(2233, 14, 'N', 2, NULL),
(2234, 15, 'N', 2, NULL),
(2235, 16, 'N', 2, NULL),
(2236, 17, 'N', 2, NULL),
(2237, 21, 'N', 2, NULL),
(2238, 22, 'N', 2, NULL),
(2239, 23, 'N', 2, NULL),
(2240, 26, 'Y', 2, NULL),
(2241, 27, 'N', 2, NULL),
(2242, 29, 'Y', 2, NULL),
(2243, 31, 'N', 2, NULL),
(2244, 32, 'N', 2, NULL),
(2245, 34, 'N', 2, NULL),
(2246, 35, 'N', 2, NULL),
(2247, 37, 'N', 2, NULL),
(2248, 38, 'N', 2, NULL),
(2249, 39, 'N', 2, NULL),
(2250, 41, 'N', 2, NULL),
(2251, 42, 'N', 2, NULL),
(2252, 44, 'N', 2, NULL),
(2253, 45, 'N', 2, NULL),
(2254, 49, 'N', 2, NULL),
(2255, 50, 'N', 2, NULL),
(2256, 51, 'N', 2, NULL),
(2257, 52, 'N', 2, NULL),
(2258, 59, 'N', 2, NULL),
(2259, 60, 'N', 2, NULL),
(2260, 61, 'N', 2, NULL),
(2261, 62, 'N', 2, NULL),
(2262, 63, 'N', 2, NULL),
(2263, 64, 'N', 2, NULL),
(2264, 68, 'N', 2, NULL),
(2265, 69, 'N', 2, NULL),
(2266, 72, 'N', 2, NULL),
(2267, 73, 'N', 2, NULL),
(2268, 205, 'N', 2, NULL),
(2269, 206, 'N', 2, NULL),
(2270, 223, 'N', 2, NULL),
(2271, 224, 'N', 2, NULL),
(2272, 225, 'N', 2, NULL),
(2273, 226, 'N', 2, NULL),
(2274, 1, 'Y', 3, NULL),
(2275, 2, 'N', 3, NULL),
(2276, 3, 'N', 3, NULL),
(2277, 4, 'N', 3, NULL),
(2278, 5, 'N', 3, NULL),
(2279, 6, 'N', 3, NULL),
(2280, 7, 'N', 3, NULL),
(2281, 8, 'N', 3, NULL),
(2282, 9, 'N', 3, NULL),
(2283, 10, 'Y', 3, NULL),
(2284, 11, 'N', 3, NULL),
(2285, 12, 'N', 3, NULL),
(2286, 13, 'N', 3, NULL),
(2287, 14, 'N', 3, NULL),
(2288, 15, 'N', 3, NULL),
(2289, 16, 'N', 3, NULL),
(2290, 17, 'N', 3, NULL),
(2291, 21, 'N', 3, NULL),
(2292, 22, 'N', 3, NULL),
(2293, 23, 'N', 3, NULL),
(2294, 26, 'N', 3, NULL),
(2295, 27, 'N', 3, NULL),
(2296, 29, 'N', 3, NULL),
(2297, 31, 'N', 3, NULL),
(2298, 32, 'N', 3, NULL),
(2299, 34, 'N', 3, NULL),
(2300, 35, 'N', 3, NULL),
(2301, 37, 'N', 3, NULL),
(2302, 38, 'N', 3, NULL),
(2303, 39, 'N', 3, NULL),
(2304, 41, 'N', 3, NULL),
(2305, 42, 'N', 3, NULL),
(2306, 44, 'N', 3, NULL),
(2307, 45, 'N', 3, NULL),
(2308, 49, 'N', 3, NULL),
(2309, 50, 'N', 3, NULL),
(2310, 51, 'N', 3, NULL),
(2311, 52, 'N', 3, NULL),
(2312, 59, 'N', 3, NULL),
(2313, 60, 'N', 3, NULL),
(2314, 61, 'N', 3, NULL),
(2315, 62, 'N', 3, NULL),
(2316, 63, 'N', 3, NULL),
(2317, 64, 'N', 3, NULL),
(2318, 68, 'N', 3, NULL),
(2319, 69, 'N', 3, NULL),
(2320, 72, 'N', 3, NULL),
(2321, 73, 'N', 3, NULL),
(2322, 205, 'N', 3, NULL),
(2323, 206, 'N', 3, NULL),
(2324, 223, 'N', 3, NULL),
(2325, 224, 'N', 3, NULL),
(2326, 225, 'N', 3, NULL),
(2327, 226, 'N', 3, NULL),
(2328, 1, 'Y', 4, NULL),
(2329, 2, 'Y', 4, NULL),
(2330, 3, 'Y', 4, NULL),
(2331, 4, 'Y', 4, NULL),
(2332, 5, 'Y', 4, NULL),
(2333, 6, 'Y', 4, NULL),
(2334, 7, 'Y', 4, NULL),
(2335, 8, 'Y', 4, NULL),
(2336, 9, 'Y', 4, NULL),
(2337, 10, 'Y', 4, NULL),
(2338, 11, 'Y', 4, NULL),
(2339, 12, 'Y', 4, NULL),
(2340, 13, 'Y', 4, NULL),
(2341, 14, 'Y', 4, NULL),
(2342, 15, 'Y', 4, NULL),
(2343, 16, 'Y', 4, NULL),
(2344, 17, 'Y', 4, NULL),
(2345, 21, 'Y', 4, NULL),
(2346, 22, 'Y', 4, NULL),
(2347, 23, 'Y', 4, NULL),
(2348, 26, 'Y', 4, NULL),
(2349, 27, 'Y', 4, NULL),
(2350, 29, 'Y', 4, NULL),
(2351, 31, 'Y', 4, NULL),
(2352, 32, 'Y', 4, NULL),
(2353, 34, 'Y', 4, NULL),
(2354, 35, 'Y', 4, NULL),
(2355, 37, 'Y', 4, NULL),
(2356, 38, 'Y', 4, NULL),
(2357, 39, 'Y', 4, NULL),
(2358, 41, 'Y', 4, NULL),
(2359, 42, 'Y', 4, NULL),
(2360, 44, 'Y', 4, NULL),
(2361, 45, 'Y', 4, NULL),
(2362, 49, 'Y', 4, NULL),
(2363, 50, 'Y', 4, NULL),
(2364, 51, 'Y', 4, NULL),
(2365, 52, 'Y', 4, NULL),
(2366, 59, 'Y', 4, NULL),
(2367, 60, 'Y', 4, NULL),
(2368, 61, 'Y', 4, NULL),
(2369, 62, 'Y', 4, NULL),
(2370, 63, 'Y', 4, NULL),
(2371, 64, 'Y', 4, NULL),
(2372, 68, 'Y', 4, NULL),
(2373, 69, 'Y', 4, NULL),
(2374, 72, 'Y', 4, NULL),
(2375, 73, 'Y', 4, NULL),
(2376, 205, 'Y', 4, NULL),
(2377, 206, 'Y', 4, NULL),
(2378, 223, 'N', 4, NULL),
(2379, 224, 'N', 4, NULL),
(2380, 225, 'N', 4, NULL),
(2381, 226, 'N', 4, NULL),
(2382, 1, 'N', 5, NULL),
(2383, 2, 'N', 5, NULL),
(2384, 3, 'N', 5, NULL),
(2385, 4, 'N', 5, NULL),
(2386, 5, 'N', 5, NULL),
(2387, 6, 'N', 5, NULL),
(2388, 7, 'Y', 5, NULL),
(2389, 8, 'Y', 5, NULL),
(2390, 9, 'N', 5, NULL),
(2391, 10, 'N', 5, NULL),
(2392, 11, 'N', 5, NULL),
(2393, 12, 'N', 5, NULL),
(2394, 13, 'N', 5, NULL),
(2395, 14, 'N', 5, NULL),
(2396, 15, 'N', 5, NULL),
(2397, 16, 'N', 5, NULL),
(2398, 17, 'N', 5, NULL),
(2399, 21, 'N', 5, NULL),
(2400, 22, 'N', 5, NULL),
(2401, 23, 'N', 5, NULL),
(2402, 26, 'N', 5, NULL),
(2403, 27, 'N', 5, NULL),
(2404, 29, 'N', 5, NULL),
(2405, 31, 'N', 5, NULL),
(2406, 32, 'N', 5, NULL),
(2407, 34, 'N', 5, NULL),
(2408, 35, 'N', 5, NULL),
(2409, 37, 'N', 5, NULL),
(2410, 38, 'N', 5, NULL),
(2411, 39, 'N', 5, NULL),
(2412, 41, 'Y', 5, NULL),
(2413, 42, 'Y', 5, NULL),
(2414, 44, 'Y', 5, NULL),
(2415, 45, 'Y', 5, NULL),
(2416, 49, 'N', 5, NULL),
(2417, 50, 'Y', 5, NULL),
(2418, 51, 'Y', 5, NULL),
(2419, 52, 'N', 5, NULL),
(2420, 59, 'N', 5, NULL),
(2421, 60, 'N', 5, NULL),
(2422, 61, 'N', 5, NULL),
(2423, 62, 'N', 5, NULL),
(2424, 63, 'N', 5, NULL),
(2425, 64, 'N', 5, NULL),
(2426, 68, 'N', 5, NULL),
(2427, 69, 'N', 5, NULL),
(2428, 72, 'N', 5, NULL),
(2429, 73, 'N', 5, NULL),
(2430, 205, 'Y', 5, NULL),
(2431, 206, 'Y', 5, NULL),
(2432, 223, 'N', 5, NULL),
(2433, 224, 'N', 5, NULL),
(2434, 225, 'N', 5, NULL),
(2435, 226, 'N', 5, NULL),
(2436, 223, 'N', 1, NULL),
(2437, 224, 'N', 1, NULL),
(2438, 225, 'N', 1, NULL),
(2439, 226, 'N', 1, NULL);

-- --------------------------------------------------------

--
-- Table structure for table `acc_report_details`
--

CREATE TABLE `acc_report_details` (
  `detail_id` int(11) NOT NULL COMMENT 'TRIAL',
  `report_id` int(11) DEFAULT NULL COMMENT 'TRIAL',
  `line_no` int(11) DEFAULT 1 COMMENT 'TRIAL',
  `dsc` varchar(126) DEFAULT NULL COMMENT 'TRIAL',
  `side` char(1) DEFAULT 'S' COMMENT 'TRIAL',
  `suppress` char(1) DEFAULT 'N' COMMENT 'TRIAL',
  `align` char(1) DEFAULT 'R' COMMENT 'TRIAL',
  `bold` char(1) DEFAULT 'N' COMMENT 'TRIAL',
  `uline` char(1) DEFAULT 'N' COMMENT 'TRIAL',
  `font_size` int(11) DEFAULT 0 COMMENT 'TRIAL',
  `group_no` char(8) DEFAULT NULL COMMENT 'TRIAL',
  `pass` int(11) DEFAULT 999 COMMENT 'TRIAL',
  `top` int(11) DEFAULT 0 COMMENT 'TRIAL',
  `bottom` int(11) DEFAULT 0 COMMENT 'TRIAL',
  `npage` int(11) DEFAULT 0 COMMENT 'TRIAL',
  `trial576` char(1) DEFAULT NULL COMMENT 'TRIAL'
) ENGINE=InnoDB DEFAULT CHARSET=utf8mb4 COLLATE=utf8mb4_general_ci COMMENT='TRIAL';

-- --------------------------------------------------------

--
-- Table structure for table `acc_roles`
--

CREATE TABLE `acc_roles` (
  `role_no` bigint(20) NOT NULL COMMENT 'TRIAL',
  `role_name_en` varchar(255) DEFAULT NULL COMMENT 'TRIAL',
  `role_name_ar` varchar(255) DEFAULT NULL COMMENT 'TRIAL',
  `grant_keys` tinyint(1) DEFAULT NULL COMMENT 'TRIAL',
  `created_at` timestamp NOT NULL DEFAULT current_timestamp(),
  `updated_at` timestamp NOT NULL DEFAULT current_timestamp(),
  `deleted_at` timestamp NULL DEFAULT NULL
) ENGINE=InnoDB DEFAULT CHARSET=utf8mb4 COLLATE=utf8mb4_general_ci COMMENT='TRIAL';

--
-- Dumping data for table `acc_roles`
--

INSERT INTO `acc_roles` (`role_no`, `role_name_en`, `role_name_ar`, `grant_keys`, `created_at`, `updated_at`, `deleted_at`) VALUES
(1, 'Admin', 'مسؤول النظام', 0, '2023-05-24 08:38:10', '2023-05-24 08:38:10', NULL),
(2, 'supervisor of warehouse', 'مشرف المستودعات', 1, '2023-05-24 10:07:58', '2023-05-24 10:07:58', NULL),
(3, 'supervisor of warehouse 2', 'مشرف المستودعات 2', 1, '2023-05-24 11:59:34', '2023-05-24 11:59:34', NULL),
(4, 'supervisor of warehouse 2', 'مشرف المستودعات 2', NULL, '2023-05-29 12:47:41', '2023-05-29 12:47:41', NULL),
(5, 'supervisor of warehouse 2', 'مشرف المستودعات 2', NULL, '2023-05-29 12:48:25', '2023-05-29 12:48:25', NULL);

-- --------------------------------------------------------

--
-- Table structure for table `acc_segments`
--

CREATE TABLE `acc_segments` (
  `id` int(11) NOT NULL COMMENT 'TRIAL',
  `fromd` int(11) DEFAULT NULL COMMENT 'TRIAL',
  `tod` int(11) DEFAULT NULL COMMENT 'TRIAL',
  `dsc` varchar(64) DEFAULT NULL COMMENT 'TRIAL',
  `prnttod` int(11) DEFAULT NULL COMMENT 'TRIAL',
  `prntfrmd` int(11) DEFAULT 0 COMMENT 'TRIAL',
  `prntod` int(11) DEFAULT 0 COMMENT 'TRIAL',
  `trial576` char(1) DEFAULT NULL COMMENT 'TRIAL'
) ENGINE=InnoDB DEFAULT CHARSET=utf8mb4 COLLATE=utf8mb4_general_ci COMMENT='TRIAL';

--
-- Dumping data for table `acc_segments`
--

INSERT INTO `acc_segments` (`id`, `fromd`, `tod`, `dsc`, `prnttod`, `prntfrmd`, `prntod`, `trial576`) VALUES
(1, 1, 2, 'المستوى الأول', 0, 1, 1, 'T'),
(2, 3, 4, 'المستوى الثاني', 2, 3, 2, 'T'),
(3, 4, 6, 'المستوى الثالث', 3, 4, 3, 'T'),
(8, 5, 10, 'المستوى الرابع', 4, 8, 7, 'T');

-- --------------------------------------------------------

--
-- Table structure for table `acc_users`
--

CREATE TABLE `acc_users` (
  `user_no` bigint(20) NOT NULL COMMENT 'TRIAL',
  `username` varchar(255) DEFAULT NULL COMMENT 'TRIAL',
  `upassword` varchar(20) DEFAULT NULL COMMENT 'TRIAL',
  `role_no` bigint(20) DEFAULT NULL COMMENT 'TRIAL',
  `bank_ac` bigint(20) DEFAULT NULL COMMENT 'TRIAL',
  `pd_pay_cheques` bigint(20) DEFAULT NULL COMMENT 'TRIAL',
  `pd_cheques` bigint(20) DEFAULT NULL COMMENT 'TRIAL',
  `rep_no` bigint(11) DEFAULT NULL COMMENT 'TRIAL',
  `cash_ac` bigint(20) DEFAULT NULL COMMENT 'TRIAL',
  `access_all_ac` int(11) DEFAULT 0 COMMENT 'TRIAL',
  `chng_cash` int(11) DEFAULT 0 COMMENT 'TRIAL',
  `chng_bank` int(11) DEFAULT 0 COMMENT 'TRIAL',
  `chng_pd_pay_cheqk` int(11) DEFAULT 0 COMMENT 'TRIAL',
  `chng_pd_cheques` int(11) DEFAULT 0 COMMENT 'TRIAL',
  `chng_rep_no` int(11) DEFAULT 0 COMMENT 'TRIAL',
  `chng_date` int(11) DEFAULT 0 COMMENT 'TRIAL',
  `chng_ac_name` int(11) DEFAULT 0 COMMENT 'TRIAL',
  `access_ac_receivables` int(11) DEFAULT 0 COMMENT 'TRIAL',
  `see_all_reps_acc` int(11) DEFAULT 0 COMMENT 'TRIAL',
  `grant_keys` int(11) DEFAULT 1 COMMENT 'TRIAL',
  `deny_keys` int(11) DEFAULT 0 COMMENT 'TRIAL',
  `default_keys` int(11) DEFAULT 1 COMMENT 'TRIAL',
  `open_ac_st_period` int(11) DEFAULT 1 COMMENT 'TRIAL',
  `can_print_stmnt` int(11) DEFAULT 0 COMMENT 'TRIAL',
  `created_at` timestamp NOT NULL DEFAULT current_timestamp(),
  `updated_at` timestamp NOT NULL DEFAULT current_timestamp(),
  `deleted_at` timestamp NULL DEFAULT NULL
) ENGINE=InnoDB DEFAULT CHARSET=utf8mb4 COLLATE=utf8mb4_general_ci COMMENT='TRIAL';

--
-- Dumping data for table `acc_users`
--

INSERT INTO `acc_users` (`user_no`, `username`, `upassword`, `role_no`, `bank_ac`, `pd_pay_cheques`, `pd_cheques`, `rep_no`, `cash_ac`, `access_all_ac`, `chng_cash`, `chng_bank`, `chng_pd_pay_cheqk`, `chng_pd_cheques`, `chng_rep_no`, `chng_date`, `chng_ac_name`, `access_ac_receivables`, `see_all_reps_acc`, `grant_keys`, `deny_keys`, `default_keys`, `open_ac_st_period`, `can_print_stmnt`, `created_at`, `updated_at`, `deleted_at`) VALUES
(1, 'digisol_1', '12', 1, 32110001, 33120001, 33110001, 1, 22120001, 0, 0, 1, 0, 1, 0, 1, 0, 0, 0, 1, 0, 1, 0, 1, '2023-06-07 09:26:19', '2023-06-19 09:03:21', NULL),
(3, 'digisol_mahmoud_barham_2', 'root', 1, 11110001, 11110001, 11110001, 1, 11110001, 0, 1, 1, 1, 1, 1, 0, 0, 0, 0, 1, 0, 1, 0, 0, '2023-06-07 11:31:17', '2023-06-15 12:47:10', NULL),
(5, 'digisol_digisol_test', '1234', 2, 32110001, 11110001, 33110001, 1, 11110001, 0, 0, 1, 0, 1, 0, 1, 0, 0, 0, 1, 0, 1, 0, 1, '2023-06-15 10:00:37', '2023-06-15 10:00:37', NULL),
(6, 'digisol_digisol_test2', '1234', 2, 32110001, 11110001, 33110001, 1, 11110001, 0, 0, 1, 0, 1, 0, 1, 0, 0, 0, 1, 0, 1, 0, 1, '2023-06-15 10:01:39', '2023-06-15 10:01:39', NULL),
(7, 'digisol_digisol_test1', '1234', 2, 32110001, 11110001, 33110001, 1, 11110001, 0, 0, 1, 0, 1, 0, 1, 0, 0, 0, 1, 0, 1, 0, 1, '2023-06-15 10:02:16', '2023-06-15 10:02:16', NULL),
(8, 'digisol_digisol_aaa', 'aaaaa', 1, 32110001, 11110001, 33110001, 1, 11110001, 0, 0, 1, 0, 1, 0, 1, 0, 0, 0, 1, 0, 1, 1, 1, '2023-06-15 10:31:06', '2023-06-15 10:31:06', NULL),
(9, 'digisol_aldweik', '1', 1, 22120001, 33110001, 33110001, 1, 33120001, 0, 1, 0, 0, 0, 0, 1, 0, 0, 0, 1, 0, 1, 0, 0, '2023-06-15 15:18:04', '2023-06-15 15:18:04', NULL),
(10, 'digisol_ahmadd', '1', 3, 22120001, 33120001, 33110001, 1, 1101010001, 0, 0, 0, 0, 1, 0, 0, 1, 0, 0, 1, 0, 1, 1, 0, '2023-06-21 10:09:21', '2023-06-21 10:09:21', NULL);

-- --------------------------------------------------------

--
-- Table structure for table `acc_user_years`
--

CREATE TABLE `acc_user_years` (
  `id` bigint(20) NOT NULL COMMENT 'TRIAL',
  `user_no` bigint(20) DEFAULT NULL COMMENT 'TRIAL',
  `acc_year` int(11) DEFAULT NULL COMMENT 'TRIAL',
  `created_at` timestamp NOT NULL DEFAULT current_timestamp(),
  `updated_at` timestamp NOT NULL DEFAULT current_timestamp()
) ENGINE=InnoDB DEFAULT CHARSET=utf8mb4 COLLATE=utf8mb4_general_ci COMMENT='TRIAL';

--
-- Dumping data for table `acc_user_years`
--

INSERT INTO `acc_user_years` (`id`, `user_no`, `acc_year`, `created_at`, `updated_at`) VALUES
(328, 4, 2022, '2023-06-15 09:19:05', '2023-06-15 09:19:05'),
(329, 5, 2022, '2023-06-15 10:00:37', '2023-06-15 10:00:37'),
(330, 6, 2022, '2023-06-15 10:01:39', '2023-06-15 10:01:39'),
(331, 7, 2022, '2023-06-15 10:02:16', '2023-06-15 10:02:16'),
(332, 8, 2022, '2023-06-15 10:31:06', '2023-06-15 10:31:06'),
(336, 3, 2014, '2023-06-15 12:47:10', '2023-06-15 12:47:10'),
(337, 3, 2018, '2023-06-15 12:47:10', '2023-06-15 12:47:10'),
(338, 3, 2029, '2023-06-15 12:47:10', '2023-06-15 12:47:10'),
(339, 9, 2022, '2023-06-15 15:18:04', '2023-06-15 15:18:04'),
(340, 1, 2022, '2023-06-19 09:03:21', '2023-06-19 09:03:21'),
(341, 10, 2022, '2023-06-21 10:09:21', '2023-06-21 10:09:21');

-- --------------------------------------------------------

--
-- Table structure for table `acc_voucher_logs`
--

CREATE TABLE `acc_voucher_logs` (
  `id` bigint(20) UNSIGNED NOT NULL,
  `user_id` bigint(20) NOT NULL,
  `vchr_serial` bigint(20) NOT NULL,
  `action` tinyint(4) NOT NULL COMMENT '0: new, 1: update, 2: delete',
  `created_at` timestamp NULL DEFAULT NULL,
  `updated_at` timestamp NULL DEFAULT NULL,
  `deleted_at` timestamp NULL DEFAULT NULL
) ENGINE=InnoDB DEFAULT CHARSET=utf8mb4 COLLATE=utf8mb4_unicode_ci;

--
-- Dumping data for table `acc_voucher_logs`
--

INSERT INTO `acc_voucher_logs` (`id`, `user_id`, `vchr_serial`, `action`, `created_at`, `updated_at`, `deleted_at`) VALUES
(1, 1, 8, 0, '2023-08-07 07:27:38', '2023-08-07 07:27:38', NULL),
(2, 1, 9, 0, '2023-08-07 07:38:39', '2023-08-07 07:38:39', NULL),
(40, 1, 8, 1, '2023-08-07 09:06:11', '2023-08-07 09:06:11', NULL),
(41, 1, 8, 1, '2023-08-07 09:08:58', '2023-08-07 09:08:58', NULL),
(42, 1, 8, 1, '2023-08-07 09:09:28', '2023-08-07 09:09:28', NULL),
(43, 1, 8, 1, '2023-08-07 09:10:21', '2023-08-07 09:10:21', NULL),
(44, 1, 8, 1, '2023-08-07 09:13:04', '2023-08-07 09:13:04', NULL),
(45, 1, 8, 1, '2023-08-07 09:13:36', '2023-08-07 09:13:36', NULL),
(46, 1, 9, 1, '2023-08-07 09:17:50', '2023-08-07 09:17:50', NULL),
(47, 1, 9, 1, '2023-08-07 09:18:52', '2023-08-07 09:18:52', NULL),
(48, 1, 9, 2, '2023-08-07 09:19:53', '2023-08-07 09:19:53', NULL),
(49, 1, 1, 1, '2023-08-07 09:23:56', '2023-08-07 09:23:56', NULL),
(50, 1, 1, 1, '2023-08-07 09:24:08', '2023-08-07 09:24:08', NULL),
(51, 1, 1, 1, '2023-08-07 09:29:15', '2023-08-07 09:29:15', NULL),
(52, 1, 1, 1, '2023-08-07 09:31:05', '2023-08-07 09:31:05', NULL),
(53, 1, 1, 1, '2023-08-07 09:31:07', '2023-08-07 09:31:07', NULL),
(54, 1, 10, 0, '2023-08-07 09:32:38', '2023-08-07 09:32:38', NULL),
(55, 1, 10, 1, '2023-08-07 09:33:12', '2023-08-07 09:33:12', NULL),
(56, 1, 8, 1, '2023-08-07 09:55:57', '2023-08-07 09:55:57', NULL),
(57, 1, 15, 0, '2023-08-22 08:05:06', '2023-08-22 08:05:06', NULL),
(58, 1, 16, 0, '2023-08-22 08:05:48', '2023-08-22 08:05:48', NULL),
(59, 1, 10, 1, '2023-08-22 08:16:10', '2023-08-22 08:16:10', NULL),
(60, 1, 17, 0, '2023-08-22 08:17:06', '2023-08-22 08:17:06', NULL);

-- --------------------------------------------------------

--
-- Table structure for table `ac_neq`
--

CREATE TABLE `ac_neq` (
  `id` int(11) NOT NULL COMMENT 'TRIAL',
  `txtmsg` varchar(256) DEFAULT NULL COMMENT 'TRIAL',
  `ts` datetime DEFAULT NULL COMMENT 'TRIAL',
  `trial576` char(1) DEFAULT NULL COMMENT 'TRIAL'
) ENGINE=InnoDB DEFAULT CHARSET=utf8mb4 COLLATE=utf8mb4_general_ci COMMENT='TRIAL';

-- --------------------------------------------------------

--
-- Table structure for table `ac_user_actions`
--

CREATE TABLE `ac_user_actions` (
  `user_no` char(8) DEFAULT NULL COMMENT 'TRIAL',
  `vchr_serial` int(11) DEFAULT NULL COMMENT 'TRIAL',
  `action_date` datetime DEFAULT NULL COMMENT 'TRIAL',
  `action_type` char(1) DEFAULT NULL COMMENT 'TRIAL',
  `action_id` int(11) NOT NULL COMMENT 'TRIAL',
  `trial576` char(1) DEFAULT NULL COMMENT 'TRIAL'
) ENGINE=InnoDB DEFAULT CHARSET=utf8mb4 COLLATE=utf8mb4_general_ci COMMENT='TRIAL';

--
-- Dumping data for table `ac_user_actions`
--

INSERT INTO `ac_user_actions` (`user_no`, `vchr_serial`, `action_date`, `action_type`, `action_id`, `trial576`) VALUES
('1', -63773, '2022-11-10 20:32:49', 'C', 252550, 'T'),
('1', -63773, '2022-11-20 02:36:02', 'D', 252551, 'T'),
('1', 50242, '2023-03-15 13:32:25', 'C', 252552, 'T'),
('1', 50242, '2023-03-15 13:34:15', 'U', 252553, 'T');

-- --------------------------------------------------------

--
-- Table structure for table `app_settings`
--

CREATE TABLE `app_settings` (
  `id` bigint(20) UNSIGNED NOT NULL,
  `tax` double NOT NULL DEFAULT 0 COMMENT '0: not included, 1: included',
  `app_commission` double NOT NULL,
  `phone_number` varchar(255) NOT NULL,
  `created_at` timestamp NULL DEFAULT NULL,
  `updated_at` timestamp NULL DEFAULT NULL,
  `deleted_at` timestamp NULL DEFAULT NULL
) ENGINE=InnoDB DEFAULT CHARSET=utf8mb4 COLLATE=utf8mb4_unicode_ci;

-- --------------------------------------------------------

--
-- Table structure for table `assets`
--

CREATE TABLE `assets` (
  `asset_dsc` varchar(40) DEFAULT NULL COMMENT 'TRIAL',
  `as_type` varchar(3) DEFAULT NULL COMMENT 'TRIAL',
  `assets_ac_no` varchar(8) DEFAULT NULL COMMENT 'TRIAL',
  `comm_ac_no` varchar(8) DEFAULT NULL COMMENT 'TRIAL',
  `depr_ac_no` varchar(8) DEFAULT NULL COMMENT 'TRIAL',
  `buy_date` datetime DEFAULT NULL COMMENT 'TRIAL',
  `last_depr_date` datetime DEFAULT NULL COMMENT 'TRIAL',
  `asset_no` int(11) NOT NULL COMMENT 'TRIAL',
  `asset_value` double DEFAULT NULL COMMENT 'TRIAL',
  `depr_perc` double DEFAULT NULL COMMENT 'TRIAL',
  `comm_depr` double DEFAULT NULL COMMENT 'TRIAL',
  `stop_depr` double DEFAULT NULL COMMENT 'TRIAL',
  `ldm` datetime DEFAULT current_timestamp() COMMENT 'TRIAL',
  `place` varchar(100) DEFAULT NULL COMMENT 'TRIAL',
  `qty` int(11) DEFAULT NULL COMMENT 'TRIAL',
  `damged_qty` int(11) DEFAULT NULL COMMENT 'TRIAL',
  `comm_depr_damged` double DEFAULT 0 COMMENT 'TRIAL',
  `trial576` char(1) DEFAULT NULL COMMENT 'TRIAL'
) ENGINE=InnoDB DEFAULT CHARSET=utf8mb4 COLLATE=utf8mb4_general_ci COMMENT='TRIAL';

-- --------------------------------------------------------

--
-- Table structure for table `as_types`
--

CREATE TABLE `as_types` (
  `as_type` varchar(3) NOT NULL COMMENT 'TRIAL',
  `as_ac_no` varchar(8) DEFAULT NULL COMMENT 'TRIAL',
  `comm_ac_no` varchar(8) DEFAULT NULL COMMENT 'TRIAL',
  `depr_ac_no` varchar(8) DEFAULT NULL COMMENT 'TRIAL',
  `as_type_dsc` varchar(40) DEFAULT NULL COMMENT 'TRIAL',
  `depr_perc` double DEFAULT NULL COMMENT 'TRIAL',
  `diff_asset_acc` char(1) DEFAULT 'N' COMMENT 'TRIAL',
  `trial576` char(1) DEFAULT NULL COMMENT 'TRIAL'
) ENGINE=InnoDB DEFAULT CHARSET=utf8mb4 COLLATE=utf8mb4_general_ci COMMENT='TRIAL';

-- --------------------------------------------------------

--
-- Table structure for table `balances`
--

CREATE TABLE `balances` (
  `ac_no` char(8) DEFAULT NULL COMMENT 'TRIAL',
  `bal_date` datetime DEFAULT NULL COMMENT 'TRIAL',
  `debit` double DEFAULT 0 COMMENT 'TRIAL',
  `credit` double DEFAULT 0 COMMENT 'TRIAL',
  `balance` double DEFAULT 0 COMMENT 'TRIAL',
  `trial576` char(1) DEFAULT NULL COMMENT 'TRIAL'
) ENGINE=InnoDB DEFAULT CHARSET=utf8mb4 COLLATE=utf8mb4_general_ci COMMENT='TRIAL';

-- --------------------------------------------------------

--
-- Table structure for table `balbak`
--

CREATE TABLE `balbak` (
  `ac_no` char(8) DEFAULT NULL COMMENT 'TRIAL',
  `balance` double DEFAULT NULL COMMENT 'TRIAL',
  `ibal` double DEFAULT NULL COMMENT 'TRIAL',
  `trial576` char(1) DEFAULT NULL COMMENT 'TRIAL'
) ENGINE=InnoDB DEFAULT CHARSET=utf8mb4 COLLATE=utf8mb4_general_ci COMMENT='TRIAL';

-- --------------------------------------------------------

--
-- Table structure for table `barcodes`
--

CREATE TABLE `barcodes` (
  `barcode` char(25) NOT NULL COMMENT 'TRIAL',
  `item_no` char(12) DEFAULT NULL COMMENT 'TRIAL',
  `autoadd` int(11) DEFAULT 0 COMMENT 'TRIAL',
  `trial576` char(1) DEFAULT NULL COMMENT 'TRIAL'
) ENGINE=InnoDB DEFAULT CHARSET=utf8mb4 COLLATE=utf8mb4_general_ci COMMENT='TRIAL';

--
-- Dumping data for table `barcodes`
--

INSERT INTO `barcodes` (`barcode`, `item_no`, `autoadd`, `trial576`) VALUES
('10.001', '10.001', 0, 'T'),
('10.002', '10.002', 0, 'T'),
('10.003', '10.003', 0, 'T'),
('10.004', '10.004', 0, 'T'),
('10.005', '10.005', 0, 'T'),
('10.006', '10.006', 0, 'T'),
('10.007', '10.007', 0, 'T'),
('10.101', '10.101', 0, 'T'),
('10.201', '10.201', 0, 'T'),
('10.202', '10.202', 0, 'T'),
('20.001', '20.001', 0, 'T'),
('30.001', '30.001', 0, 'T'),
('30.002', '30.002', 0, 'T'),
('30.003', '30.003', 0, 'T'),
('30.004', '30.004', 0, 'T'),
('30.005', '30.005', 0, 'T'),
('30.006', '30.006', 0, 'T'),
('30.007', '30.007', 0, 'T'),
('30.008', '30.008', 0, 'T'),
('30.101', '30.101', 0, 'T'),
('30.102', '30.102', 0, 'T'),
('30.103', '30.103', 0, 'T'),
('30.104', '30.104', 0, 'T'),
('30.105', '30.105', 0, 'T'),
('30.106', '30.106', 0, 'T'),
('30.107', '30.107', 0, 'T'),
('30.108', '30.108', 0, 'T'),
('30.109', '30.109', 0, 'T'),
('30.110', '30.110', 0, 'T'),
('30.111', '30.111', 0, 'T'),
('30.201', '30.201', 0, 'T'),
('30.301', '30.301', 0, 'T'),
('40.001', '40.001', 0, 'T'),
('40.002', '40.002', 0, 'T'),
('40.003', '40.003', 0, 'T'),
('40.004', '40.004', 0, 'T'),
('40.005', '40.005', 0, 'T'),
('40.006', '40.006', 0, 'T'),
('40.007', '40.007', 0, 'T'),
('40.101', '40.101', 0, 'T'),
('40.102', '40.102', 0, 'T'),
('40.103', '40.103', 0, 'T'),
('40.104', '40.104', 0, 'T'),
('40.105', '40.105', 0, 'T'),
('40.106', '40.106', 0, 'T'),
('40.107', '40.107', 0, 'T'),
('40.201', '40.201', 0, 'T'),
('40.202', '40.202', 0, 'T'),
('40.203', '40.203', 0, 'T'),
('40.301', '40.301', 0, 'T'),
('40.302', '40.302', 0, 'T'),
('40.303', '40.303', 0, 'T'),
('40.304', '40.304', 0, 'T'),
('40.305', '40.305', 0, 'T'),
('40.306', '40.306', 0, 'T'),
('40.307', '40.307', 0, 'T'),
('40.400', '40.400', 0, 'T');

-- --------------------------------------------------------

--
-- Table structure for table `bonds`
--

CREATE TABLE `bonds` (
  `bond_type` char(1) DEFAULT NULL COMMENT 'TRIAL',
  `bond_date` datetime DEFAULT NULL COMMENT 'TRIAL',
  `supp_no` char(8) DEFAULT NULL COMMENT 'TRIAL',
  `user_id` char(10) DEFAULT 'Nidal' COMMENT 'TRIAL',
  `store_id` int(11) DEFAULT NULL COMMENT 'TRIAL',
  `status` char(1) DEFAULT NULL COMMENT 'TRIAL',
  `bond_serial` int(11) NOT NULL COMMENT 'TRIAL',
  `bond_no` int(11) DEFAULT NULL COMMENT 'TRIAL',
  `byear` int(11) DEFAULT NULL COMMENT 'TRIAL',
  `sup_inv_no` varchar(20) DEFAULT NULL COMMENT 'TRIAL',
  `to_store_id` int(11) DEFAULT NULL COMMENT 'TRIAL',
  `notes` varchar(512) DEFAULT NULL COMMENT 'TRIAL',
  `order_serial` int(11) DEFAULT 0 COMMENT 'TRIAL',
  `ldng` double DEFAULT 0 COMMENT 'TRIAL',
  `mprc` double DEFAULT 0 COMMENT 'TRIAL',
  `cnt` double DEFAULT 0 COMMENT 'TRIAL',
  `othr` double DEFAULT 0 COMMENT 'TRIAL',
  `trial576` char(1) DEFAULT NULL COMMENT 'TRIAL'
) ENGINE=InnoDB DEFAULT CHARSET=utf8mb4 COLLATE=utf8mb4_general_ci COMMENT='TRIAL';

--
-- Dumping data for table `bonds`
--

INSERT INTO `bonds` (`bond_type`, `bond_date`, `supp_no`, `user_id`, `store_id`, `status`, `bond_serial`, `bond_no`, `byear`, `sup_inv_no`, `to_store_id`, `notes`, `order_serial`, `ldng`, `mprc`, `cnt`, `othr`, `trial576`) VALUES
('4', '2022-01-01 00:00:00', '1', '1', 1, 'U', 63779, 1, 2022, '', NULL, '', 0, 0, 0, 0, 0, 'T'),
('B', '2022-12-07 00:00:00', '-', '1', 2, 'U', 63782, 1, 2022, '', 2, NULL, 0, 0, 0, 0, 0, 'T'),
('B', '2022-12-07 00:00:00', '-', '1', 2, 'U', 63783, 2, 2022, '', 2, NULL, 0, 0, 0, 0, 0, 'T'),
('7', '2022-12-07 00:00:00', '1', '1', 3, 'U', 63784, 1, 2022, '', 2, '', 0, 0, 0, 0, 0, 'T'),
('4', '2022-01-01 00:00:00', '1', '1', 1, 'U', 63786, 2, 2022, '', NULL, '', 0, 0, 0, 0, 0, 'T');

-- --------------------------------------------------------

--
-- Table structure for table `changes`
--

CREATE TABLE `changes` (
  `changecode` int(11) NOT NULL COMMENT 'TRIAL',
  `tablename` varchar(32) DEFAULT NULL COMMENT 'TRIAL',
  `tablekey` int(11) DEFAULT NULL COMMENT 'TRIAL',
  `op` char(1) DEFAULT NULL COMMENT 'TRIAL',
  `loc_id` int(11) DEFAULT NULL COMMENT 'TRIAL',
  `trial576` char(1) DEFAULT NULL COMMENT 'TRIAL'
) ENGINE=InnoDB DEFAULT CHARSET=utf8mb4 COLLATE=utf8mb4_general_ci COMMENT='TRIAL';

-- --------------------------------------------------------

--
-- Table structure for table `cheques`
--

CREATE TABLE `cheques` (
  `cheque_type` varchar(1) DEFAULT NULL COMMENT 'TRIAL',
  `bank` varchar(20) DEFAULT NULL COMMENT 'TRIAL',
  `due_date` datetime DEFAULT NULL COMMENT 'TRIAL',
  `line_no` int(11) DEFAULT NULL COMMENT 'TRIAL',
  `cheque_id` int(11) NOT NULL COMMENT 'TRIAL',
  `cheque_no` varchar(20) DEFAULT NULL COMMENT 'TRIAL',
  `vchr_serial` int(11) DEFAULT NULL COMMENT 'TRIAL',
  `cheque_value` double DEFAULT NULL COMMENT 'TRIAL',
  `dsc` varchar(40) DEFAULT NULL COMMENT 'TRIAL',
  `pvchr_serial` int(11) DEFAULT NULL COMMENT 'TRIAL',
  `pline_no` int(11) DEFAULT NULL COMMENT 'TRIAL',
  `pdsc` varchar(40) DEFAULT NULL COMMENT 'TRIAL',
  `posted` char(1) DEFAULT NULL COMMENT 'TRIAL',
  `ac_no_cr` char(8) DEFAULT NULL COMMENT 'TRIAL',
  `ac_no_db` char(8) DEFAULT NULL COMMENT 'TRIAL',
  `status` char(1) DEFAULT NULL COMMENT 'TRIAL',
  `pac_no_db` char(8) DEFAULT NULL COMMENT 'TRIAL',
  `pac_no_cr` char(8) DEFAULT NULL COMMENT 'TRIAL',
  `drawer` varchar(40) DEFAULT NULL COMMENT 'TRIAL',
  `cc_id_cr` int(11) DEFAULT NULL COMMENT 'TRIAL',
  `trial579` char(1) DEFAULT NULL COMMENT 'TRIAL'
) ENGINE=InnoDB DEFAULT CHARSET=utf8mb4 COLLATE=utf8mb4_general_ci COMMENT='TRIAL';

-- --------------------------------------------------------

--
-- Table structure for table `cheques_log`
--

CREATE TABLE `cheques_log` (
  `id` int(11) NOT NULL COMMENT 'TRIAL',
  `cheque_id` int(11) NOT NULL COMMENT 'TRIAL',
  `old_date` datetime NOT NULL COMMENT 'TRIAL',
  `new_date` datetime NOT NULL COMMENT 'TRIAL',
  `user_no` char(10) NOT NULL COMMENT 'TRIAL',
  `action_date` datetime NOT NULL COMMENT 'TRIAL',
  `trial579` char(1) DEFAULT NULL COMMENT 'TRIAL'
) ENGINE=InnoDB DEFAULT CHARSET=utf8mb4 COLLATE=utf8mb4_general_ci COMMENT='TRIAL';

--
-- Dumping data for table `cheques_log`
--

INSERT INTO `cheques_log` (`id`, `cheque_id`, `old_date`, `new_date`, `user_no`, `action_date`, `trial579`) VALUES
(1, 22887, '2020-01-30 00:00:00', '2021-01-30 00:00:00', '1', '2020-12-06 14:21:29', 'T'),
(2, 23285, '2020-02-28 00:00:00', '2021-02-28 00:00:00', '1', '2020-12-06 14:32:34', 'T'),
(3, 23383, '2020-04-30 00:00:00', '2021-04-30 00:00:00', '1', '2020-12-06 14:33:22', 'T'),
(4, 23765, '2021-04-15 00:00:00', '2021-01-01 00:00:00', '1', '2021-01-21 14:23:40', 'T'),
(5, 23765, '2021-01-01 00:00:00', '2021-04-15 00:00:00', '1', '2021-01-21 14:26:45', 'T'),
(6, 25576, '2021-01-31 00:00:00', '2021-12-31 00:00:00', '1', '2021-06-16 14:40:57', 'T'),
(7, 23881, '2021-01-01 00:00:00', '2021-09-15 00:00:00', '1', '2021-07-18 11:59:55', 'T'),
(8, 24053, '2021-06-30 00:00:00', '2021-07-31 00:00:00', '1', '2021-07-28 10:14:22', 'T'),
(9, 24741, '2021-06-30 00:00:00', '2021-07-31 00:00:00', '1', '2021-07-28 10:15:55', 'T'),
(10, 23937, '2021-07-31 00:00:00', '2021-08-31 00:00:00', '1', '2021-08-03 11:56:51', 'T'),
(11, 25432, '2021-09-29 00:00:00', '2021-10-07 00:00:00', '1', '2021-10-10 16:09:16', 'T'),
(12, 25736, '2021-10-15 00:00:00', '2021-10-31 00:00:00', '1', '2021-10-13 15:09:07', 'T'),
(13, 25737, '2021-11-15 00:00:00', '2021-11-30 00:00:00', '1', '2021-10-13 15:09:27', 'T'),
(14, 29772, '2022-03-31 00:00:00', '2022-04-11 00:00:00', '11', '2022-03-29 09:44:03', 'T');

-- --------------------------------------------------------

--
-- Table structure for table `classification`
--

CREATE TABLE `classification` (
  `class_no` int(11) NOT NULL COMMENT 'TRIAL',
  `need_formula` char(1) DEFAULT NULL COMMENT 'TRIAL',
  `dsc` varchar(60) DEFAULT NULL COMMENT 'TRIAL',
  `trial579` char(1) DEFAULT NULL COMMENT 'TRIAL'
) ENGINE=InnoDB DEFAULT CHARSET=utf8mb4 COLLATE=utf8mb4_general_ci COMMENT='TRIAL';

--
-- Dumping data for table `classification`
--

INSERT INTO `classification` (`class_no`, `need_formula`, `dsc`, `trial579`) VALUES
(10, 'N', 'مواد جاهزة للبيع', 'T'),
(20, 'N', 'مواد نصف مصنعة', 'T'),
(30, 'N', 'مواد اولية للتصنيع', 'T'),
(40, 'N', 'مواد تغليف و تعبئة', 'T');

-- --------------------------------------------------------

--
-- Table structure for table `clt_rep_prms`
--

CREATE TABLE `clt_rep_prms` (
  `id` int(11) NOT NULL COMMENT 'TRIAL',
  `frmid` int(11) DEFAULT NULL COMMENT 'TRIAL',
  `toid` int(11) DEFAULT NULL COMMENT 'TRIAL',
  `frmdt` int(11) DEFAULT NULL COMMENT 'TRIAL',
  `todt` datetime DEFAULT NULL COMMENT 'TRIAL',
  `frmno` varchar(12) DEFAULT NULL COMMENT 'TRIAL',
  `tono` varchar(12) DEFAULT NULL COMMENT 'TRIAL',
  `trial579` char(1) DEFAULT NULL COMMENT 'TRIAL'
) ENGINE=InnoDB DEFAULT CHARSET=utf8mb4 COLLATE=utf8mb4_general_ci COMMENT='TRIAL';

-- --------------------------------------------------------

--
-- Table structure for table `cl_bills`
--

CREATE TABLE `cl_bills` (
  `bill_id` int(11) NOT NULL COMMENT 'TRIAL',
  `bill_no` int(11) DEFAULT NULL COMMENT 'TRIAL',
  `bill_dt` datetime DEFAULT NULL COMMENT 'TRIAL',
  `cn_id` int(11) DEFAULT 0 COMMENT 'TRIAL',
  `ac_no` char(8) DEFAULT NULL COMMENT 'TRIAL',
  `narrative` varchar(256) DEFAULT NULL COMMENT 'TRIAL',
  `note` varchar(256) DEFAULT NULL COMMENT 'TRIAL',
  `doc_no` varchar(40) DEFAULT '-' COMMENT 'TRIAL',
  `doc_dt` datetime DEFAULT current_timestamp() COMMENT 'TRIAL',
  `user_no` char(8) DEFAULT NULL COMMENT 'TRIAL',
  `taxable` int(11) DEFAULT 0 COMMENT 'TRIAL',
  `posted` char(1) DEFAULT 'N' COMMENT 'TRIAL',
  `tax` double DEFAULT NULL COMMENT 'TRIAL',
  `total` double DEFAULT NULL COMMENT 'TRIAL',
  `empty_note` int(11) DEFAULT NULL COMMENT 'TRIAL',
  `trial579` char(1) DEFAULT NULL COMMENT 'TRIAL'
) ENGINE=InnoDB DEFAULT CHARSET=utf8mb4 COLLATE=utf8mb4_general_ci COMMENT='TRIAL';

-- --------------------------------------------------------

--
-- Table structure for table `cl_bill_details`
--

CREATE TABLE `cl_bill_details` (
  `amount` double DEFAULT NULL COMMENT 'TRIAL',
  `tax` double DEFAULT NULL COMMENT 'TRIAL',
  `bill_id` int(11) DEFAULT NULL COMMENT 'TRIAL',
  `ord` int(11) DEFAULT NULL COMMENT 'TRIAL',
  `service_id` int(11) DEFAULT NULL COMMENT 'TRIAL',
  `bill_detail_id` int(11) NOT NULL COMMENT 'TRIAL',
  `narratives` varchar(128) DEFAULT NULL COMMENT 'TRIAL',
  `posted` char(1) DEFAULT 'N' COMMENT 'TRIAL',
  `trial579` char(1) DEFAULT NULL COMMENT 'TRIAL'
) ENGINE=InnoDB DEFAULT CHARSET=utf8mb4 COLLATE=utf8mb4_general_ci COMMENT='TRIAL';

-- --------------------------------------------------------

--
-- Table structure for table `cl_services`
--

CREATE TABLE `cl_services` (
  `service_id` int(11) NOT NULL COMMENT 'TRIAL',
  `ord` int(11) DEFAULT NULL COMMENT 'TRIAL',
  `ar_dsc` varchar(60) DEFAULT NULL COMMENT 'TRIAL',
  `en_dsc` varchar(60) DEFAULT NULL COMMENT 'TRIAL',
  `typ` char(1) DEFAULT NULL COMMENT 'TRIAL',
  `ac_closing` char(8) DEFAULT NULL COMMENT 'TRIAL',
  `use_flag` char(1) DEFAULT 'O' COMMENT 'TRIAL',
  `user_no` char(8) DEFAULT NULL COMMENT 'TRIAL',
  `service_no` char(4) DEFAULT NULL COMMENT 'TRIAL',
  `tax` double DEFAULT NULL COMMENT 'TRIAL',
  `trial579` char(1) DEFAULT NULL COMMENT 'TRIAL'
) ENGINE=InnoDB DEFAULT CHARSET=utf8mb4 COLLATE=utf8mb4_general_ci COMMENT='TRIAL';

-- --------------------------------------------------------

--
-- Table structure for table `cl_user_actions`
--

CREATE TABLE `cl_user_actions` (
  `action_id` int(11) NOT NULL COMMENT 'TRIAL',
  `user_no` char(8) DEFAULT NULL COMMENT 'TRIAL',
  `rec_id` int(11) DEFAULT NULL COMMENT 'TRIAL',
  `action_dt` datetime DEFAULT NULL COMMENT 'TRIAL',
  `action_type` char(1) DEFAULT NULL COMMENT 'TRIAL',
  `rec_type` int(11) DEFAULT NULL COMMENT 'TRIAL',
  `trial579` char(1) DEFAULT NULL COMMENT 'TRIAL'
) ENGINE=InnoDB DEFAULT CHARSET=utf8mb4 COLLATE=utf8mb4_general_ci COMMENT='TRIAL';

-- --------------------------------------------------------

--
-- Table structure for table `collections_analysis`
--

CREATE TABLE `collections_analysis` (
  `ac_no` char(8) DEFAULT NULL COMMENT 'TRIAL',
  `rep_no` int(11) DEFAULT NULL COMMENT 'TRIAL',
  `from_date` datetime DEFAULT NULL COMMENT 'TRIAL',
  `to_date` datetime DEFAULT NULL COMMENT 'TRIAL',
  `prev_bal` double DEFAULT 0 COMMENT 'TRIAL',
  `collections` double DEFAULT 0 COMMENT 'TRIAL',
  `others_credit` double DEFAULT 0 COMMENT 'TRIAL',
  `per_colections` decimal(7,3) DEFAULT 0.000 COMMENT 'TRIAL',
  `trial579` char(1) DEFAULT NULL COMMENT 'TRIAL'
) ENGINE=InnoDB DEFAULT CHARSET=utf8mb4 COLLATE=utf8mb4_general_ci COMMENT='TRIAL';

-- --------------------------------------------------------

--
-- Table structure for table `company_start_years`
--

CREATE TABLE `company_start_years` (
  `id` bigint(20) UNSIGNED NOT NULL,
  `start_year` varchar(255) NOT NULL,
  `created_at` timestamp NULL DEFAULT NULL,
  `updated_at` timestamp NULL DEFAULT NULL,
  `deleted_at` timestamp NULL DEFAULT NULL
) ENGINE=InnoDB DEFAULT CHARSET=utf8mb4 COLLATE=utf8mb4_unicode_ci;

--
-- Dumping data for table `company_start_years`
--

INSERT INTO `company_start_years` (`id`, `start_year`, `created_at`, `updated_at`, `deleted_at`) VALUES
(1, '2013', '2023-06-07 10:21:34', '2023-06-07 10:21:34', NULL);

-- --------------------------------------------------------

--
-- Table structure for table `cost_centers`
--

CREATE TABLE `cost_centers` (
  `cc_id` bigint(20) NOT NULL COMMENT 'TRIAL',
  `cc_no` varchar(255) DEFAULT NULL COMMENT 'TRIAL',
  `dsc` varchar(60) DEFAULT NULL COMMENT 'TRIAL',
  `cc_ino` longtext DEFAULT NULL COMMENT 'TRIAL',
  `created_at` timestamp NOT NULL DEFAULT current_timestamp(),
  `updated_at` timestamp NOT NULL DEFAULT current_timestamp(),
  `deleted_at` timestamp NULL DEFAULT NULL
) ENGINE=InnoDB DEFAULT CHARSET=utf8mb4 COLLATE=utf8mb4_general_ci COMMENT='TRIAL';

--
-- Dumping data for table `cost_centers`
--

INSERT INTO `cost_centers` (`cc_id`, `cc_no`, `dsc`, `cc_ino`, `created_at`, `updated_at`, `deleted_at`) VALUES
(3, '1122334', 'مركز تكلفتي الاول', 'لا اعلم محتوى هذا الحقل', '2023-07-19 21:48:23', '2023-07-19 21:50:36', NULL),
(6, '11223346', 'مركز تكلفتي الاول updated', 'لا اعلم محتوى هذا الحقل', '2023-07-19 21:50:54', '2023-07-19 22:15:00', '2023-07-19 22:15:00'),
(8, '112233468', 'مركز تكلفتي الاول updated', 'لا اعلم محتوى هذا الحقل', '2023-07-19 22:16:18', '2023-07-19 22:16:18', NULL);

-- --------------------------------------------------------

--
-- Table structure for table `ctypes`
--

CREATE TABLE `ctypes` (
  `ctype` int(11) NOT NULL COMMENT 'TRIAL',
  `dsc` varchar(40) DEFAULT NULL COMMENT 'TRIAL',
  `notes` varchar(512) DEFAULT NULL COMMENT 'TRIAL',
  `trial579` char(1) DEFAULT NULL COMMENT 'TRIAL'
) ENGINE=InnoDB DEFAULT CHARSET=utf8mb4 COLLATE=utf8mb4_general_ci COMMENT='TRIAL';

--
-- Dumping data for table `ctypes`
--

INSERT INTO `ctypes` (`ctype`, `dsc`, `notes`, `trial579`) VALUES
(0, 'صنف جرد', NULL, 'T'),
(2, 'خدمة', NULL, 'T'),
(4, 'منتج', NULL, 'T'),
(8, 'عرض', NULL, 'T');

-- --------------------------------------------------------

--
-- Table structure for table `cureentids`
--

CREATE TABLE `cureentids` (
  `table_name` varchar(15) DEFAULT NULL COMMENT 'TRIAL',
  `record_no` char(8) DEFAULT NULL COMMENT 'TRIAL',
  `record_type` int(11) DEFAULT NULL COMMENT 'TRIAL',
  `machine_id` char(20) DEFAULT NULL COMMENT 'TRIAL',
  `trial579` char(1) DEFAULT NULL COMMENT 'TRIAL'
) ENGINE=InnoDB DEFAULT CHARSET=utf8mb4 COLLATE=utf8mb4_general_ci COMMENT='TRIAL';

--
-- Dumping data for table `cureentids`
--

INSERT INTO `cureentids` (`table_name`, `record_no`, `record_type`, `machine_id`, `trial579`) VALUES
('Vouchers', '-1', 3, 'AC_DESKTOP-N', 'T'),
('SalesInvoice', '-1', 1, 'Inv_U_00X0_1', 'T'),
('Bonds', '-1', 4, 'Inv_U_00X0_1', 'T');

-- --------------------------------------------------------

--
-- Table structure for table `currencies`
--

CREATE TABLE `currencies` (
  `curr_no` bigint(20) NOT NULL COMMENT 'TRIAL',
  `dsc` varchar(40) DEFAULT NULL COMMENT 'TRIAL',
  `rate` double DEFAULT NULL COMMENT 'TRIAL',
  `is_main_currency` tinyint(1) NOT NULL DEFAULT 0,
  `created_at` timestamp NOT NULL DEFAULT current_timestamp(),
  `updated_at` timestamp NOT NULL DEFAULT current_timestamp(),
  `deleted_at` timestamp NULL DEFAULT NULL
) ENGINE=InnoDB DEFAULT CHARSET=utf8mb4 COLLATE=utf8mb4_general_ci COMMENT='TRIAL';

--
-- Dumping data for table `currencies`
--

INSERT INTO `currencies` (`curr_no`, `dsc`, `rate`, `is_main_currency`, `created_at`, `updated_at`, `deleted_at`) VALUES
(1, 'أردني', 1, 1, '2023-07-19 22:07:26', '2023-07-19 22:07:26', NULL),
(2, 'دولار', 0.71, 0, '2023-07-19 22:07:26', '2023-07-19 22:07:26', NULL),
(3, 'جنيه استرليني', 1.08, 0, '2023-07-19 22:07:26', '2023-07-19 22:07:26', NULL),
(4, 'مارك الماني', 0.36, 0, '2023-07-19 22:07:26', '2023-07-19 22:07:26', NULL),
(5, 'فرنك فرنسي', 0.1, 0, '2023-07-19 22:07:26', '2023-07-19 22:07:26', NULL);

-- --------------------------------------------------------

--
-- Table structure for table `customers`
--

CREATE TABLE `customers` (
  `name` varchar(40) DEFAULT NULL COMMENT 'TRIAL',
  `tel1` varchar(11) DEFAULT NULL COMMENT 'TRIAL',
  `city` varchar(40) DEFAULT NULL COMMENT 'TRIAL',
  `address` varchar(256) DEFAULT NULL COMMENT 'TRIAL',
  `tel2` varchar(11) DEFAULT NULL COMMENT 'TRIAL',
  `fax` varchar(11) DEFAULT NULL COMMENT 'TRIAL',
  `mobile` varchar(11) DEFAULT NULL COMMENT 'TRIAL',
  `email` char(50) DEFAULT NULL COMMENT 'TRIAL',
  `taxdeptno` varchar(30) DEFAULT NULL COMMENT 'TRIAL',
  `ac_no` char(8) DEFAULT NULL COMMENT 'TRIAL',
  `store_id` int(11) DEFAULT 1 COMMENT 'TRIAL',
  `note` varchar(120) DEFAULT ' ' COMMENT 'TRIAL',
  `customer_no` char(8) DEFAULT NULL COMMENT 'TRIAL',
  `trial579` char(1) DEFAULT NULL COMMENT 'TRIAL'
) ENGINE=InnoDB DEFAULT CHARSET=utf8mb4 COLLATE=utf8mb4_general_ci COMMENT='TRIAL';

-- --------------------------------------------------------

--
-- Table structure for table `depr_trans`
--

CREATE TABLE `depr_trans` (
  `trans_no` int(11) NOT NULL COMMENT 'TRIAL',
  `asset_no` int(11) NOT NULL COMMENT 'TRIAL',
  `frm_date` datetime DEFAULT NULL COMMENT 'TRIAL',
  `to_date` datetime DEFAULT NULL COMMENT 'TRIAL',
  `trans_type` char(1) DEFAULT NULL COMMENT 'TRIAL',
  `trial579` char(1) DEFAULT NULL COMMENT 'TRIAL'
) ENGINE=InnoDB DEFAULT CHARSET=utf8mb4 COLLATE=utf8mb4_general_ci COMMENT='TRIAL';

-- --------------------------------------------------------

--
-- Table structure for table `doc_credits`
--

CREATE TABLE `doc_credits` (
  `id` int(11) NOT NULL COMMENT 'TRIAL',
  `doc_no` varchar(24) DEFAULT NULL COMMENT 'TRIAL',
  `purc_order` int(11) DEFAULT NULL COMMENT 'TRIAL',
  `issue_date` datetime DEFAULT NULL COMMENT 'TRIAL',
  `due_date` datetime DEFAULT NULL COMMENT 'TRIAL',
  `shipping_date` datetime DEFAULT NULL COMMENT 'TRIAL',
  `supp_no` char(8) DEFAULT NULL COMMENT 'TRIAL',
  `bill_val` double DEFAULT NULL COMMENT 'TRIAL',
  `bill_curr` int(11) DEFAULT NULL COMMENT 'TRIAL',
  `insurance_co` varchar(60) DEFAULT '' COMMENT 'TRIAL',
  `arrival_date` datetime DEFAULT NULL COMMENT 'TRIAL',
  `down_payment` double DEFAULT NULL COMMENT 'TRIAL',
  `dp_curr` int(11) DEFAULT NULL COMMENT 'TRIAL',
  `dp_rate` double DEFAULT 0 COMMENT 'TRIAL',
  `doc_ac_no` char(8) DEFAULT NULL COMMENT 'TRIAL',
  `custom3` char(8) DEFAULT NULL COMMENT 'TRIAL',
  `dsc` varchar(128) DEFAULT NULL COMMENT 'TRIAL',
  `vessel` varchar(60) DEFAULT '' COMMENT 'TRIAL',
  `from_port` varchar(128) DEFAULT '' COMMENT 'TRIAL',
  `to_port` varchar(128) DEFAULT '' COMMENT 'TRIAL',
  `custom5` varchar(256) DEFAULT NULL COMMENT 'TRIAL',
  `custom6` varchar(256) DEFAULT NULL COMMENT 'TRIAL',
  `notes` varchar(256) DEFAULT '' COMMENT 'TRIAL',
  `bill_date` datetime DEFAULT NULL COMMENT 'TRIAL',
  `bank` varchar(40) DEFAULT NULL COMMENT 'TRIAL',
  `bill_rate` double DEFAULT 0 COMMENT 'TRIAL',
  `trial579` char(1) DEFAULT NULL COMMENT 'TRIAL'
) ENGINE=InnoDB DEFAULT CHARSET=utf8mb4 COLLATE=utf8mb4_general_ci COMMENT='TRIAL';

-- --------------------------------------------------------

--
-- Table structure for table `doc_store`
--

CREATE TABLE `doc_store` (
  `id` int(11) NOT NULL COMMENT 'TRIAL',
  `doc_id` int(11) DEFAULT NULL COMMENT 'TRIAL',
  `doc_name` varchar(256) DEFAULT NULL COMMENT 'TRIAL',
  `doc_type` varchar(64) DEFAULT NULL COMMENT 'TRIAL',
  `content` longblob DEFAULT NULL COMMENT 'TRIAL',
  `ver_no` double DEFAULT NULL COMMENT 'TRIAL',
  `trial579` char(1) DEFAULT NULL COMMENT 'TRIAL'
) ENGINE=InnoDB DEFAULT CHARSET=utf8mb4 COLLATE=utf8mb4_general_ci COMMENT='TRIAL';

-- --------------------------------------------------------

--
-- Table structure for table `dummy`
--

CREATE TABLE `dummy` (
  `id` char(1) NOT NULL COMMENT 'TRIAL',
  `trial579` char(1) DEFAULT NULL COMMENT 'TRIAL'
) ENGINE=InnoDB DEFAULT CHARSET=utf8mb4 COLLATE=utf8mb4_general_ci COMMENT='TRIAL';

--
-- Dumping data for table `dummy`
--

INSERT INTO `dummy` (`id`, `trial579`) VALUES
('1', 'T');

-- --------------------------------------------------------

--
-- Table structure for table `failed_jobs`
--

CREATE TABLE `failed_jobs` (
  `id` bigint(20) UNSIGNED NOT NULL,
  `uuid` varchar(255) NOT NULL,
  `connection` text NOT NULL,
  `queue` text NOT NULL,
  `payload` longtext NOT NULL,
  `exception` longtext NOT NULL,
  `failed_at` timestamp NOT NULL DEFAULT current_timestamp()
) ENGINE=InnoDB DEFAULT CHARSET=utf8mb4 COLLATE=utf8mb4_unicode_ci;

-- --------------------------------------------------------

--
-- Table structure for table `formulas`
--

CREATE TABLE `formulas` (
  `amount` double DEFAULT NULL COMMENT 'TRIAL',
  `product_no` char(12) NOT NULL COMMENT 'TRIAL',
  `item_no` char(12) NOT NULL COMMENT 'TRIAL',
  `inout` int(11) DEFAULT NULL COMMENT 'TRIAL',
  `lineno` int(11) DEFAULT NULL COMMENT 'TRIAL',
  `trial579` char(1) DEFAULT NULL COMMENT 'TRIAL'
) ENGINE=InnoDB DEFAULT CHARSET=utf8mb4 COLLATE=utf8mb4_general_ci COMMENT='TRIAL';

--
-- Dumping data for table `formulas`
--

INSERT INTO `formulas` (`amount`, `product_no`, `item_no`, `inout`, `lineno`, `trial579`) VALUES
(312.5, '10.001', '30.001', 0, 1, 'T'),
(106.25, '10.001', '30.002', 0, 2, 'T'),
(300, '10.001', '30.003', 0, 3, 'T'),
(78.125, '10.001', '30.004', 0, 4, 'T'),
(15.625, '10.001', '30.005', 0, 5, 'T'),
(93.75, '10.001', '30.007', 0, 7, 'T'),
(10.938, '10.001', '30.101', 0, 6, 'T'),
(1000, '10.001', '40.001', 0, 8, 'T'),
(50, '10.001', '40.002', 0, 9, 'T'),
(312.5, '10.002', '30.001', 0, 1, 'T'),
(106.25, '10.002', '30.002', 0, 2, 'T'),
(300, '10.002', '30.003', 0, 3, 'T'),
(78.125, '10.002', '30.004', 0, 4, 'T'),
(15.625, '10.002', '30.005', 0, 5, 'T'),
(93.75, '10.002', '30.007', 0, 7, 'T'),
(10.938, '10.002', '30.102', 0, 6, 'T'),
(1000, '10.002', '40.001', 0, 8, 'T'),
(50, '10.002', '40.002', 0, 9, 'T'),
(312.5, '10.003', '30.001', 0, 1, 'T'),
(106.25, '10.003', '30.002', 0, 2, 'T'),
(300, '10.003', '30.003', 0, 3, 'T'),
(78.125, '10.003', '30.004', 0, 4, 'T'),
(15.625, '10.003', '30.005', 0, 5, 'T'),
(93.75, '10.003', '30.007', 0, 7, 'T'),
(10.938, '10.003', '30.103', 0, 6, 'T'),
(1000, '10.003', '40.001', 0, 8, 'T'),
(50, '10.003', '40.002', 0, 9, 'T'),
(312.5, '10.004', '30.001', 0, 1, 'T'),
(106.25, '10.004', '30.002', 0, 2, 'T'),
(300, '10.004', '30.003', 0, 3, 'T'),
(78.125, '10.004', '30.004', 0, 4, 'T'),
(15.625, '10.004', '30.005', 0, 5, 'T'),
(93.75, '10.004', '30.007', 0, 7, 'T'),
(10.938, '10.004', '30.104', 0, 6, 'T'),
(1000, '10.004', '40.001', 0, 8, 'T'),
(50, '10.004', '40.002', 0, 9, 'T'),
(312.5, '10.005', '30.001', 0, 1, 'T'),
(106.25, '10.005', '30.002', 0, 2, 'T'),
(300, '10.005', '30.003', 0, 3, 'T'),
(78.125, '10.005', '30.004', 0, 4, 'T'),
(15.625, '10.005', '30.005', 0, 5, 'T'),
(93.75, '10.005', '30.007', 0, 7, 'T'),
(10.938, '10.005', '30.105', 0, 6, 'T'),
(1000, '10.005', '40.001', 0, 8, 'T'),
(50, '10.005', '40.002', 0, 9, 'T'),
(312.5, '10.006', '30.001', 0, 1, 'T'),
(106.25, '10.006', '30.002', 0, 2, 'T'),
(300, '10.006', '30.003', 0, 3, 'T'),
(78.125, '10.006', '30.004', 0, 4, 'T'),
(15.625, '10.006', '30.005', 0, 5, 'T'),
(93.75, '10.006', '30.007', 0, 7, 'T'),
(10.938, '10.006', '30.106', 0, 6, 'T'),
(1000, '10.006', '40.001', 0, 8, 'T'),
(50, '10.006', '40.002', 0, 9, 'T'),
(312.5, '10.007', '30.001', 0, 1, 'T'),
(106.25, '10.007', '30.002', 0, 2, 'T'),
(300, '10.007', '30.003', 0, 3, 'T'),
(78.125, '10.007', '30.004', 0, 4, 'T'),
(15.625, '10.007', '30.005', 0, 5, 'T'),
(93.75, '10.007', '30.007', 0, 7, 'T'),
(10.938, '10.007', '30.107', 0, 6, 'T'),
(1000, '10.007', '40.001', 0, 8, 'T'),
(50, '10.007', '40.002', 0, 9, 'T'),
(454.545, '10.101', '30.002', 0, 2, 'T'),
(1181.818, '10.101', '30.003', 0, 3, 'T'),
(509.091, '10.101', '30.004', 0, 4, 'T'),
(90.909, '10.101', '30.005', 0, 5, 'T'),
(3.363, '10.101', '30.008', 0, 6, 'T'),
(1818.182, '10.101', '30.301', 0, 1, 'T'),
(145.545, '10.101', '40.002', 0, 9, 'T'),
(1000, '10.101', '40.006', 0, 8, 'T'),
(6000, '10.101', '40.007', 0, 7, 'T'),
(370.37, '10.201', '30.003', 0, 3, 'T'),
(740.74, '10.201', '30.005', 0, 2, 'T'),
(7404.407, '10.201', '30.201', 0, 1, 'T'),
(10000, '10.201', '40.005', 0, 4, 'T'),
(1000, '10.201', '40.006', 0, 5, 'T'),
(660, '10.201', '40.400', 0, 6, 'T'),
(370.37, '10.202', '30.003', 0, 3, 'T'),
(740.74, '10.202', '30.005', 0, 2, 'T'),
(49.259, '10.202', '30.104', 0, 4, 'T'),
(89.519, '10.202', '30.105', 0, 5, 'T'),
(7407.407, '10.202', '30.201', 0, 1, 'T'),
(10000, '10.202', '40.005', 0, 6, 'T'),
(1000, '10.202', '40.006', 0, 7, 'T'),
(660, '10.202', '40.400', 0, 8, 'T'),
(0.75, '20.001', '30.001', 0, 1, 'T'),
(0.1, '20.001', '30.002', 0, 2, 'T');

-- --------------------------------------------------------

--
-- Table structure for table `groups`
--

CREATE TABLE `groups` (
  `name` varchar(60) DEFAULT NULL COMMENT 'TRIAL',
  `pass` int(11) DEFAULT 9999 COMMENT 'TRIAL',
  `group_no` char(8) NOT NULL COMMENT 'TRIAL',
  `trial579` char(1) DEFAULT NULL COMMENT 'TRIAL'
) ENGINE=InnoDB DEFAULT CHARSET=utf8mb4 COLLATE=utf8mb4_general_ci COMMENT='TRIAL';

--
-- Dumping data for table `groups`
--

INSERT INTO `groups` (`name`, `pass`, `group_no`, `trial579`) VALUES
('تجربة', 9999, '1', 'T'),
('fff', 9999, '2', 'T'),
('hhh', 9999, '3', 'T');

-- --------------------------------------------------------

--
-- Table structure for table `group_acc`
--

CREATE TABLE `group_acc` (
  `group_no` char(8) NOT NULL COMMENT 'TRIAL',
  `typ` int(11) NOT NULL DEFAULT 1 COMMENT 'TRIAL',
  `dbcr` char(1) DEFAULT 'B' COMMENT 'TRIAL',
  `add_sub` int(11) DEFAULT 1 COMMENT 'TRIAL',
  `ac_no` char(8) NOT NULL COMMENT 'TRIAL',
  `trial582` char(1) DEFAULT NULL COMMENT 'TRIAL'
) ENGINE=InnoDB DEFAULT CHARSET=utf8mb4 COLLATE=utf8mb4_general_ci COMMENT='TRIAL';

--
-- Dumping data for table `group_acc`
--

INSERT INTO `group_acc` (`group_no`, `typ`, `dbcr`, `add_sub`, `ac_no`, `trial582`) VALUES
('1', 1, 'B', -1, '1312', 'T'),
('1', 1, 'C', -1, '32110001', 'T'),
('2', 1, 'B', -1, '11', 'T'),
('2', 1, 'B', -1, '1514', 'T'),
('2', 16, 'B', -1, '1', 'T'),
('3', 16, 'B', -1, '2', 'T');

-- --------------------------------------------------------

--
-- Table structure for table `group_acc_typs`
--

CREATE TABLE `group_acc_typs` (
  `typ` int(11) NOT NULL COMMENT 'TRIAL',
  `dsc` varchar(64) DEFAULT NULL COMMENT 'TRIAL',
  `edsc` varchar(64) DEFAULT NULL COMMENT 'TRIAL',
  `trial582` char(1) DEFAULT NULL COMMENT 'TRIAL'
) ENGINE=InnoDB DEFAULT CHARSET=utf8mb4 COLLATE=utf8mb4_general_ci COMMENT='TRIAL';

--
-- Dumping data for table `group_acc_typs`
--

INSERT INTO `group_acc_typs` (`typ`, `dsc`, `edsc`, `trial582`) VALUES
(1, 'حسابات', 'Accounts', 'T'),
(2, 'أستاذ عام/مساعد', 'Gl/SL', 'T'),
(4, 'حسابات مثل', 'Accounts like', 'T'),
(8, 'قيم معرفة', 'User Defined Vals', 'T'),
(16, 'مجموعات', 'Groups', 'T');

-- --------------------------------------------------------

--
-- Table structure for table `information`
--

CREATE TABLE `information` (
  `dummy8` char(8) DEFAULT NULL COMMENT 'TRIAL',
  `company` char(50) DEFAULT NULL COMMENT 'TRIAL',
  `system` char(40) DEFAULT NULL COMMENT 'TRIAL',
  `address1` char(40) DEFAULT NULL COMMENT 'TRIAL',
  `address2` char(40) DEFAULT NULL COMMENT 'TRIAL',
  `inv_system` varchar(40) DEFAULT NULL COMMENT 'TRIAL',
  `address3` varchar(40) DEFAULT NULL COMMENT 'TRIAL',
  `print_qty_dec` int(11) DEFAULT 3 COMMENT 'TRIAL',
  `print_item_dirction` int(11) DEFAULT 3 COMMENT 'TRIAL',
  `print_bonus` int(11) DEFAULT 0 COMMENT 'TRIAL',
  `print_qty_sqr` int(11) DEFAULT 0 COMMENT 'TRIAL',
  `print_batch_no` int(11) DEFAULT 0 COMMENT 'TRIAL',
  `print_cheques` int(11) DEFAULT 1 COMMENT 'TRIAL',
  `print_chq_bal` int(11) DEFAULT 0 COMMENT 'TRIAL',
  `batch_dsc` char(12) DEFAULT NULL COMMENT 'TRIAL',
  `print_batch_dt` int(11) DEFAULT 0 COMMENT 'TRIAL',
  `cash_date` datetime DEFAULT NULL COMMENT 'TRIAL',
  `actions_from` datetime DEFAULT NULL COMMENT 'TRIAL',
  `actions_to` datetime DEFAULT NULL COMMENT 'TRIAL',
  `last_connect` datetime DEFAULT NULL COMMENT 'TRIAL',
  `trial582` char(1) DEFAULT NULL COMMENT 'TRIAL'
) ENGINE=InnoDB DEFAULT CHARSET=utf8mb4 COLLATE=utf8mb4_general_ci COMMENT='TRIAL';

--
-- Dumping data for table `information`
--

INSERT INTO `information` (`dummy8`, `company`, `system`, `address1`, `address2`, `inv_system`, `address3`, `print_qty_dec`, `print_item_dirction`, `print_bonus`, `print_qty_sqr`, `print_batch_no`, `print_cheques`, `print_chq_bal`, `batch_dsc`, `print_batch_dt`, `cash_date`, `actions_from`, `actions_to`, `last_connect`, `trial582`) VALUES
('01092208', 'مصنع الفستق', 'نظام المحاسبة', 'الجزائر', 'الجزائر', 'نظام الانتاج', NULL, 3, 1, 1, 0, 1, 0, 0, '1', 1, NULL, NULL, NULL, '2000-01-01 00:00:00', 'T');

-- --------------------------------------------------------

--
-- Table structure for table `invoices`
--

CREATE TABLE `invoices` (
  `inv_type` char(1) DEFAULT NULL COMMENT 'TRIAL',
  `inv_no` int(11) DEFAULT NULL COMMENT 'TRIAL',
  `inv_date` datetime DEFAULT NULL COMMENT 'TRIAL',
  `ac_no` char(8) DEFAULT NULL COMMENT 'TRIAL',
  `client_name` varchar(80) DEFAULT NULL COMMENT 'TRIAL',
  `discount` double DEFAULT NULL COMMENT 'TRIAL',
  `tax` double DEFAULT NULL COMMENT 'TRIAL',
  `loading` double DEFAULT NULL COMMENT 'TRIAL',
  `user_id` char(10) DEFAULT 'Nidal' COMMENT 'TRIAL',
  `store_id` int(11) DEFAULT NULL COMMENT 'TRIAL',
  `status` char(1) DEFAULT NULL COMMENT 'TRIAL',
  `invoice_serial` int(11) NOT NULL COMMENT 'TRIAL',
  `total_value` double DEFAULT NULL COMMENT 'TRIAL',
  `sales_invoice_no` char(8) DEFAULT NULL COMMENT 'TRIAL',
  `tax_included` int(11) DEFAULT NULL COMMENT 'TRIAL',
  `area_no` char(8) DEFAULT NULL COMMENT 'TRIAL',
  `rep_no` int(11) DEFAULT NULL COMMENT 'TRIAL',
  `inv_class` char(8) DEFAULT '1' COMMENT 'TRIAL',
  `iyear` int(11) DEFAULT NULL COMMENT 'TRIAL',
  `receipt` varchar(20) DEFAULT NULL COMMENT 'TRIAL',
  `notes` varchar(256) DEFAULT NULL COMMENT 'TRIAL',
  `curr_no` int(11) DEFAULT 1 COMMENT 'TRIAL',
  `ex_rate` double DEFAULT 1 COMMENT 'TRIAL',
  `customer_no` char(8) DEFAULT NULL COMMENT 'TRIAL',
  `tax_exemption` int(11) DEFAULT 1 COMMENT 'TRIAL',
  `inv_flag` char(1) DEFAULT 'R' COMMENT 'TRIAL',
  `trial582` char(1) DEFAULT NULL COMMENT 'TRIAL'
) ENGINE=InnoDB DEFAULT CHARSET=utf8mb4 COLLATE=utf8mb4_general_ci COMMENT='TRIAL';

-- --------------------------------------------------------

--
-- Table structure for table `invoices_updated`
--

CREATE TABLE `invoices_updated` (
  `invoice_serial` int(11) DEFAULT NULL COMMENT 'TRIAL',
  `action_type` char(1) DEFAULT NULL COMMENT 'TRIAL',
  `trial582` char(1) DEFAULT NULL COMMENT 'TRIAL'
) ENGINE=InnoDB DEFAULT CHARSET=utf8mb4 COLLATE=utf8mb4_general_ci COMMENT='TRIAL';

-- --------------------------------------------------------

--
-- Table structure for table `invoice_classes`
--

CREATE TABLE `invoice_classes` (
  `inv_class` char(8) NOT NULL COMMENT 'TRIAL',
  `class_name` varchar(50) DEFAULT NULL COMMENT 'TRIAL',
  `sales_ac_no` char(8) DEFAULT NULL COMMENT 'TRIAL',
  `tax_ac_no` char(8) DEFAULT NULL COMMENT 'TRIAL',
  `ret_ac_no` char(8) DEFAULT NULL COMMENT 'TRIAL',
  `pur_ac_no` char(8) DEFAULT NULL COMMENT 'TRIAL',
  `store_id` int(11) DEFAULT 1 COMMENT 'TRIAL',
  `itype` char(1) DEFAULT 'I' COMMENT 'TRIAL',
  `pur_ac_no_f` char(8) DEFAULT NULL COMMENT 'TRIAL',
  `trial582` char(1) DEFAULT NULL COMMENT 'TRIAL'
) ENGINE=InnoDB DEFAULT CHARSET=utf8mb4 COLLATE=utf8mb4_general_ci COMMENT='TRIAL';

--
-- Dumping data for table `invoice_classes`
--

INSERT INTO `invoice_classes` (`inv_class`, `class_name`, `sales_ac_no`, `tax_ac_no`, `ret_ac_no`, `pur_ac_no`, `store_id`, `itype`, `pur_ac_no_f`, `trial582`) VALUES
('1', 'مبيعات ', '32110001', '22120001', '32110001', '32110001', 3, '1', NULL, 'T'),
('10', 'مشتريات محلية - مواد خام', '33110001', '22120001', '33110001', '33110001', 1, '2', NULL, 'T'),
('11', 'مشتريات خارجية - مواد خام', '33120001', '22120001', '33120001', '33120001', 1, '2', NULL, 'T');

-- --------------------------------------------------------

--
-- Table structure for table `inv_areas`
--

CREATE TABLE `inv_areas` (
  `area_no` char(8) NOT NULL COMMENT 'TRIAL',
  `name` varchar(50) DEFAULT NULL COMMENT 'TRIAL',
  `region_no` char(8) DEFAULT NULL COMMENT 'TRIAL',
  `export` int(11) DEFAULT 0 COMMENT 'TRIAL',
  `rep_no` int(11) DEFAULT 0 COMMENT 'TRIAL',
  `area_no_paded` char(5) DEFAULT NULL COMMENT 'TRIAL',
  `trial582` char(1) DEFAULT NULL COMMENT 'TRIAL'
) ENGINE=InnoDB DEFAULT CHARSET=utf8mb4 COLLATE=utf8mb4_general_ci COMMENT='TRIAL';

--
-- Dumping data for table `inv_areas`
--

INSERT INTO `inv_areas` (`area_no`, `name`, `region_no`, `export`, `rep_no`, `area_no_paded`, `trial582`) VALUES
('0', 'غير محدد', NULL, NULL, NULL, '00000', 'T'),
('1', 'الجزائر', NULL, 0, 0, '00001', 'T'),
('100', 'الجزائر', NULL, 0, NULL, '00100', 'T');

-- --------------------------------------------------------

--
-- Table structure for table `inv_att2`
--

CREATE TABLE `inv_att2` (
  `att2` char(8) NOT NULL COMMENT 'TRIAL',
  `dsc` varchar(256) DEFAULT NULL COMMENT 'TRIAL',
  `cost_center_id` int(11) DEFAULT NULL COMMENT 'TRIAL',
  `trial582` char(1) DEFAULT NULL COMMENT 'TRIAL'
) ENGINE=InnoDB DEFAULT CHARSET=utf8mb4 COLLATE=utf8mb4_general_ci COMMENT='TRIAL';

-- --------------------------------------------------------

--
-- Table structure for table `inv_attachments`
--

CREATE TABLE `inv_attachments` (
  `invoice_serial` int(11) NOT NULL COMMENT 'TRIAL',
  `att2` char(8) DEFAULT NULL COMMENT 'TRIAL',
  `att3` varchar(80) DEFAULT NULL COMMENT 'TRIAL',
  `att4` varchar(80) DEFAULT NULL COMMENT 'TRIAL',
  `att1` varchar(80) DEFAULT NULL COMMENT 'TRIAL',
  `add1` double NOT NULL DEFAULT 0 COMMENT 'TRIAL',
  `add2` double NOT NULL DEFAULT 0 COMMENT 'TRIAL',
  `add3` double NOT NULL DEFAULT 0 COMMENT 'TRIAL',
  `add4` double NOT NULL DEFAULT 0 COMMENT 'TRIAL',
  `trial582` char(1) DEFAULT NULL COMMENT 'TRIAL'
) ENGINE=InnoDB DEFAULT CHARSET=utf8mb4 COLLATE=utf8mb4_general_ci COMMENT='TRIAL';

-- --------------------------------------------------------

--
-- Table structure for table `inv_batches`
--

CREATE TABLE `inv_batches` (
  `batchid` int(11) NOT NULL COMMENT 'TRIAL',
  `batchno` varchar(12) DEFAULT NULL COMMENT 'TRIAL',
  `dt` datetime DEFAULT NULL COMMENT 'TRIAL',
  `item_no` char(12) DEFAULT NULL COMMENT 'TRIAL',
  `mfg_dt` datetime DEFAULT NULL COMMENT 'TRIAL',
  `note` varchar(256) DEFAULT '' COMMENT 'TRIAL',
  `remark` varchar(64) DEFAULT '' COMMENT 'TRIAL',
  `val` double DEFAULT 0 COMMENT 'TRIAL',
  `factive` int(11) DEFAULT 0 COMMENT 'TRIAL',
  `trial582` char(1) DEFAULT NULL COMMENT 'TRIAL'
) ENGINE=InnoDB DEFAULT CHARSET=utf8mb4 COLLATE=utf8mb4_general_ci COMMENT='TRIAL';

-- --------------------------------------------------------

--
-- Table structure for table `inv_closing`
--

CREATE TABLE `inv_closing` (
  `inv_serial` int(11) DEFAULT NULL COMMENT 'TRIAL',
  `vchr_serial` int(11) DEFAULT NULL COMMENT 'TRIAL',
  `val` double DEFAULT NULL COMMENT 'TRIAL',
  `trial582` char(1) DEFAULT NULL COMMENT 'TRIAL'
) ENGINE=InnoDB DEFAULT CHARSET=utf8mb4 COLLATE=utf8mb4_general_ci COMMENT='TRIAL';

-- --------------------------------------------------------

--
-- Table structure for table `inv_copies`
--

CREATE TABLE `inv_copies` (
  `copy_no` int(11) DEFAULT NULL COMMENT 'TRIAL',
  `copy_name` varchar(40) DEFAULT NULL COMMENT 'TRIAL',
  `copy_note` varchar(40) DEFAULT NULL COMMENT 'TRIAL',
  `tax_no` varchar(20) DEFAULT NULL COMMENT 'TRIAL',
  `inv_line1` char(60) DEFAULT NULL COMMENT 'TRIAL',
  `inv_line2` char(60) DEFAULT NULL COMMENT 'TRIAL',
  `inv_line3` char(60) DEFAULT NULL COMMENT 'TRIAL',
  `inv_line4` char(60) DEFAULT NULL COMMENT 'TRIAL',
  `inv_line1_size` int(11) DEFAULT 14 COMMENT 'TRIAL',
  `inv_line2_size` int(11) DEFAULT 12 COMMENT 'TRIAL',
  `inv_line3_size` int(11) DEFAULT 12 COMMENT 'TRIAL',
  `inv_line4_size` int(11) DEFAULT 12 COMMENT 'TRIAL',
  `inv_logo` int(11) DEFAULT 0 COMMENT 'TRIAL',
  `trial582` char(1) DEFAULT NULL COMMENT 'TRIAL'
) ENGINE=InnoDB DEFAULT CHARSET=utf8mb4 COLLATE=utf8mb4_general_ci COMMENT='TRIAL';

--
-- Dumping data for table `inv_copies`
--

INSERT INTO `inv_copies` (`copy_no`, `copy_name`, `copy_note`, `tax_no`, `inv_line1`, `inv_line2`, `inv_line3`, `inv_line4`, `inv_line1_size`, `inv_line2_size`, `inv_line3_size`, `inv_line4_size`, `inv_logo`, `trial582`) VALUES
(1, 'Original ', ' ', '1 1 8 9 5 2 8 4', NULL, NULL, NULL, NULL, NULL, NULL, NULL, NULL, NULL, 'T'),
(2, 'Copy', ' ', '1 1 8 9 5 2 8 4', NULL, NULL, NULL, NULL, NULL, NULL, NULL, NULL, NULL, 'T');

-- --------------------------------------------------------

--
-- Table structure for table `inv_customs`
--

CREATE TABLE `inv_customs` (
  `custom_type` int(11) NOT NULL COMMENT 'TRIAL',
  `custom_id` char(8) NOT NULL COMMENT 'TRIAL',
  `dsc` varchar(80) DEFAULT NULL COMMENT 'TRIAL',
  `trial582` char(1) DEFAULT NULL COMMENT 'TRIAL'
) ENGINE=InnoDB DEFAULT CHARSET=utf8mb4 COLLATE=utf8mb4_general_ci COMMENT='TRIAL';

-- --------------------------------------------------------

--
-- Table structure for table `inv_forms`
--

CREATE TABLE `inv_forms` (
  `form_id` char(10) DEFAULT NULL COMMENT 'TRIAL',
  `caption` varchar(80) DEFAULT NULL COMMENT 'TRIAL',
  `visible` char(1) DEFAULT 'Y' COMMENT 'TRIAL',
  `ecaption` varchar(80) DEFAULT '' COMMENT 'TRIAL',
  `trial582` char(1) DEFAULT NULL COMMENT 'TRIAL'
) ENGINE=InnoDB DEFAULT CHARSET=utf8mb4 COLLATE=utf8mb4_general_ci COMMENT='TRIAL';

-- --------------------------------------------------------

--
-- Table structure for table `inv_functions`
--

CREATE TABLE `inv_functions` (
  `fn_id` int(11) NOT NULL COMMENT 'TRIAL',
  `fn` char(32) DEFAULT NULL COMMENT 'TRIAL',
  `fn_type` varchar(12) DEFAULT NULL COMMENT 'TRIAL',
  `dsc` varchar(80) DEFAULT NULL COMMENT 'TRIAL',
  `trial582` char(1) DEFAULT NULL COMMENT 'TRIAL'
) ENGINE=InnoDB DEFAULT CHARSET=utf8mb4 COLLATE=utf8mb4_general_ci COMMENT='TRIAL';

--
-- Dumping data for table `inv_functions`
--

INSERT INTO `inv_functions` (`fn_id`, `fn`, `fn_type`, `dsc`, `trial582`) VALUES
(0, 'non', 'non', '-', 'T'),
(1, 'sPOSUsers', 'Prv', 'صلاحيات نقاط البيع', 'T'),
(2, 'sSettings', 'Settings', 'إعدادات', 'T'),
(4, 'sUsers', 'Prv', 'المستخدمين', 'T'),
(5, 'fExit', 'Fnc', 'الخروج', 'T'),
(6, 'sItems', 'MCard', 'بطاقات الأصناف', 'T'),
(7, 'sSuppliers', 'MCard', 'الموردين', 'T'),
(8, 'sClassifications', 'MCard', 'التصنيفات', 'T'),
(9, 'sAreas', 'MCard', 'المناطق', 'T'),
(10, 'sRepresentative', 'MCard', 'المندوبين', 'T'),
(11, 'sAtt2', 'MCard', 'البيانات الجمركية-مرفق الفواتير', 'T'),
(12, 'sCustom3', 'MCard', 'الناشر', 'T'),
(13, 'sCustom4', 'MCard', 'المؤلف', 'T'),
(14, 'dSales', 'MD', 'فواتير المبيعات', 'T'),
(15, 'dReturns', 'MD', 'فواتير المرتجعات', 'T'),
(16, 'dPOSPurchase', 'MD', 'المشتريات', 'T'),
(17, 'dReceiveItems', 'MD', 'سندات الإستلام', 'T'),
(18, 'dDesposeItems', 'MD', 'سندات التسليم', 'T'),
(19, 'dMoveItems', 'MD', 'سندات النقل', 'T'),
(20, 'dRReceipts', 'MD', 'تسليم مواد خام', 'T'),
(21, 'dProductionSheets', 'MD', 'كشوف إنتاج', 'T'),
(22, 'dPReceipts', 'MD', 'إستلام المنتجات', 'T'),
(23, 'sPrintLabels', 'PRNT', 'طباعة الملصقات', 'T'),
(24, 'rfProdution', 'chkRprt', 'كشوف الإنتاج', 'T'),
(25, 'rfItemsMoveLst', 'chkRprt', 'كشف سندات نقل', 'T'),
(26, 'rfNonPostedInvoiceList', 'chkRprt', 'كشف الفواتير غير المرحلة', 'T'),
(27, 'rfNonPostedReturnList', 'chkRprt', 'كشف المرتجعات غير المرحلة', 'T'),
(28, 'rfNonPostedItemsPurList', 'chkRprt', 'كشف المدخلات غير المرحلة', 'T'),
(29, 'rfNonPostedItemsDesList', 'chkRprt', 'كشف المخرجات غير المرحلة', 'T'),
(30, 'rfNPProductionSheet', 'chkRprt', 'كشوف انتاج غير مرحلة', 'T'),
(31, 'rfNPRReceipts', 'chkRprt', 'سندات تسليم مواد خام', 'T'),
(32, 'rfNPPReceipts', 'chkRprt', 'سندات استلام غير مرحلة', 'T'),
(33, 'rfNonPostedRepSales', 'chkRprt', 'كشف مبيعات مندوبي مبيعات', 'T'),
(34, 'rfQInvoicelist', 'chkRprt', 'كشف مختصر بالفواتير', 'T'),
(35, 'sPostPReceipts', 'Post', 'ترحيل سندات تسليم مواد خام', 'T'),
(36, 'sPostProdSheet', 'Post', 'ترحيل كشوف الإنتاج', 'T'),
(37, 'sPostRReceipts', 'Post', 'ترحيل سندات إستلام المنتج', 'T'),
(38, 'sMoveInvoices', 'Post', 'ترحيل الفواتير', 'T'),
(39, 'sMoveReturns', 'Post', 'ترحيل المرتجعات', 'T'),
(40, 'sMoveItemsPurchase', 'Post', 'ترحيل المدخلات', 'T'),
(41, 'sMoveItemsDespose', 'Post', 'ترحيل المخرجات', 'T'),
(42, 'sItemsMovePost', 'Post', 'ترحيل سندات نقل', 'T'),
(43, 'rfPostedMoveItems', 'Prnt', 'طباعة سندات نقل', 'T'),
(44, 'rfPostedInvoiceList', 'Prnt', 'طباعة الفواتير من رقم الى رقم', 'T'),
(45, 'rfPostedReturnList', 'Prnt', 'طباعة المرتجعات من رقم الى رقم', 'T'),
(46, 'rfPostedItemsPurList', 'Prnt', 'طباعة مستندات إدخال من رقم الى رقم', 'T'),
(47, 'rfPostedItemsDesList', 'Prnt', 'طباعة مستندات إخراج من رقم الى رقم', 'T'),
(48, 'rfStocksReport', 'Rprt', 'تقرير الجرد', 'T'),
(49, 'rfMovementsReport', 'Rprt', 'تقرير حركات الأصناف', 'T'),
(50, 'rfSoldItemsCostReport', 'Rprt', 'كشف كلفة المبيعات', 'T'),
(51, 'rfSoldItemsPriceReport', 'Rprt', 'كشف مبيعات الأصناف', 'T'),
(52, 'rfPostedRepSales', 'Rprt', 'تقرير مبيعات مندوبي مبيعات', 'T'),
(53, 'rfMovementsWCost', 'Rprt', 'كشف حركات الأصناف مع الكلف', 'T'),
(54, 'rfAboutSystem', 'Fnc', 'حول النظام', 'T'),
(55, 'sRoles', 'Prv', 'صلاحيات المستخدمين', 'T'),
(56, 'sChanegPass', 'Prv', 'تغيير كلمة السر', 'T'),
(57, 'rfStocksReportWCost', 'Rprt', 'كشف الجرد مع الكلف', 'T'),
(58, 'rfStocksReportWPrices', 'Rprt', 'قائمة الأسعار', 'T'),
(59, 'rfClientSoldItemsReport', 'Rprt', 'تقرير مبيعات العملاء', 'T'),
(60, 'dOffers', 'MD', 'عروض الأسعار', 'T'),
(61, 'rfNonPostedOfferList', 'MD', 'كشف عروض الأسعار', 'T'),
(62, 'rfPostedOfferList', 'MD', 'طباعة عروض الأسعار', 'T'),
(63, 'rfQtysOnHands', 'MD', ' كشف أرصدة البضائع', 'T'),
(64, 'dPurchOrders', 'MD', ' الطلبيات', 'T'),
(65, 'rfSupplierQty', 'MD', ' الكميات الواردة- حسب المورد', 'T'),
(66, 'dAssembleItems', 'MD', ' كشوف الإنتاج - معادلات التصنيع', 'T'),
(67, 'rfNonPostedAssemble', 'MD', ' طباعة كشوف الإنتاج - معادلات التصنيع', 'T'),
(68, 'sMoveAssembleIteme', 'MD', ' ترحيل كشوف الإنتاج - معادلات التصنيع', 'T'),
(69, 'rfPostedAssembleItems', 'MD', ' طباعة كشوف الإنتاج - معادلات التصنيع', 'T'),
(70, 'sDocCredits', 'SF', 'الاعتمادات المستندية', 'T'),
(71, 'sFindItems', 'SF', ' الإستعلام عن الأصناف', 'T'),
(75, 'sStoreType', 'SF', ' المستودعات', 'T'),
(76, 'rfSalesAnalysesRep', 'RF', ' تحليل المبيعات', 'T'),
(79, 'rfItemAccSalesRep', 'RF', ' مبيعات الأصناف على العملاء', 'T'),
(80, 'rfItemAreaSalesRep', 'RF', ' مبيعات الأصناف على المناطق', 'T'),
(81, 'rfItemStock2DtRep', 'RF', ' مجمل حركات الأصناف', 'T'),
(88, 'dEnquiry', 'MD', 'طلب أسعار', 'T'),
(89, 'dQuotation', 'MD', 'عرض أسعار', 'T'),
(90, 'dRequisition', 'MD', 'طلب توريد-داخلي', 'T'),
(91, 'sEmployees', 'SF', 'الموظفين', 'T'),
(92, 'rfMoveUnPostedRep', 'RF', 'كشف حركات الأصناف -قبل الترحيل', 'T'),
(93, 'sMachines', 'SF', ' الآليات', 'T'),
(94, 'sMachineTypes', 'SF', ' انواع الآليات', 'T'),
(95, 'sServices', 'SF', ' الخدمات', 'T'),
(96, 'dPurchInv', 'MD', ' فواتير المشتريات', 'T'),
(97, 'dPurchRet', 'MD', ' مردودات المشتريات', 'T'),
(98, 'dMaintenance', 'MD', 'الصيانة', 'T'),
(99, 'dIntJobOrder', 'MD', 'امر صيانة داخلي', 'T'),
(100, 'dExtJobOrder', 'MD', 'أمر صيانة خارجي', 'T'),
(101, 'dIssueParts', 'MD', 'صرف قطع الفيار', 'T'),
(102, 'ddReceiveParts', 'MD', 'إعادة قطع الغيار', 'T'),
(103, 'rfNonPostedPurchList', 'chkRprt', 'كشف المشتريات الغير مرحلة', 'T'),
(104, 'rfNonPostedPurchRetList', 'chkRprt', 'كشف المردودات الغير مرحلة', 'T'),
(105, 'sMovePurchInv', 'post', 'ترحيل المشتريات', 'T'),
(106, 'sMovePurchRet', 'post', 'ترحيل المردودات', 'T'),
(107, 'rfPostedPurchList', 'prnt', 'طباعة المشتريات من رقم الى رقم', 'T'),
(108, 'rfPostedPurchRetList', 'prnt', 'طباعة المردودات من رقم الى رقم', 'T'),
(109, 'rfItemAccPurchRep', 'RF', 'المشتريات حسب الموردين', 'T'),
(110, 'rfNPostIntJobOrdLst', 'chkRprt', ' كشف اوامر الصيانة -داخلي', 'T'),
(111, 'rfNPostExtJobOrdLst', 'chkRprt', ' كشف اوامر الصيانة-خارجي', 'T'),
(112, 'sPostIntJobOrd', 'post', 'ترحيل اوامر الصيانة - داخلي', 'T'),
(113, 'sPostExtJobOrd', 'post', 'ترحيل اوامر الصيانة -خارجي', 'T'),
(114, 'rfPrntIntJobOrd', 'prnt', 'طباعة اوامر الصيانة -داخلي', 'T'),
(115, 'rfPrntExtJobOrd', 'prnt', 'طباعة اوامر الصيانة -خارجي', 'T'),
(116, 'rfNPostIssuPartsLst', 'chkRprt', ' كشف سندات صرف القطع', 'T'),
(117, 'rfNPostReceivePartsLst', 'chkRprt', ' كشف سندات إرجاع القطع', 'T'),
(118, 'sPostIssuParts', 'post', 'ترحيل سندات صرف القطع', 'T'),
(119, 'sPostReceiveParts', 'post', 'ترحيل سندات إرجاع القطع', 'T'),
(120, 'rfPrntIssuParts', 'prnt', 'طباعة سندات صرف القطع', 'T'),
(121, 'rfPrntReceiveParts', 'prnt', 'إعادة سندات صرف القطع', 'T'),
(122, 'rfRunningCostReport', 'RP', 'كشف الكلف التشغيلية', 'T'),
(123, 'rfUsedPartsReport', 'RP', 'كشف القطع المستهلكة', 'T'),
(124, 'rfMaintReport', 'RP', 'تقرير الصيانة', 'T'),
(125, 'rfRepairsReport', 'RP', 'تقرير الإصلاحات', 'T'),
(126, 'rfItemsOutReport', 'RP', 'بيان صرف المواد', 'T'),
(127, 'rfQuickReport', 'RP', 'كشف السجلات الرأئيسية', 'T'),
(151, 'rfMoveUnPostedRep', 'RF', 'كشف حركات الأصناف -قبل الترحيل', 'T'),
(152, 'sCollectCrop', 'SF', 'انهاء دورة تربية ', 'T'),
(153, 'rfUnpostMovementsRep', 'RF', 'حركات الأصناف -قبل الترحيل', 'T'),
(154, 'rfSalesTax', 'MD', 'بيان ضريبة المبيعات', 'T'),
(155, 'sChkSequences', 'SF', 'فحص تسلسل السندات', 'T'),
(156, 'rfClientsSalesSht', 'RF', 'كشف تحليل مبيعات العملاء', 'T'),
(157, 'rfClientPurchItemsReport', 'RF', ' المشتريات من الموردين ', 'T'),
(158, 'sVInvClosing', 'SF', ' إقفال الفواتير بسندات القبض ', 'T'),
(159, 'sInvClosing', 'SF', 'إقفال الفواتير', 'T'),
(160, 'rInvClosing', 'RF', ' تقرير إقفال الفواتير ', 'T'),
(161, 'sCustomers', 'SF', 'العملاء', 'T'),
(162, 'sBatchInfo', 'SF', 'معلومات الباتشات', 'T'),
(163, 'dReceiveItemsTmp', 'MD', 'إدخال مؤقت', 'T'),
(164, 'sItemsT', 'SF', 'اصناف - المبيعات', 'T'),
(165, 'dSales_t', 'MD', 'فواتير المبيعات', 'T'),
(166, 'dReturns_t', 'MD', 'مردودات المبيعات', 'T'),
(167, 'dOffers_t', 'MD', 'عروض الأسعار', 'T'),
(168, 'dPurchInv_t', 'MD', 'فواتير المشتريات', 'T'),
(169, 'dPurchRet_t', 'MD', 'مردودات المشتريات ', 'T'),
(170, 'rfSalesTax2', 'SF', ' 2 بيان ضريبة المبيعات', 'T'),
(171, 'rfUnpostMovementsWCST', 'SF', 'الكميات مع الكلف', 'T'),
(172, 'rfMovementsWCST', 'SF', ' الكميات مع الكلف-قبل الترحيل', 'T'),
(173, 'dProductionSheets2', 'MD', 'كشوف الانتاج للمزارع', 'T'),
(174, 'rfNPProductionSheet2', 'RF', ' طباعة كشوف الانتاج للمزارع', 'T'),
(175, 'sPostProdSheet2', 'post', ' ترحيل كشوف الانتاج للمزارع', 'T'),
(176, 'rfProdution2', 'RF', 'بيان الانتاج للمزارع', 'T'),
(177, 'sApproveProdSheet', 'post', ' المصادقة على سندات الانتاج', 'T'),
(178, 'sApproveProdSheet2', 'post', 'المصادقة على سندات الانتاج للمزارع', 'T'),
(179, 'sApproveOfers', 'post', ' المصادقة على اوامر البيع', 'T'),
(201, 'rfMaintReport', 'SF', 'تقرير الصيانة', 'T'),
(202, 'rfRepairsReport', 'SF', 'تقرير الاصلاحات', 'T'),
(203, 'rfMaintRep1', 'RF', 'تقرير مبيعات جميع المندوبين', 'T'),
(204, 'rfMaintRep2', 'RF', 'تقرير تكلفة اوامر الصيانة', 'T'),
(205, 'rfMaintRep3', 'RF', 'تقرير تكلفة اوامر الصيانة', 'T'),
(206, 'rfMaintRep4', 'RF', 'تقرير تكلفة اوامر الصيانة', 'T'),
(207, 'rfMaintRep5', 'RF', 'تقرير تكلفة اوامر الصيانة', 'T'),
(208, 'rfMaintRep6', 'RF', 'تقرير تكلفة اوامر الصيانة', 'T'),
(209, 'rfMaintRep7', 'RF', 'تقرير تحليل المصاريف للمزارع - انتاج الريش', 'T'),
(210, 'rfMaintRep8', 'RF', 'تقرير تكلفة اوامر الصيانة', 'T'),
(211, 'rfMaintRep9', 'RF', 'تقرير تكلفة اوامر الصيانة', 'T'),
(212, 'rfMaintRep10', 'RF', 'تقرير تكلفة اوامر الصيانة', 'T'),
(213, 'rfMaintRep11', 'RF', 'تقرير تكلفة اوامر الصيانة', 'T'),
(214, 'rfMaintRep12', 'RF', 'تقرير تكلفة اوامر الصيانة', 'T'),
(215, 'dPOSSales', 'SF', ' POS فاتور مبيعات', 'T'),
(216, 'sMovePOSInv', 'SF', 'POS ترحيل المبيعات من ', 'T'),
(217, 'rfNonPostedPOSInvList', 'SF', 'POS كشف المبيعات اليومية  ', 'T'),
(218, 'dPOSSales', 'SF', 'فواتير مبيعات -POS', 'T'),
(219, 'sMovePOSInv', 'post', 'تحويل المبيعات من POS', 'T'),
(220, 'rfNonPostedPosInvList', 'RP', 'كشـف المبيعات اليومية -POS', 'T'),
(221, 'rfClientPurchItemsReport', 'RF', 'تحليل المشتريات من  مورد ', 'T'),
(222, 'dOffers_t', 'MD', 'عروض الأسعار- اصناف المبيعات', 'T'),
(223, 'dPurchInv_t', 'MD', 'فواتير المشتريات- اصناف المبيعات', 'T'),
(224, 'dPurchRet_t', 'MD', 'مردودات المشتريات - اصناف المبيعات', 'T'),
(225, 'rfNonPostedTPurchList', 'RP', ' كشف فواتير المشتريات - اصناف المبيعات ', 'T'),
(226, 'rfNonPostedTPurRetList', 'RP', ' كشف مردودات المبيعات اصناف المبيعات ', 'T'),
(227, 'rfPostedTPurList', 'RP', ' كشف فواتير المشتريات - اصناف المبيعات ', 'T'),
(228, 'rfPostedTPurRetList', 'RP', ' كشف مردودات المبيعات اصناف المبيعات ', 'T'),
(229, 'rfNonPostedTOfrList', 'RP', ' كشف عروض الاسعار - اصناف المبيعات', 'T'),
(230, 'rfNonPostedTOfrList', 'RP', ' كشف عروض الاسعار - اصناف المبيعات', 'T'),
(231, 'rfClientPurchItemsReport', 'RP', 'كشـف المشتريات من مورد', 'T'),
(232, 'rfClientsSalesSht', 'RP', 'كشـف الفواتير لعميل', 'T'),
(233, 'rfPurchaseOrder', 'RP', 'كشــف الطلبيـــات', 'T'),
(234, 'rfPOSDailySalest', 'RF', 'كشف فواتير نقاط البيع - لليوم الحالي', 'T'),
(235, 'rfPOS2DateSales', 'RF', 'كشف فواتير نقاط البيع - للايام السابقة', 'T'),
(236, 'rfPosOnHoldSales', 'RF', 'كشف فواتير نقاط البيع و الحركات المعلقة', 'T'),
(237, 'rfMaintRep13', 'RF', 'تقرير تكلفة اوامر الصيانة', 'T'),
(238, 'rfMaintRep14', 'RF', 'تقرير تكلفة اوامر الصيانة', 'T'),
(239, 'rfMaintRep15', 'RF', 'تقرير تكلفة اوامر الصيانة', 'T'),
(240, 'rfMaintRep16', 'RF', 'تقرير تكلفة اوامر الصيانة', 'T'),
(241, 'rfMaintRep17', 'RF', 'تقرير تكلفة اوامر الصيانة', 'T'),
(242, 'rfMaintRep18', 'RF', 'تقرير تكلفة اوامر الصيانة', 'T'),
(243, 'rfMaintRep19', 'RF', 'تقرير تكلفة اوامر الصيانة', 'T'),
(244, 'rfMaintRep20', 'RF', 'تقرير تكلفة اوامر الصيانة', 'T'),
(245, 'rfMaintRep21', 'RF', 'تقرير تكلفة اوامر الصيانة', 'T'),
(246, 'rfMaintRep22', 'RF', 'تقرير تكلفة اوامر الصيانة', 'T'),
(247, 'rfMaintRep23', 'RF', 'تقرير تكلفة اوامر الصيانة', 'T'),
(248, 'rfMaintRep24', 'RF', 'تقرير تكلفة اوامر الصيانة', 'T'),
(249, 'rfNonPostedOfrList', 'RF', 'تقرير عروض الاسعار - اصناف المبيعات', 'T'),
(250, 'rfPostedOfrList', 'RF', 'تقرير عروض الاسعار - اصناف المبيعات', 'T'),
(251, 'rfNonPostedItemsMList', 'SF', 'طباعة سند ادخال مؤقتM', 'T'),
(252, 'rfNonPostedItemsTList', 'SF', 'طباعة سند ادخال مؤقتT', 'T'),
(253, 'rfPostedItemsMList', 'SF', 'طباعة سند ادخال مؤقتM', 'T'),
(254, 'rfPostedItemsTList', 'SF', 'طباعة سند ادخال مؤقتT', 'T'),
(255, 'rfGeneralRep1', 'SF', 'تقارير تحليلية مخصصة ', 'T'),
(256, 'rfGeneralRep2', 'SF', 'تقارير تحليلية مخصصة ', 'T'),
(257, 'rfGeneralRep3', 'SF', 'تقارير تحليلية مخصصة ', 'T'),
(258, 'rfGeneralRep4', 'SF', 'تقارير تحليلية مخصصة ', 'T'),
(259, 'rfGeneralRep5', 'SF', 'تقارير تحليلية مخصصة ', 'T'),
(260, 'rfGeneralRep6', 'SF', 'تقارير تحليلية مخصصة ', 'T'),
(261, 'rfGeneralRep7', 'SF', 'تقارير تحليلية مخصصة ', 'T'),
(262, 'rfGeneralRep8', 'SF', 'تقارير تحليلية مخصصة ', 'T'),
(263, 'rfGeneralRep9', 'SF', 'تقارير تحليلية مخصصة ', 'T'),
(264, 'rfGeneralRep10', 'SF', 'تقارير تحليلية مخصصة ', 'T');

-- --------------------------------------------------------

--
-- Table structure for table `inv_keys`
--

CREATE TABLE `inv_keys` (
  `invoice_bond_serial` int(11) NOT NULL COMMENT 'TRIAL',
  `show_keys` int(11) DEFAULT 1 COMMENT 'TRIAL',
  `trial582` char(1) DEFAULT NULL COMMENT 'TRIAL'
) ENGINE=InnoDB DEFAULT CHARSET=utf8mb4 COLLATE=utf8mb4_general_ci COMMENT='TRIAL';

--
-- Dumping data for table `inv_keys`
--

INSERT INTO `inv_keys` (`invoice_bond_serial`, `show_keys`, `trial582`) VALUES
(63756, 3, 'T'),
(63759, 3, 'T'),
(63760, 3, 'T'),
(63761, 3, 'T'),
(63764, 3, 'T'),
(63765, 3, 'T'),
(63766, 3, 'T'),
(63767, 3, 'T'),
(63768, 3, 'T'),
(63769, 3, 'T'),
(63770, 3, 'T'),
(63771, 3, 'T'),
(63773, 3, 'T'),
(63775, 3, 'T'),
(63776, 3, 'T'),
(63778, 3, 'T'),
(63779, 3, 'T'),
(63780, 3, 'T'),
(63781, 3, 'T'),
(63784, 3, 'T'),
(63786, 3, 'T');

-- --------------------------------------------------------

--
-- Table structure for table `inv_menus`
--

CREATE TABLE `inv_menus` (
  `id` int(11) NOT NULL COMMENT 'TRIAL',
  `fn_id` int(11) DEFAULT NULL COMMENT 'TRIAL',
  `enabled` char(1) DEFAULT 'Y' COMMENT 'TRIAL',
  `visible` char(1) DEFAULT 'Y' COMMENT 'TRIAL',
  `ord` int(11) DEFAULT NULL COMMENT 'TRIAL',
  `parent` int(11) DEFAULT NULL COMMENT 'TRIAL',
  `caption` varchar(80) DEFAULT NULL COMMENT 'TRIAL',
  `ecaption` varchar(80) DEFAULT '' COMMENT 'TRIAL',
  `trial582` char(1) DEFAULT NULL COMMENT 'TRIAL'
) ENGINE=InnoDB DEFAULT CHARSET=utf8mb4 COLLATE=utf8mb4_general_ci COMMENT='TRIAL';



-- --------------------------------------------------------

--
-- Table structure for table `inv_move_type`
--

CREATE TABLE `inv_move_type` (
  `move_type` char(1) NOT NULL COMMENT 'TRIAL',
  `dsc` varchar(40) DEFAULT NULL COMMENT 'TRIAL',
  `edsc` varchar(40) DEFAULT NULL COMMENT 'TRIAL',
  `inout` int(11) DEFAULT NULL COMMENT 'TRIAL',
  `need_approval` int(11) DEFAULT NULL COMMENT 'TRIAL',
  `trial582` char(1) DEFAULT NULL COMMENT 'TRIAL'
) ENGINE=InnoDB DEFAULT CHARSET=utf8mb4 COLLATE=utf8mb4_general_ci COMMENT='TRIAL';

--
-- Dumping data for table `inv_move_type`
--

INSERT INTO `inv_move_type` (`move_type`, `dsc`, `edsc`, `inout`, `need_approval`, `trial582`) VALUES
('1', 'فاتورة', 'Invoice', -1, 1, 'T'),
('2', 'مرتجع', 'Returns', 1, 1, 'T'),
('3', 'سند اخراج', 'Issue Items', -1, 0, 'T'),
('4', 'سند ادخال', 'Recieve Items', 1, 0, 'T'),
('5', 'نقل', 'Move Items', -1, 1, 'T'),
('6', 'تسليم مواد خام للمصنع', NULL, -1, 0, 'T'),
('7', '-', '-', -1, 1, 'T'),
('8', 'استلام من المصنع', 'E', -1, 0, 'T'),
('b', 'A', 'E', -1, 0, 'T'),
('c', 'انتاج مزارع', 'Farms', 1, 1, 'T'),
('O', 'عروض اسعار', 'Offers', 0, 1, 'T'),
('P', 'مشتريات', 'Purchase', 1, 1, 'T'),
('R', 'مردودات مشتريات', 'Purch - Ret', -1, 1, 'T'),
('T', 'ادخال مؤقت', 'Remp Receive', 0, 0, 'T');

-- --------------------------------------------------------

--
-- Table structure for table `inv_price_list`
--

CREATE TABLE `inv_price_list` (
  `item_no` char(12) NOT NULL COMMENT 'TRIAL',
  `ac_no` char(8) NOT NULL COMMENT 'TRIAL',
  `last_move` int(11) DEFAULT NULL COMMENT 'TRIAL',
  `min_move` int(11) DEFAULT NULL COMMENT 'TRIAL',
  `max_move` int(11) DEFAULT NULL COMMENT 'TRIAL',
  `last_price` double DEFAULT NULL COMMENT 'TRIAL',
  `min_price` double DEFAULT NULL COMMENT 'TRIAL',
  `max_price` double DEFAULT NULL COMMENT 'TRIAL',
  `trial582` char(1) DEFAULT NULL COMMENT 'TRIAL'
) ENGINE=InnoDB DEFAULT CHARSET=utf8mb4 COLLATE=utf8mb4_general_ci COMMENT='TRIAL';

--
-- Dumping data for table `inv_price_list`
--

INSERT INTO `inv_price_list` (`item_no`, `ac_no`, `last_move`, `min_move`, `max_move`, `last_price`, `min_price`, `max_price`, `trial582`) VALUES
('10.001', '11110001', 230125, 230125, 230125, 0, 0, 0, 'T');

-- --------------------------------------------------------

--
-- Table structure for table `inv_privileges`
--

CREATE TABLE `inv_privileges` (
  `id` int(11) NOT NULL COMMENT 'TRIAL',
  `menu_id` int(11) DEFAULT NULL COMMENT 'TRIAL',
  `enabled` char(1) DEFAULT 'N' COMMENT 'TRIAL',
  `role_no` char(8) DEFAULT NULL COMMENT 'TRIAL',
  `trial585` char(1) DEFAULT NULL COMMENT 'TRIAL'
) ENGINE=InnoDB DEFAULT CHARSET=utf8mb4 COLLATE=utf8mb4_general_ci COMMENT='TRIAL';

--
-- Dumping data for table `inv_privileges`
--

INSERT INTO `inv_privileges` (`id`, `menu_id`, `enabled`, `role_no`, `trial585`) VALUES
(735, 87, 'N', '1', 'T'),
(737, 102, 'N', '1', 'T'),
(739, 93, 'Y', '1', 'T'),
(741, 76, 'N', '1', 'T'),
(743, 77, 'Y', '1', 'T'),
(745, 78, 'Y', '1', 'T'),
(747, 79, 'Y', '1', 'T'),
(749, 80, 'Y', '1', 'T'),
(751, 81, 'N', '1', 'T'),
(753, 82, 'Y', '1', 'T'),
(755, 1, 'Y', '1', 'T'),
(756, 2, 'Y', '1', 'T'),
(757, 3, 'Y', '1', 'T'),
(758, 4, 'Y', '1', 'T'),
(759, 5, 'Y', '1', 'T'),
(760, 6, 'Y', '1', 'T'),
(761, 7, 'Y', '1', 'T'),
(762, 8, 'Y', '1', 'T'),
(763, 12, 'Y', '1', 'T'),
(764, 14, 'Y', '1', 'T'),
(765, 15, 'Y', '1', 'T'),
(766, 16, 'Y', '1', 'T'),
(767, 17, 'Y', '1', 'T'),
(768, 18, 'Y', '1', 'T'),
(769, 19, 'Y', '1', 'T'),
(770, 20, 'Y', '1', 'T'),
(771, 21, 'N', '1', 'T'),
(772, 22, 'N', '1', 'T'),
(773, 23, 'N', '1', 'T'),
(774, 24, 'Y', '1', 'T'),
(775, 25, 'Y', '1', 'T'),
(776, 26, 'N', '1', 'T'),
(777, 27, 'Y', '1', 'T'),
(778, 28, 'Y', '1', 'T'),
(779, 29, 'Y', '1', 'T'),
(780, 30, 'N', '1', 'T'),
(781, 31, 'Y', '1', 'T'),
(782, 32, 'N', '1', 'T'),
(783, 33, 'N', '1', 'T'),
(784, 34, 'Y', '1', 'T'),
(785, 35, 'Y', '1', 'T'),
(786, 36, 'Y', '1', 'T'),
(787, 37, 'Y', '1', 'T'),
(788, 38, 'Y', '1', 'T'),
(789, 39, 'Y', '1', 'T'),
(790, 40, 'Y', '1', 'T'),
(791, 41, 'N', '1', 'T'),
(792, 42, 'N', '1', 'T'),
(793, 43, 'Y', '1', 'T'),
(794, 44, 'Y', '1', 'T'),
(795, 45, 'N', '1', 'T'),
(796, 46, 'Y', '1', 'T'),
(797, 47, 'N', '1', 'T'),
(798, 48, 'Y', '1', 'T'),
(799, 49, 'Y', '1', 'T'),
(800, 50, 'Y', '1', 'T'),
(801, 51, 'Y', '1', 'T'),
(802, 52, 'Y', '1', 'T'),
(803, 53, 'Y', '1', 'T'),
(804, 54, 'Y', '1', 'T'),
(805, 55, 'Y', '1', 'T'),
(806, 56, 'Y', '1', 'T'),
(807, 57, 'Y', '1', 'T'),
(808, 58, 'Y', '1', 'T'),
(809, 59, 'Y', '1', 'T'),
(810, 60, 'Y', '1', 'T'),
(811, 61, 'Y', '1', 'T'),
(812, 62, 'Y', '1', 'T'),
(813, 63, 'Y', '1', 'T'),
(814, 64, 'Y', '1', 'T'),
(815, 66, 'Y', '1', 'T'),
(877, 94, 'Y', '1', 'T'),
(879, 95, 'N', '1', 'T'),
(881, 98, 'N', '1', 'T'),
(883, 99, 'N', '1', 'T'),
(885, 100, 'N', '1', 'T'),
(887, 67, 'Y', '1', 'T'),
(889, 13, 'Y', '1', 'T'),
(891, 70, 'Y', '1', 'T'),
(893, 68, 'Y', '1', 'T'),
(895, 69, 'Y', '1', 'T'),
(897, 71, 'N', '1', 'T'),
(899, 72, 'N', '1', 'T'),
(901, 73, 'N', '1', 'T'),
(903, 74, 'N', '1', 'T'),
(905, 75, 'N', '1', 'T'),
(907, 86, 'Y', '1', 'T'),
(909, 101, 'N', '1', 'T'),
(911, 103, 'N', '1', 'T'),
(913, 104, 'N', '1', 'T'),
(915, 105, 'N', '1', 'T'),
(917, 106, 'Y', '1', 'T'),
(919, 107, 'Y', '1', 'T'),
(921, 108, 'N', '1', 'T'),
(923, 109, 'N', '1', 'T'),
(925, 110, 'N', '1', 'T'),
(927, 111, 'N', '1', 'T'),
(929, 112, 'N', '1', 'T'),
(931, 113, 'Y', '1', 'T'),
(933, 114, 'Y', '1', 'T'),
(935, 115, 'Y', '1', 'T'),
(937, 116, 'Y', '1', 'T'),
(939, 117, 'Y', '1', 'T'),
(941, 118, 'Y', '1', 'T'),
(943, 119, 'Y', '1', 'T'),
(945, 120, 'N', '1', 'T'),
(947, 121, 'N', '1', 'T'),
(949, 122, 'N', '1', 'T'),
(951, 123, 'N', '1', 'T'),
(953, 124, 'N', '1', 'T'),
(955, 125, 'N', '1', 'T'),
(957, 126, 'N', '1', 'T'),
(959, 127, 'N', '1', 'T'),
(961, 128, 'N', '1', 'T'),
(963, 129, 'N', '1', 'T'),
(965, 130, 'N', '1', 'T'),
(967, 131, 'N', '1', 'T'),
(969, 132, 'N', '1', 'T'),
(971, 133, 'N', '1', 'T'),
(973, 134, 'N', '1', 'T'),
(975, 135, 'N', '1', 'T'),
(977, 136, 'N', '1', 'T'),
(979, 137, 'N', '1', 'T'),
(981, 151, 'N', '1', 'T'),
(986, 152, 'N', '1', 'T'),
(991, 153, 'Y', '1', 'T'),
(993, 154, 'Y', '1', 'T'),
(995, 155, 'N', '1', 'T'),
(997, 156, 'N', '1', 'T'),
(999, 157, 'Y', '1', 'T'),
(1001, 158, 'N', '1', 'T'),
(1003, 159, 'N', '1', 'T'),
(1005, 160, 'N', '1', 'T'),
(1007, 161, 'Y', '1', 'T'),
(1009, 162, 'N', '1', 'T'),
(1011, 163, 'N', '1', 'T'),
(1013, 164, 'N', '1', 'T'),
(1015, 165, 'N', '1', 'T'),
(1017, 166, 'N', '1', 'T'),
(1019, 167, 'N', '1', 'T'),
(1021, 168, 'N', '1', 'T'),
(1023, 169, 'N', '1', 'T'),
(1025, 170, 'Y', '1', 'T'),
(1027, 171, 'N', '1', 'T'),
(1029, 172, 'N', '1', 'T'),
(1031, 173, 'N', '1', 'T'),
(1033, 174, 'N', '1', 'T'),
(1035, 175, 'N', '1', 'T'),
(1037, 176, 'Y', '1', 'T'),
(1039, 177, 'N', '1', 'T'),
(1041, 178, 'N', '1', 'T'),
(1043, 179, 'N', '1', 'T'),
(2609, 201, 'N', '1', 'T'),
(2615, 202, 'N', '1', 'T'),
(2621, 203, 'N', '1', 'T'),
(2627, 204, 'N', '1', 'T'),
(2633, 205, 'N', '1', 'T'),
(2639, 206, 'Y', '1', 'T'),
(2645, 207, 'Y', '1', 'T'),
(2651, 208, 'Y', '1', 'T'),
(2657, 209, 'N', '1', 'T'),
(2663, 210, 'N', '1', 'T'),
(2669, 211, 'N', '1', 'T'),
(2675, 212, 'N', '1', 'T'),
(2681, 213, 'N', '1', 'T'),
(2687, 214, 'N', '1', 'T'),
(2693, 215, 'N', '1', 'T'),
(2699, 216, 'N', '1', 'T'),
(2705, 217, 'N', '1', 'T'),
(3218, 218, 'N', '1', 'T'),
(3226, 219, 'N', '1', 'T'),
(3234, 220, 'N', '1', 'T'),
(3242, 221, 'N', '1', 'T'),
(3250, 222, 'N', '1', 'T'),
(3258, 223, 'N', '1', 'T'),
(3266, 224, 'N', '1', 'T'),
(3274, 225, 'N', '1', 'T'),
(3282, 226, 'N', '1', 'T'),
(3290, 227, 'N', '1', 'T'),
(3298, 228, 'N', '1', 'T'),
(3306, 229, 'N', '1', 'T'),
(3314, 230, 'N', '1', 'T'),
(3322, 231, 'N', '1', 'T'),
(3330, 232, 'N', '1', 'T'),
(3338, 233, 'N', '1', 'T'),
(3346, 234, 'N', '1', 'T'),
(3354, 235, 'N', '1', 'T'),
(3362, 236, 'N', '1', 'T'),
(3370, 237, 'N', '1', 'T'),
(3378, 238, 'N', '1', 'T'),
(3386, 239, 'N', '1', 'T'),
(3394, 240, 'N', '1', 'T'),
(3402, 241, 'N', '1', 'T'),
(3410, 242, 'N', '1', 'T'),
(3418, 243, 'N', '1', 'T'),
(3426, 244, 'N', '1', 'T'),
(3434, 245, 'N', '1', 'T'),
(3442, 246, 'N', '1', 'T'),
(3450, 247, 'N', '1', 'T'),
(3458, 248, 'N', '1', 'T'),
(3466, 249, 'N', '1', 'T'),
(3474, 250, 'N', '1', 'T'),
(3482, 251, 'N', '1', 'T'),
(3490, 252, 'N', '1', 'T'),
(3498, 253, 'N', '1', 'T'),
(3506, 254, 'N', '1', 'T'),
(3514, 255, 'N', '1', 'T'),
(3522, 256, 'N', '1', 'T'),
(3530, 257, 'N', '1', 'T'),
(3538, 258, 'N', '1', 'T'),
(3546, 259, 'N', '1', 'T'),
(3554, 260, 'N', '1', 'T'),
(3562, 261, 'N', '1', 'T'),
(3570, 262, 'N', '1', 'T'),
(3578, 263, 'N', '1', 'T'),
(3586, 264, 'N', '1', 'T');

-- --------------------------------------------------------

--
-- Table structure for table `inv_roles`
--

CREATE TABLE `inv_roles` (
  `role_no` char(8) NOT NULL COMMENT 'TRIAL',
  `role_name` varchar(20) DEFAULT NULL COMMENT 'TRIAL',
  `grant_keys` int(11) DEFAULT 1 COMMENT 'TRIAL',
  `trial585` char(1) DEFAULT NULL COMMENT 'TRIAL'
) ENGINE=InnoDB DEFAULT CHARSET=utf8mb4 COLLATE=utf8mb4_general_ci COMMENT='TRIAL';

--
-- Dumping data for table `inv_roles`
--

INSERT INTO `inv_roles` (`role_no`, `role_name`, `grant_keys`, `trial585`) VALUES
('1', 'مسؤول النظام', 23, 'T');

-- --------------------------------------------------------

--
-- Table structure for table `inv_sheet_dt`
--

CREATE TABLE `inv_sheet_dt` (
  `id` int(11) DEFAULT NULL COMMENT 'TRIAL',
  `frmdt` datetime DEFAULT NULL COMMENT 'TRIAL',
  `todt` datetime DEFAULT NULL COMMENT 'TRIAL',
  `trial585` char(1) DEFAULT NULL COMMENT 'TRIAL'
) ENGINE=InnoDB DEFAULT CHARSET=utf8mb4 COLLATE=utf8mb4_general_ci COMMENT='TRIAL';

--
-- Dumping data for table `inv_sheet_dt`
--

INSERT INTO `inv_sheet_dt` (`id`, `frmdt`, `todt`, `trial585`) VALUES
(1, '2022-01-01 00:00:00', '2022-11-14 00:00:00', 'T');

-- --------------------------------------------------------

--
-- Table structure for table `inv_units`
--

CREATE TABLE `inv_units` (
  `unit_id` int(11) DEFAULT NULL COMMENT 'TRIAL',
  `conv_factor` double DEFAULT 1 COMMENT 'TRIAL',
  `dsc` varchar(30) DEFAULT NULL COMMENT 'TRIAL',
  `item_no` char(12) DEFAULT '' COMMENT 'TRIAL',
  `trial585` char(1) DEFAULT NULL COMMENT 'TRIAL'
) ENGINE=InnoDB DEFAULT CHARSET=utf8mb4 COLLATE=utf8mb4_general_ci COMMENT='TRIAL';

-- --------------------------------------------------------

--
-- Table structure for table `inv_units1`
--

CREATE TABLE `inv_units1` (
  `unit_id` int(11) NOT NULL COMMENT 'TRIAL',
  `unit_dsc` char(25) DEFAULT NULL COMMENT 'TRIAL',
  `unit_edsc` char(25) DEFAULT NULL COMMENT 'TRIAL',
  `unit_appr` char(6) DEFAULT NULL COMMENT 'TRIAL',
  `unit_eappr` char(6) DEFAULT NULL COMMENT 'TRIAL',
  `trial585` char(1) DEFAULT NULL COMMENT 'TRIAL'
) ENGINE=InnoDB DEFAULT CHARSET=utf8mb4 COLLATE=utf8mb4_general_ci COMMENT='TRIAL';

-- --------------------------------------------------------

--
-- Table structure for table `inv_users`
--

CREATE TABLE `inv_users` (
  `user_no` char(8) NOT NULL COMMENT 'TRIAL',
  `username` varchar(20) DEFAULT NULL COMMENT 'TRIAL',
  `upassword` varchar(20) DEFAULT NULL COMMENT 'TRIAL',
  `role_no` char(8) DEFAULT NULL COMMENT 'TRIAL',
  `grant_keys` int(11) DEFAULT 1 COMMENT 'TRIAL',
  `deny_keys` int(11) DEFAULT 0 COMMENT 'TRIAL',
  `default_keys` int(11) DEFAULT 1 COMMENT 'TRIAL',
  `acc_user` char(8) DEFAULT NULL COMMENT 'TRIAL',
  `can_approve` int(11) DEFAULT 0 COMMENT 'TRIAL',
  `trial585` char(1) DEFAULT NULL COMMENT 'TRIAL'
) ENGINE=InnoDB DEFAULT CHARSET=utf8mb4 COLLATE=utf8mb4_general_ci COMMENT='TRIAL';

--
-- Dumping data for table `inv_users`
--

INSERT INTO `inv_users` (`user_no`, `username`, `upassword`, `role_no`, `grant_keys`, `deny_keys`, `default_keys`, `acc_user`, `can_approve`, `trial585`) VALUES
('1', '1', '1', '1', 1, 0, 3, '1', 0, 'T');

-- --------------------------------------------------------

--
-- Table structure for table `inv_user_actions`
--

CREATE TABLE `inv_user_actions` (
  `user_no` char(8) DEFAULT NULL COMMENT 'TRIAL',
  `invoice_bond_serial` int(11) DEFAULT NULL COMMENT 'TRIAL',
  `action_date` datetime DEFAULT NULL COMMENT 'TRIAL',
  `action_type` char(1) DEFAULT NULL COMMENT 'TRIAL',
  `action_id` int(11) NOT NULL COMMENT 'TRIAL',
  `trial585` char(1) DEFAULT NULL COMMENT 'TRIAL'
) ENGINE=InnoDB DEFAULT CHARSET=utf8mb4 COLLATE=utf8mb4_general_ci COMMENT='TRIAL';

--
-- Dumping data for table `inv_user_actions`
--

INSERT INTO `inv_user_actions` (`user_no`, `invoice_bond_serial`, `action_date`, `action_type`, `action_id`, `trial585`) VALUES
('1', 63756, '2022-08-03 21:05:18', 'C', 206415, 'T'),
('1', 63756, '2022-08-03 21:08:43', 'U', 206417, 'T'),
('1', 63756, '2022-08-03 21:11:25', 'U', 206418, 'T'),
('1', 63759, '2022-08-03 21:13:05', 'C', 206421, 'T'),
('1', 63756, '2022-08-05 15:24:53', 'D', 206424, 'T'),
('1', 63760, '2022-08-05 15:25:06', 'C', 206425, 'T'),
('1', 63759, '2022-08-05 15:28:32', 'D', 206426, 'T'),
('1', 63760, '2022-08-05 17:35:49', 'U', 206427, 'T'),
('1', 63761, '2022-11-07 13:18:30', 'C', 206428, 'T'),
('1', 63764, '2022-11-07 13:19:14', 'C', 206431, 'T'),
('1', 63760, '2022-11-08 04:20:46', 'D', 206432, 'T'),
('1', 63761, '2022-11-08 04:21:03', 'D', 206433, 'T'),
('1', 63764, '2022-11-08 04:21:14', 'D', 206434, 'T'),
('1', 63765, '2022-11-08 04:25:26', 'C', 206435, 'T'),
('1', 63765, '2022-11-08 04:35:38', 'U', 206436, 'T'),
('1', 63765, '2022-11-08 04:42:23', 'U', 206437, 'T'),
('1', 63765, '2022-11-08 04:43:06', 'U', 206438, 'T'),
('1', 63766, '2022-11-08 04:43:36', 'C', 206439, 'T'),
('1', 63765, '2022-11-08 04:52:23', 'U', 206440, 'T'),
('1', 63766, '2022-11-08 04:52:29', 'D', 206441, 'T'),
('1', 63765, '2022-11-08 04:56:03', 'U', 206442, 'T'),
('1', 63765, '2022-11-08 04:58:13', 'U', 206443, 'T'),
('1', 63767, '2022-11-08 23:17:35', 'C', 206444, 'T'),
('1', 63767, '2022-11-08 23:18:52', 'U', 206445, 'T'),
('1', 63767, '2022-11-08 23:20:09', 'U', 206446, 'T'),
('1', 63768, '2022-11-08 23:25:32', 'C', 206447, 'T'),
('1', 63765, '2022-11-08 23:31:52', 'D', 206448, 'T'),
('1', 63767, '2022-11-08 23:31:57', 'D', 206449, 'T'),
('1', 63768, '2022-11-08 23:32:02', 'D', 206450, 'T'),
('1', 63769, '2022-11-09 12:03:09', 'C', 206451, 'T'),
('1', 63769, '2022-11-09 12:06:27', 'U', 206452, 'T'),
('1', 63770, '2022-11-09 12:09:53', 'C', 206453, 'T'),
('1', 63770, '2022-11-09 12:45:14', 'U', 206454, 'T'),
('1', 63770, '2022-11-09 12:46:17', 'U', 206455, 'T'),
('1', 63771, '2022-11-10 06:53:15', 'C', 206456, 'T'),
('1', 63770, '2022-11-10 20:09:55', 'U', 206457, 'T'),
('1', 63770, '2022-11-10 20:10:55', 'U', 206458, 'T'),
('1', 63773, '2022-11-10 20:32:49', 'C', 206460, 'T'),
('1', 63775, '2022-11-13 04:18:28', 'C', 206462, 'T'),
('1', 63776, '2022-11-13 04:24:11', 'C', 206463, 'T'),
('1', 63775, '2022-11-13 04:35:52', 'P', 206464, 'T'),
('1', 63776, '2022-11-13 04:43:54', 'P', 206465, 'T'),
('1', 63778, '2022-11-13 04:47:25', 'C', 206467, 'T'),
('1', 63775, '2022-11-13 05:08:05', 'u', 206468, 'T'),
('1', 63775, '2022-11-13 05:08:07', 'U', 206469, 'T'),
('1', 63776, '2022-11-13 05:08:07', 'U', 206470, 'T'),
('1', 63775, '2022-11-16 05:06:53', 'D', 206471, 'T'),
('1', 63776, '2022-11-16 05:06:58', 'D', 206472, 'T'),
('1', 63778, '2022-11-16 05:07:04', 'D', 206473, 'T'),
('1', 63769, '2022-11-16 05:07:16', 'D', 206474, 'T'),
('1', 63770, '2022-11-16 05:07:22', 'D', 206475, 'T'),
('1', 63771, '2022-11-16 05:07:31', 'D', 206476, 'T'),
('1', 63779, '2022-11-17 05:43:43', 'C', 206477, 'T'),
('1', 63779, '2022-11-17 05:50:13', 'U', 206478, 'T'),
('1', 63779, '2022-11-20 02:29:52', 'U', 206480, 'T'),
('1', 63779, '2022-11-20 02:30:26', 'U', 206481, 'T'),
('1', 63773, '2022-11-20 02:36:02', 'D', 206482, 'T'),
('1', 63780, '2022-11-20 02:45:49', 'C', 206483, 'T'),
('1', 63780, '2022-11-20 02:55:24', 'U', 206484, 'T'),
('1', 63780, '2022-11-20 02:56:43', 'U', 206485, 'T'),
('1', 63781, '2022-11-20 03:02:22', 'C', 206486, 'T'),
('1', 63781, '2022-11-20 03:03:27', 'D', 206487, 'T'),
('1', 63780, '2022-11-20 03:03:39', 'D', 206488, 'T'),
('1', 63782, '2022-12-07 14:06:14', 'C', 206489, 'T'),
('1', 63783, '2022-12-07 14:10:41', 'C', 206490, 'T'),
('1', 63784, '2022-12-07 14:13:15', 'C', 206491, 'T'),
('1', 63786, '2023-03-15 14:02:36', 'C', 206493, 'T');

-- --------------------------------------------------------

--
-- Table structure for table `inv_user_years`
--

CREATE TABLE `inv_user_years` (
  `id` int(11) NOT NULL COMMENT 'TRIAL',
  `user_no` char(8) DEFAULT NULL COMMENT 'TRIAL',
  `inv_year` int(11) DEFAULT NULL COMMENT 'TRIAL',
  `trial585` char(1) DEFAULT NULL COMMENT 'TRIAL'
) ENGINE=InnoDB DEFAULT CHARSET=utf8mb4 COLLATE=utf8mb4_general_ci COMMENT='TRIAL';

--
-- Dumping data for table `inv_user_years`
--

INSERT INTO `inv_user_years` (`id`, `user_no`, `inv_year`, `trial585`) VALUES
(1, '1', 2014, 'T'),
(6, '1', 2013, 'T'),
(7, '1', 2012, 'T'),
(8, '1', 2015, 'T'),
(24, '1', 2016, 'T'),
(26, '1', 2017, 'T'),
(50, '1', 2018, 'T'),
(75, '1', 2019, 'T'),
(94, '1', 2020, 'T'),
(95, '1', 2021, 'T'),
(113, '1', 2022, 'T'),
(191, '1', 2023, 'T');

-- --------------------------------------------------------

--
-- Table structure for table `items`
--

CREATE TABLE `items` (
  `dsc` varchar(40) DEFAULT NULL COMMENT 'TRIAL',
  `class_no` int(11) DEFAULT NULL COMMENT 'TRIAL',
  `supp_no` char(8) DEFAULT NULL COMMENT 'TRIAL',
  `mqo` double DEFAULT NULL COMMENT 'TRIAL',
  `awc` double DEFAULT NULL COMMENT 'TRIAL',
  `total_qty` double DEFAULT NULL COMMENT 'TRIAL',
  `user_id` char(10) DEFAULT 'Nidal' COMMENT 'TRIAL',
  `tax` double DEFAULT NULL COMMENT 'TRIAL',
  `item_type` varchar(30) DEFAULT NULL COMMENT 'TRIAL',
  `ldi` datetime DEFAULT NULL COMMENT 'TRIAL',
  `ldm` datetime DEFAULT NULL COMMENT 'TRIAL',
  `ldr` datetime DEFAULT NULL COMMENT 'TRIAL',
  `item_no` char(12) NOT NULL COMMENT 'TRIAL',
  `isactive` char(1) DEFAULT 'Y' COMMENT 'TRIAL',
  `service` char(1) DEFAULT 'N' COMMENT 'TRIAL',
  `vendor_no` char(25) DEFAULT NULL COMMENT 'TRIAL',
  `upc` char(25) DEFAULT NULL COMMENT 'TRIAL',
  `custom1` varchar(80) DEFAULT NULL COMMENT 'TRIAL',
  `custom2` varchar(80) DEFAULT NULL COMMENT 'TRIAL',
  `size1` double DEFAULT NULL COMMENT 'TRIAL',
  `size2` double DEFAULT NULL COMMENT 'TRIAL',
  `size3` double DEFAULT NULL COMMENT 'TRIAL',
  `size4` double DEFAULT NULL COMMENT 'TRIAL',
  `serials` char(1) DEFAULT 'N' COMMENT 'TRIAL',
  `product` char(1) DEFAULT 'N' COMMENT 'TRIAL',
  `custom3` char(8) DEFAULT NULL COMMENT 'TRIAL',
  `custom4` char(8) DEFAULT NULL COMMENT 'TRIAL',
  `unit` varchar(20) DEFAULT NULL COMMENT 'TRIAL',
  `item_id` int(11) DEFAULT NULL COMMENT 'TRIAL',
  `ctype` int(11) DEFAULT 0 COMMENT 'TRIAL',
  `price` double DEFAULT NULL COMMENT 'TRIAL',
  `price2` double DEFAULT NULL COMMENT 'TRIAL',
  `price3` double DEFAULT NULL COMMENT 'TRIAL',
  `price4` double DEFAULT NULL COMMENT 'TRIAL',
  `custom5` double DEFAULT NULL COMMENT 'TRIAL',
  `custom6` double DEFAULT NULL COMMENT 'TRIAL',
  `custom7` char(1) DEFAULT NULL COMMENT 'TRIAL',
  `ean_check` char(1) DEFAULT NULL COMMENT 'TRIAL',
  `unit_id` int(11) DEFAULT 0 COMMENT 'TRIAL',
  `relitem` char(12) DEFAULT '' COMMENT 'TRIAL',
  `trial585` char(1) DEFAULT NULL COMMENT 'TRIAL'
) ENGINE=InnoDB DEFAULT CHARSET=utf8mb4 COLLATE=utf8mb4_general_ci COMMENT='TRIAL';

--
-- Dumping data for table `items`
--

INSERT INTO `items` (`dsc`, `class_no`, `supp_no`, `mqo`, `awc`, `total_qty`, `user_id`, `tax`, `item_type`, `ldi`, `ldm`, `ldr`, `item_no`, `isactive`, `service`, `vendor_no`, `upc`, `custom1`, `custom2`, `size1`, `size2`, `size3`, `size4`, `serials`, `product`, `custom3`, `custom4`, `unit`, `item_id`, `ctype`, `price`, `price2`, `price3`, `price4`, `custom5`, `custom6`, `custom7`, `ean_check`, `unit_id`, `relitem`, `trial585`) VALUES
('كرتونة فستق اوروبي نكهة الجبنة', 10, '1', 0, 0, 33, '1', 0, '', NULL, NULL, NULL, '10.001', 'Y', 'N', NULL, NULL, NULL, NULL, NULL, NULL, NULL, 0, 'N', 'N', NULL, NULL, 'كرتونة', 365, 4, 0, 0, 0, 0, NULL, NULL, 'N', NULL, 0, '', 'T'),
('كرتونة فستق اوروبي نكهة بيتزا', 10, '1', 0, 0, 0, '1', 0, '', NULL, NULL, NULL, '10.002', 'Y', 'N', NULL, NULL, NULL, NULL, NULL, NULL, NULL, 0, 'N', 'N', NULL, NULL, 'كرتونة', 385, 4, 0, 0, 0, 0, NULL, NULL, 'N', NULL, 0, '', 'T'),
('كرتونة فستق اوروبي نكهة كتشاب', 10, '1', 0, 0, 0, '1', 0, '', NULL, NULL, NULL, '10.003', 'Y', 'N', NULL, NULL, NULL, NULL, NULL, NULL, NULL, 0, 'N', 'N', NULL, NULL, 'كرتونة', 386, 4, 0, 0, 0, 0, NULL, NULL, 'N', NULL, 0, '', 'T'),
('كرتونة فستق اوروبي نكهة الحار', 10, '1', 0, 0, 0, '1', 0, '', NULL, NULL, NULL, '10.004', 'Y', 'N', NULL, NULL, NULL, NULL, NULL, NULL, NULL, 0, 'N', 'N', NULL, NULL, 'كرتونة', 387, 4, 0, 0, 0, 0, NULL, NULL, 'N', NULL, 0, '', 'T'),
('كرتونة فستق اوروبي نكهة  باريكا', 10, '1', 0, 0, 0, '1', 0, '', NULL, NULL, NULL, '10.005', 'Y', 'N', NULL, NULL, NULL, NULL, NULL, NULL, NULL, 0, 'N', 'N', NULL, NULL, 'كرتونة', 388, 4, 0, 0, 0, 0, NULL, NULL, 'N', NULL, 0, '', 'T'),
('كرتونة فستق اوروبي نكهة شيبس', 10, '1', 0, 0, 0, '1', 0, '', NULL, NULL, NULL, '10.006', 'Y', 'N', NULL, NULL, NULL, NULL, NULL, NULL, NULL, 0, 'N', 'N', NULL, NULL, 'كرتونة', 389, 4, 0, 0, 0, 0, NULL, NULL, 'N', NULL, 0, '', 'T'),
('كرتونة فستق اوروبي نكهة الذرة', 10, '1', 0, 0, 0, '1', 0, '', NULL, NULL, NULL, '10.007', 'Y', 'N', NULL, NULL, NULL, NULL, NULL, NULL, NULL, 0, 'N', 'N', NULL, NULL, 'كرتونة', 390, 4, 0, 0, 0, 0, NULL, NULL, 'N', NULL, 0, '', 'T'),
('فستق برازيلي', 10, '2', 0, 0, 0, '1', 0, '', NULL, NULL, NULL, '10.101', 'Y', 'N', NULL, NULL, NULL, NULL, 0, 0, 0, 0, 'N', 'N', NULL, NULL, 'فاردوم', 391, 4, 0, 0, 0, 0, NULL, NULL, 'N', NULL, 0, '', 'T'),
('زريعة مالحة', 10, '2', 0, 0, 0, '1', 0, '', NULL, NULL, NULL, '10.201', 'Y', 'N', NULL, NULL, NULL, NULL, 0, 0, 0, 0, 'N', 'N', NULL, NULL, 'فاردوم', 392, 4, 0, 0, 0, 0, NULL, NULL, 'N', NULL, 0, '', 'T'),
('زريعة حارة', 10, '2', 0, 12, 100, '1', 0, '', NULL, NULL, NULL, '10.202', 'Y', 'N', NULL, NULL, NULL, NULL, 0, 0, 0, 0, 'N', 'N', NULL, NULL, 'فاردوم', 423, 4, 0, 0, 0, 0, NULL, NULL, 'N', NULL, 0, '', 'T'),
('فستق اورابي', 20, '1', 0, 0, 0, '1', 0, '', NULL, NULL, NULL, '20.001', 'Y', 'N', NULL, NULL, NULL, NULL, NULL, NULL, NULL, 0, 'N', 'N', NULL, NULL, '', 366, 4, 0, 0, 0, 0, NULL, NULL, 'N', NULL, 0, '', 'T'),
('فستق سوداني (كاوكاو)', 30, '1', 0, 0, -233, '1', 0, '', NULL, NULL, NULL, '30.001', 'Y', 'N', NULL, NULL, NULL, NULL, NULL, NULL, NULL, NULL, 'N', 'N', NULL, NULL, 'كغم', 369, 0, 0, 0, 0, 0, NULL, NULL, 'N', NULL, 0, '', 'T'),
('بودرة', 30, '1', 0, 0, -88, '1', 0, '', NULL, NULL, NULL, '30.002', 'Y', 'N', NULL, NULL, NULL, NULL, NULL, NULL, NULL, 0, 'N', 'N', NULL, NULL, 'كغم', 370, 0, 0, 0, 0, 0, NULL, NULL, 'N', NULL, 0, '', 'T'),
('فرينة', 30, '1', 0, 0, -10, '1', 0, '', NULL, NULL, NULL, '30.003', 'Y', 'N', NULL, NULL, NULL, NULL, NULL, NULL, NULL, 0, 'N', 'N', NULL, NULL, 'كغم', 371, 0, 0, 0, 0, 0, NULL, NULL, 'N', NULL, 0, '', 'T'),
('سكر', 30, '1', 0, 0, 0, '1', 0, '', NULL, NULL, NULL, '30.004', 'Y', 'N', NULL, NULL, NULL, NULL, NULL, NULL, NULL, 0, 'N', 'N', NULL, NULL, 'كغم', 372, 0, 0, 0, 0, 0, NULL, NULL, 'N', NULL, 0, '', 'T'),
('ملح', 30, '1', 0, 0, 0, '1', 0, '', NULL, NULL, NULL, '30.005', 'Y', 'N', NULL, NULL, NULL, NULL, NULL, NULL, NULL, 0, 'N', 'N', NULL, NULL, 'كغم', 373, 0, 0, 0, 0, 0, NULL, NULL, 'N', NULL, 0, '', 'T'),
('بهار', 30, '1', 0, 0, 0, '1', 0, '', NULL, NULL, NULL, '30.006', 'Y', 'N', NULL, NULL, NULL, NULL, NULL, NULL, NULL, 0, 'N', 'N', NULL, NULL, 'كغم', 374, 0, 0, 0, 0, 0, NULL, NULL, 'N', NULL, 0, '', 'T'),
('زيت', 30, '1', 0, 0, 0, '1', 0, '', NULL, NULL, NULL, '30.007', 'Y', 'N', NULL, NULL, NULL, NULL, NULL, NULL, NULL, 0, 'N', 'N', NULL, NULL, 'كغم', 375, 0, 0, 0, 0, 0, NULL, NULL, 'N', NULL, 0, '', 'T'),
('ملون', 30, '1', 0, 0, 0, '1', 0, '', NULL, NULL, NULL, '30.008', 'Y', 'N', NULL, NULL, '0', NULL, 0, 0, 0, 0, 'N', 'N', NULL, NULL, 'كغم', 422, 0, 0, 0, 0, 0, NULL, NULL, 'N', NULL, 0, '', 'T'),
('بهار جبنة', 30, '1', 0, 0, 0, '1', 0, '', NULL, NULL, NULL, '30.101', 'Y', 'N', NULL, NULL, NULL, NULL, NULL, NULL, NULL, NULL, 'N', 'N', NULL, NULL, 'كغم', 376, 0, 0, 0, 0, 0, NULL, NULL, 'N', NULL, 0, '', 'T'),
('بهار بيتزا', 30, '1', 0, 0, 0, '1', 0, '', NULL, NULL, NULL, '30.102', 'Y', 'N', NULL, NULL, NULL, NULL, NULL, NULL, NULL, NULL, 'N', 'N', NULL, NULL, 'كغم', 377, 0, 0, 0, 0, 0, NULL, NULL, 'N', NULL, 0, '', 'T'),
('بهار كتشاب', 30, '1', 0, 0, 0, '1', 0, '', NULL, NULL, NULL, '30.103', 'Y', 'N', NULL, NULL, NULL, NULL, NULL, NULL, NULL, NULL, 'N', 'N', NULL, NULL, 'كغم', 378, 0, 0, 0, 0, 0, NULL, NULL, 'N', NULL, 0, '', 'T'),
('بهار حار', 30, '1', 0, 0, 0, '1', 0, '', NULL, NULL, NULL, '30.104', 'Y', 'N', NULL, NULL, NULL, NULL, NULL, NULL, NULL, NULL, 'N', 'N', NULL, NULL, 'كغم', 379, 0, 0, 0, 0, 0, NULL, NULL, 'N', NULL, 0, '', 'T'),
('بهار باريكا', 30, '1', 0, 0, 0, '1', 0, '', NULL, NULL, NULL, '30.105', 'Y', 'N', NULL, NULL, NULL, NULL, 0, 0, 0, 0, 'N', 'N', NULL, NULL, 'كغم', 384, 0, 0, 0, 0, 0, NULL, NULL, 'N', NULL, 0, '', 'T'),
('بهار شيبس', 30, '1', 0, 0, 0, '1', 0, '', NULL, NULL, NULL, '30.106', 'Y', 'N', NULL, NULL, NULL, NULL, NULL, NULL, NULL, NULL, 'N', 'N', NULL, NULL, 'كغم', 381, 0, 0, 0, 0, 0, NULL, NULL, 'N', NULL, 0, '', 'T'),
('بهار ذرة', 30, '1', 0, 0, 0, '1', 0, '', NULL, NULL, NULL, '30.107', 'Y', 'N', NULL, NULL, NULL, NULL, NULL, NULL, NULL, NULL, 'N', 'N', NULL, NULL, 'كغم', 382, 0, 0, 0, 0, 0, NULL, NULL, 'N', NULL, 0, '', 'T'),
('بهار باربكيو', 30, '1', 0, 0, 0, '1', 0, '', NULL, NULL, NULL, '30.108', 'Y', 'N', NULL, NULL, NULL, NULL, NULL, NULL, NULL, 0, 'N', 'N', NULL, NULL, 'كغم', 404, 0, 0, 0, 0, 0, NULL, NULL, 'N', NULL, 0, '', 'T'),
('بهار ماييز', 30, '1', 0, 0, 0, '1', 0, '', NULL, NULL, NULL, '30.109', 'Y', 'N', NULL, NULL, NULL, NULL, 0, NULL, NULL, 0, 'N', 'N', NULL, NULL, 'كغم', 405, 0, 0, 0, 0, 0, NULL, NULL, 'N', NULL, 0, '', 'T'),
('بهار مدخن', 30, '1', 0, 0, 0, '1', 0, '', NULL, NULL, NULL, '30.110', 'Y', 'N', NULL, NULL, NULL, NULL, 0, NULL, NULL, 0, 'N', 'N', NULL, NULL, 'كغم', 406, 0, 0, 0, 0, 0, NULL, NULL, 'N', NULL, 0, '', 'T'),
('بهار ملخ وخل', 30, '1', 0, 0, 0, '1', 0, '', NULL, NULL, NULL, '30.111', 'Y', 'N', NULL, NULL, NULL, NULL, 0, 0, 0, 0, 'N', 'N', NULL, NULL, 'كغم', 407, 0, 0, 0, 0, 0, NULL, NULL, 'N', NULL, 0, '', 'T'),
('زريعة', 30, '1', 0, 0, -30, '1', 0, '', NULL, NULL, NULL, '30.201', 'Y', 'N', NULL, NULL, NULL, NULL, 0, 0, 0, 0, 'N', 'N', NULL, NULL, 'كغم', 393, 0, 0, 0, 0, 0, NULL, NULL, 'N', NULL, 0, '', 'T'),
('فستق برازيلي', 30, '1', 0, 0, 0, '1', 0, '', NULL, NULL, NULL, '30.301', 'Y', 'N', NULL, NULL, NULL, NULL, 0, 0, 0, 0, 'N', 'N', NULL, NULL, 'كغم', 394, 0, 0, 0, 0, 0, NULL, NULL, 'N', NULL, 0, '', 'T'),
('كرتون كبير', 40, '1', 0, 0, 0, '1', 0, '', NULL, NULL, NULL, '40.001', 'Y', 'N', NULL, NULL, NULL, NULL, NULL, NULL, NULL, 0, 'N', 'N', NULL, NULL, 'حبة', 367, 0, 0, 0, 0, 0, NULL, NULL, 'N', NULL, 0, '', 'T'),
('اكياس تغليق', 40, '1', 0, 0, 0, '1', 0, '', NULL, NULL, NULL, '40.002', 'Y', 'N', NULL, NULL, NULL, NULL, NULL, NULL, NULL, NULL, 'N', 'N', NULL, NULL, 'كغم', 368, 0, 0, 0, 0, 0, NULL, NULL, 'N', NULL, 0, '', 'T'),
('كرتون كبير شيبس', 40, '1', 0, 0, 0, '1', 0, '', NULL, NULL, NULL, '40.003', 'Y', 'N', NULL, NULL, NULL, NULL, NULL, NULL, NULL, 0, 'N', 'N', NULL, NULL, 'حبة', 395, 0, 0, 0, 0, 0, NULL, NULL, 'N', NULL, 0, '', 'T'),
('كرتون كبير مدخن', 40, '1', 0, 0, 0, '1', 0, '', NULL, NULL, NULL, '40.004', 'Y', 'N', NULL, NULL, NULL, NULL, NULL, NULL, NULL, 0, 'N', 'N', NULL, NULL, 'حبة', 396, 0, 0, 0, 0, 0, NULL, NULL, 'N', NULL, 0, '', 'T'),
('كيس تغليف صغير زريعة', 40, '1', 0, 0, 0, '1', 0, '', NULL, NULL, NULL, '40.005', 'Y', 'N', NULL, NULL, '0', NULL, 0, 0, 0, 0, 'N', 'N', NULL, NULL, 'كغم', 418, 0, 0, 0, 0, 0, NULL, NULL, 'N', NULL, 0, '', 'T'),
('كيس كبير فاردو', 40, '1', 0, 0, 0, '1', 0, '', NULL, NULL, NULL, '40.006', 'Y', 'N', NULL, NULL, NULL, NULL, 0, 0, 0, 0, 'N', 'N', NULL, NULL, 'كيس', 419, 0, 0, 0, 0, 0, NULL, NULL, 'N', NULL, 0, '', 'T'),
('كيس صغير برازيلي', 40, '1', 0, 0, 0, '1', 0, '', NULL, NULL, NULL, '40.007', 'Y', 'N', NULL, NULL, NULL, NULL, 0, 0, 0, 0, 'N', 'N', NULL, NULL, 'كغم', 421, 0, 0, 0, 0, 0, NULL, NULL, 'N', NULL, 0, '', 'T'),
('كرتون صغير حار', 40, '1', 0, 0, 0, '1', 0, '', NULL, NULL, NULL, '40.101', 'Y', 'N', NULL, NULL, NULL, NULL, 0, 0, 0, 0, 'N', 'N', NULL, NULL, 'حبة', 397, 0, 0, 0, 0, 0, NULL, NULL, 'N', NULL, 0, '', 'T'),
('كرتون صغير بيتزا', 40, '1', 0, 0, 0, '1', 0, '', NULL, NULL, NULL, '40.102', 'Y', 'N', NULL, NULL, NULL, NULL, 0, 0, 0, 0, 'N', 'N', NULL, NULL, 'حبة', 398, 0, 0, 0, 0, 0, NULL, NULL, 'N', NULL, 0, '', 'T'),
('كرتون صغير جبن', 40, '1', 0, 0, 0, '1', 0, '', NULL, NULL, NULL, '40.103', 'Y', 'N', NULL, NULL, NULL, NULL, 0, 0, 0, 0, 'N', 'N', NULL, NULL, 'حبة', 399, 0, 0, 0, 0, 0, NULL, NULL, 'N', NULL, 0, '', 'T'),
('كرتون صغير كتشب', 40, '1', 0, 0, 0, '1', 0, '', NULL, NULL, NULL, '40.104', 'Y', 'N', NULL, NULL, NULL, NULL, 0, 0, 0, 0, 'N', 'N', NULL, NULL, 'حبة', 400, 0, 0, 0, 0, 0, NULL, NULL, 'N', NULL, 0, '', 'T'),
('كرتون صغير شيبس', 40, '1', 0, 0, 0, '1', 0, '', NULL, NULL, NULL, '40.105', 'Y', 'N', NULL, NULL, NULL, NULL, 0, 0, 0, 0, 'N', 'N', NULL, NULL, 'حبة', 401, 0, 0, 0, 0, 0, NULL, NULL, 'N', NULL, 0, '', 'T'),
('كرتون صغير ماييز', 40, '1', 0, 0, 0, '1', 0, '', NULL, NULL, NULL, '40.106', 'Y', 'N', NULL, NULL, NULL, NULL, 0, 0, 0, 0, 'N', 'N', NULL, NULL, 'حبة', 402, 0, 0, 0, 0, 0, NULL, NULL, 'N', NULL, 0, '', 'T'),
('كرتون صغير مشوي', 40, '1', 0, 0, 0, '1', 0, '', NULL, NULL, NULL, '40.107', 'Y', 'N', NULL, NULL, NULL, NULL, 0, 0, 0, 0, 'N', 'N', NULL, NULL, 'حبة', 403, 0, 0, 0, 0, 0, NULL, NULL, 'N', NULL, 0, '', 'T'),
('امبلاج كبير حار', 40, '1', 0, 0, 0, '1', 0, '', NULL, NULL, NULL, '40.201', 'Y', 'N', NULL, NULL, NULL, NULL, 0, NULL, NULL, 0, 'N', 'N', NULL, NULL, 'كغم', 408, 0, 0, 0, 0, 0, NULL, NULL, 'N', NULL, 0, '', 'T'),
('امبلاج كبير شيبس', 40, '1', 0, 0, 0, '1', 0, '', NULL, NULL, NULL, '40.202', 'Y', 'N', NULL, NULL, NULL, NULL, 0, NULL, NULL, 0, 'N', 'N', NULL, NULL, 'كغم', 409, 0, 0, 0, 0, 0, NULL, NULL, 'N', NULL, 0, '', 'T'),
('امبلاج كبير مدخن', 40, '1', 0, 0, 0, '1', 0, '', NULL, NULL, NULL, '40.203', 'Y', 'N', NULL, NULL, NULL, NULL, 0, NULL, NULL, 0, 'N', 'N', NULL, NULL, 'كغم', 410, 0, 0, 0, 0, 0, NULL, NULL, 'N', NULL, 0, '', 'T'),
('امبلاج صغير حار', 40, '1', 0, 0, 0, '1', 0, '', NULL, NULL, NULL, '40.301', 'Y', 'N', NULL, NULL, NULL, NULL, 0, NULL, NULL, 0, 'N', 'N', NULL, NULL, 'كغم', 411, 0, 0, 0, 0, 0, NULL, NULL, 'N', NULL, 0, '', 'T'),
('امبلاج صغير بيتزا', 40, '1', 0, 0, 0, '1', 0, '', NULL, NULL, NULL, '40.302', 'Y', 'N', NULL, NULL, NULL, NULL, 0, NULL, NULL, 0, 'N', 'N', NULL, NULL, 'كغم', 412, 0, 0, 0, 0, 0, NULL, NULL, 'N', NULL, 0, '', 'T'),
('امبلاج صغير جبن', 40, '1', 0, 0, 0, '1', 0, '', NULL, NULL, NULL, '40.303', 'Y', 'N', NULL, NULL, NULL, NULL, 0, NULL, NULL, 0, 'N', 'N', NULL, NULL, 'كغم', 413, 0, 0, 0, 0, 0, NULL, NULL, 'N', NULL, 0, '', 'T'),
('امبلاج صغير كتشب', 40, '1', 0, 0, 0, '1', 0, '', NULL, NULL, NULL, '40.304', 'Y', 'N', NULL, NULL, NULL, NULL, 0, NULL, NULL, 0, 'N', 'N', NULL, NULL, 'كغم', 414, 0, 0, 0, 0, 0, NULL, NULL, 'N', NULL, 0, '', 'T'),
('امبلاج صغير شيبس', 40, '1', 0, 0, 0, '1', 0, '', NULL, NULL, NULL, '40.305', 'Y', 'N', NULL, NULL, NULL, NULL, 0, NULL, NULL, 0, 'N', 'N', NULL, NULL, 'كغم', 415, 0, 0, 0, 0, 0, NULL, NULL, 'N', NULL, 0, '', 'T'),
('امبلاج صغير ماييز', 40, '1', 0, 0, 0, '1', 0, '', NULL, NULL, NULL, '40.306', 'Y', 'N', NULL, NULL, NULL, NULL, 0, NULL, NULL, 0, 'N', 'N', NULL, NULL, 'كغم', 416, 0, 0, 0, 0, 0, NULL, NULL, 'N', NULL, 0, '', 'T'),
('امبلاج صغير مشوي', 40, '1', 0, 0, 0, '1', 0, '', NULL, NULL, NULL, '40.307', 'Y', 'N', NULL, NULL, NULL, NULL, 0, NULL, NULL, 0, 'N', 'N', NULL, NULL, 'كغم', 417, 0, 0, 0, 0, 0, NULL, NULL, 'N', NULL, 0, '', 'T'),
('امبلاج زريعة', 40, '1', 0, 0, 0, '1', 0, '', NULL, NULL, NULL, '40.400', 'Y', 'N', NULL, NULL, NULL, NULL, 0, 0, 0, 0, 'N', 'N', NULL, NULL, 'كغم', 420, 0, 0, 0, 0, 0, NULL, NULL, 'N', NULL, 0, '', 'T');

-- --------------------------------------------------------

--
-- Table structure for table `items_bio_analysis`
--

CREATE TABLE `items_bio_analysis` (
  `ac_no` char(8) DEFAULT NULL COMMENT 'TRIAL',
  `item_no` char(12) DEFAULT NULL COMMENT 'TRIAL',
  `rep_no` int(11) DEFAULT NULL COMMENT 'TRIAL',
  `area_no` char(8) DEFAULT NULL COMMENT 'TRIAL',
  `sal_qty` double DEFAULT NULL COMMENT 'TRIAL',
  `sal_bonus` double DEFAULT NULL COMMENT 'TRIAL',
  `ret_qty` double DEFAULT NULL COMMENT 'TRIAL',
  `ret_bonus` double DEFAULT NULL COMMENT 'TRIAL',
  `sal_value` double DEFAULT NULL COMMENT 'TRIAL',
  `sal_discount` double DEFAULT NULL COMMENT 'TRIAL',
  `user_no` char(8) DEFAULT NULL COMMENT 'TRIAL',
  `trial585` char(1) DEFAULT NULL COMMENT 'TRIAL'
) ENGINE=InnoDB DEFAULT CHARSET=utf8mb4 COLLATE=utf8mb4_general_ci COMMENT='TRIAL';

-- --------------------------------------------------------

--
-- Table structure for table `items_chk`
--

CREATE TABLE `items_chk` (
  `id` int(11) NOT NULL COMMENT 'TRIAL',
  `item_no` char(12) DEFAULT NULL COMMENT 'TRIAL',
  `qty` double DEFAULT NULL COMMENT 'TRIAL',
  `ts` datetime DEFAULT NULL COMMENT 'TRIAL',
  `trial585` char(1) DEFAULT NULL COMMENT 'TRIAL'
) ENGINE=InnoDB DEFAULT CHARSET=utf8mb4 COLLATE=utf8mb4_general_ci COMMENT='TRIAL';

-- --------------------------------------------------------

--
-- Table structure for table `items_offers`
--

CREATE TABLE `items_offers` (
  `offer_id` int(11) NOT NULL COMMENT 'TRIAL',
  `ac_no` char(8) DEFAULT NULL COMMENT 'TRIAL',
  `rep_no` int(11) DEFAULT NULL COMMENT 'TRIAL',
  `offer_date` datetime NOT NULL COMMENT 'TRIAL',
  `date_from` datetime NOT NULL COMMENT 'TRIAL',
  `date_to` datetime NOT NULL COMMENT 'TRIAL',
  `trial585` char(1) DEFAULT NULL COMMENT 'TRIAL'
) ENGINE=InnoDB DEFAULT CHARSET=utf8mb4 COLLATE=utf8mb4_general_ci COMMENT='TRIAL';

-- --------------------------------------------------------

--
-- Table structure for table `items_offers_det`
--

CREATE TABLE `items_offers_det` (
  `id` int(11) NOT NULL COMMENT 'TRIAL',
  `offer_id` int(11) NOT NULL COMMENT 'TRIAL',
  `item_no` char(12) NOT NULL COMMENT 'TRIAL',
  `slc_1_min_qty` int(11) NOT NULL COMMENT 'TRIAL',
  `slc_1_disc` double NOT NULL DEFAULT 0 COMMENT 'TRIAL',
  `slc_1_bonus_qty` int(11) NOT NULL DEFAULT 0 COMMENT 'TRIAL',
  `slc_1_bonus` int(11) NOT NULL DEFAULT 0 COMMENT 'TRIAL',
  `slc_2_min_qty` int(11) NOT NULL COMMENT 'TRIAL',
  `slc_2_disc` double NOT NULL DEFAULT 0 COMMENT 'TRIAL',
  `slc_2_bonus_qty` int(11) NOT NULL DEFAULT 0 COMMENT 'TRIAL',
  `slc_2_bonus` int(11) NOT NULL DEFAULT 0 COMMENT 'TRIAL',
  `slc_3_min_qty` int(11) NOT NULL COMMENT 'TRIAL',
  `slc_3_disc` double NOT NULL DEFAULT 0 COMMENT 'TRIAL',
  `slc_3_bonus_qty` int(11) NOT NULL DEFAULT 0 COMMENT 'TRIAL',
  `slc_3_bonus` int(11) NOT NULL DEFAULT 0 COMMENT 'TRIAL',
  `slc_4_min_qty` int(11) NOT NULL COMMENT 'TRIAL',
  `slc_4_disc` double NOT NULL DEFAULT 0 COMMENT 'TRIAL',
  `slc_4_bonus_qty` int(11) NOT NULL DEFAULT 0 COMMENT 'TRIAL',
  `slc_4_bonus` int(11) NOT NULL DEFAULT 0 COMMENT 'TRIAL',
  `slc_5_min_qty` int(11) NOT NULL COMMENT 'TRIAL',
  `slc_5_disc` double NOT NULL DEFAULT 0 COMMENT 'TRIAL',
  `slc_5_bonus_qty` int(11) NOT NULL DEFAULT 0 COMMENT 'TRIAL',
  `slc_5_bonus` int(11) NOT NULL DEFAULT 0 COMMENT 'TRIAL',
  `slc_6_min_qty` int(11) NOT NULL COMMENT 'TRIAL',
  `slc_6_disc` double NOT NULL DEFAULT 0 COMMENT 'TRIAL',
  `slc_6_bonus_qty` int(11) NOT NULL DEFAULT 0 COMMENT 'TRIAL',
  `slc_6_bonus` int(11) NOT NULL DEFAULT 0 COMMENT 'TRIAL',
  `trial585` char(1) DEFAULT NULL COMMENT 'TRIAL'
) ENGINE=InnoDB DEFAULT CHARSET=utf8mb4 COLLATE=utf8mb4_general_ci COMMENT='TRIAL';

-- --------------------------------------------------------

--
-- Table structure for table `items_t`
--

CREATE TABLE `items_t` (
  `dsc` varchar(120) DEFAULT NULL COMMENT 'TRIAL',
  `class_no` int(11) DEFAULT NULL COMMENT 'TRIAL',
  `supp_no` char(8) DEFAULT NULL COMMENT 'TRIAL',
  `mqo` double DEFAULT NULL COMMENT 'TRIAL',
  `awc` double DEFAULT NULL COMMENT 'TRIAL',
  `total_qty` double DEFAULT NULL COMMENT 'TRIAL',
  `user_id` char(10) DEFAULT 'Nidal' COMMENT 'TRIAL',
  `tax` double DEFAULT NULL COMMENT 'TRIAL',
  `item_type` varchar(30) DEFAULT NULL COMMENT 'TRIAL',
  `ldi` datetime DEFAULT NULL COMMENT 'TRIAL',
  `ldm` datetime DEFAULT NULL COMMENT 'TRIAL',
  `ldr` datetime DEFAULT NULL COMMENT 'TRIAL',
  `item_no` char(12) NOT NULL COMMENT 'TRIAL',
  `isactive` char(1) DEFAULT 'Y' COMMENT 'TRIAL',
  `service` char(1) DEFAULT 'N' COMMENT 'TRIAL',
  `vendor_no` char(25) DEFAULT NULL COMMENT 'TRIAL',
  `upc` char(25) DEFAULT NULL COMMENT 'TRIAL',
  `custom1` varchar(80) DEFAULT NULL COMMENT 'TRIAL',
  `custom2` varchar(80) DEFAULT NULL COMMENT 'TRIAL',
  `size1` double DEFAULT NULL COMMENT 'TRIAL',
  `size2` double DEFAULT NULL COMMENT 'TRIAL',
  `size3` double DEFAULT NULL COMMENT 'TRIAL',
  `size4` double DEFAULT NULL COMMENT 'TRIAL',
  `serials` char(1) DEFAULT 'N' COMMENT 'TRIAL',
  `product` char(1) DEFAULT 'N' COMMENT 'TRIAL',
  `custom3` char(8) DEFAULT NULL COMMENT 'TRIAL',
  `custom4` char(8) DEFAULT NULL COMMENT 'TRIAL',
  `unit` varchar(20) DEFAULT NULL COMMENT 'TRIAL',
  `item_id` int(11) DEFAULT NULL COMMENT 'TRIAL',
  `ctype` int(11) DEFAULT 0 COMMENT 'TRIAL',
  `price` double DEFAULT NULL COMMENT 'TRIAL',
  `price2` double DEFAULT NULL COMMENT 'TRIAL',
  `price3` double DEFAULT NULL COMMENT 'TRIAL',
  `price4` double DEFAULT NULL COMMENT 'TRIAL',
  `custom5` double DEFAULT NULL COMMENT 'TRIAL',
  `custom6` double DEFAULT NULL COMMENT 'TRIAL',
  `custom7` char(1) DEFAULT NULL COMMENT 'TRIAL',
  `ean_check` char(1) DEFAULT NULL COMMENT 'TRIAL',
  `unit_id` int(11) DEFAULT 0 COMMENT 'TRIAL',
  `relitem` char(12) DEFAULT '' COMMENT 'TRIAL',
  `trial585` char(1) DEFAULT NULL COMMENT 'TRIAL'
) ENGINE=InnoDB DEFAULT CHARSET=utf8mb4 COLLATE=utf8mb4_general_ci COMMENT='TRIAL';

-- --------------------------------------------------------

--
-- Table structure for table `item_qty`
--

CREATE TABLE `item_qty` (
  `qty_index_no` int(11) NOT NULL COMMENT 'TRIAL',
  `cost` double DEFAULT NULL COMMENT 'TRIAL',
  `ldm` datetime DEFAULT NULL COMMENT 'TRIAL',
  `qty_in` double DEFAULT NULL COMMENT 'TRIAL',
  `qty_out` double DEFAULT NULL COMMENT 'TRIAL',
  `store_id` int(11) DEFAULT NULL COMMENT 'TRIAL',
  `ldi` datetime DEFAULT NULL COMMENT 'TRIAL',
  `ldr` datetime DEFAULT NULL COMMENT 'TRIAL',
  `item_no` char(12) DEFAULT NULL COMMENT 'TRIAL',
  `batchid` int(11) DEFAULT NULL COMMENT 'TRIAL',
  `q` double DEFAULT NULL COMMENT 'TRIAL',
  `trial585` char(1) DEFAULT NULL COMMENT 'TRIAL'
) ENGINE=InnoDB DEFAULT CHARSET=utf8mb4 COLLATE=utf8mb4_general_ci COMMENT='TRIAL';

-- --------------------------------------------------------

--
-- Table structure for table `item_qty_del`
--

CREATE TABLE `item_qty_del` (
  `qty_index_no` int(11) DEFAULT NULL COMMENT 'TRIAL',
  `cost` double DEFAULT NULL COMMENT 'TRIAL',
  `ldm` datetime DEFAULT NULL COMMENT 'TRIAL',
  `qty_in` double DEFAULT NULL COMMENT 'TRIAL',
  `qty_out` double DEFAULT NULL COMMENT 'TRIAL',
  `store_id` int(11) DEFAULT NULL COMMENT 'TRIAL',
  `ldi` datetime DEFAULT NULL COMMENT 'TRIAL',
  `ldr` datetime DEFAULT NULL COMMENT 'TRIAL',
  `item_no` char(12) DEFAULT NULL COMMENT 'TRIAL',
  `batchid` int(11) DEFAULT NULL COMMENT 'TRIAL',
  `q` double DEFAULT NULL COMMENT 'TRIAL',
  `trial585` char(1) DEFAULT NULL COMMENT 'TRIAL'
) ENGINE=InnoDB DEFAULT CHARSET=utf8mb4 COLLATE=utf8mb4_general_ci COMMENT='TRIAL';

-- --------------------------------------------------------

--
-- Table structure for table `item_qty_up`
--

CREATE TABLE `item_qty_up` (
  `qty_index_no` int(11) NOT NULL COMMENT 'TRIAL',
  `qty_in` double NOT NULL COMMENT 'TRIAL',
  `qty_out` double NOT NULL COMMENT 'TRIAL',
  `store_id` int(11) NOT NULL COMMENT 'TRIAL',
  `item_no` char(12) NOT NULL COMMENT 'TRIAL',
  `batchid` int(11) DEFAULT NULL COMMENT 'TRIAL',
  `trial585` char(1) DEFAULT NULL COMMENT 'TRIAL'
) ENGINE=InnoDB DEFAULT CHARSET=utf8mb4 COLLATE=utf8mb4_general_ci COMMENT='TRIAL';

--
-- Dumping data for table `item_qty_up`
--

INSERT INTO `item_qty_up` (`qty_index_no`, `qty_in`, `qty_out`, `store_id`, `item_no`, `batchid`, `trial585`) VALUES
(2950, 0, 0, 2, '20.001', NULL, 'T'),
(2952, 2000, 35.6249999999923, 2, '30.001', NULL, 'T'),
(2953, 2000, 15.3125, 2, '30.002', NULL, 'T'),
(2958, 70, 0, 2, '10.001', NULL, 'T'),
(2973, 2000, 15, 2, '30.003', NULL, 'T'),
(2974, 2000, 3.90625, 2, '30.004', NULL, 'T'),
(2975, 2000, 0.78125, 2, '30.005', NULL, 'T'),
(2976, 0, 0, 2, '30.006', NULL, 'T'),
(2977, 2000, 4.6875, 2, '30.007', NULL, 'T'),
(2978, 200000, 50, 2, '40.001', NULL, 'T'),
(2979, 0, 2.5, 2, '40.002', NULL, 'T'),
(2982, 2000, 0.5469, 2, '30.101', NULL, 'T'),
(2983, 0, 0.0000000000000035527136788005, 2, '30.201', NULL, 'T'),
(2984, 0, 0, 2, '40.005', NULL, 'T'),
(2985, 0, 0, 2, '40.006', NULL, 'T'),
(2986, 20000, 0, 2, '40.400', NULL, 'T'),
(2987, 0, 0, 2, '10.201', NULL, 'T'),
(2988, 2000, 0, 2, '30.104', NULL, 'T'),
(2989, 2000, 0, 2, '30.105', NULL, 'T'),
(2990, 0, 0, 2, '10.202', NULL, 'T'),
(2991, 0, 0, 2, '30.301', NULL, 'T'),
(2992, 0, 0, 2, '30.008', NULL, 'T'),
(2993, 0, 0, 2, '40.007', NULL, 'T'),
(2994, 0, 0, 2, '10.101', NULL, 'T'),
(2995, 20000, 0, 2, '40.301', NULL, 'T'),
(2996, 20000, 0, 2, '40.302', NULL, 'T'),
(2997, 20000, 0, 2, '40.303', NULL, 'T'),
(2998, 20000, 0, 2, '40.304', NULL, 'T'),
(2999, 20000, 0, 2, '40.305', NULL, 'T'),
(3000, 20000, 0, 2, '40.306', NULL, 'T'),
(3001, 20000, 0, 2, '40.307', NULL, 'T'),
(3002, 20000, 0, 2, '40.201', NULL, 'T'),
(3003, 20000, 0, 2, '40.202', NULL, 'T'),
(3004, 20000, 0, 2, '40.203', NULL, 'T'),
(3005, 2000, 0, 2, '30.102', NULL, 'T'),
(3006, 2000, 0, 2, '30.103', NULL, 'T'),
(3007, 2000, 0, 2, '30.106', NULL, 'T'),
(3008, 2000, 0, 2, '30.107', NULL, 'T'),
(3009, 2000, 0, 2, '30.108', NULL, 'T'),
(3010, 2000, 0, 2, '30.109', NULL, 'T'),
(3011, 2000, 0, 2, '30.110', NULL, 'T'),
(3012, 2000, 0, 2, '30.111', NULL, 'T');

-- --------------------------------------------------------

--
-- Table structure for table `keys`
--

CREATE TABLE `keys` (
  `id` bigint(20) UNSIGNED NOT NULL,
  `primary` bigint(20) NOT NULL,
  `ORD` int(11) NOT NULL,
  `description` varchar(255) DEFAULT NULL,
  `is_active` tinyint(1) NOT NULL DEFAULT 1,
  `created_at` timestamp NULL DEFAULT NULL,
  `updated_at` timestamp NULL DEFAULT NULL,
  `deleted_at` timestamp NULL DEFAULT NULL
) ENGINE=InnoDB DEFAULT CHARSET=utf8mb4 COLLATE=utf8mb4_unicode_ci;

--
-- Dumping data for table `keys`
--

INSERT INTO `keys` (`id`, `primary`, `ORD`, `description`, `is_active`, `created_at`, `updated_at`, `deleted_at`) VALUES
(1, 1, 0, NULL, 1, '2023-05-09 07:28:06', '2023-05-09 07:28:06', NULL),
(2, 2, 1, NULL, 1, '2023-05-09 07:28:06', '2023-05-09 07:28:06', NULL),
(3, 4, 2, NULL, 1, '2023-05-09 07:28:06', '2023-05-09 07:28:06', NULL),
(4, 8, 3, NULL, 1, '2023-05-09 07:28:06', '2023-05-09 07:28:06', NULL),
(5, 16, 4, NULL, 1, '2023-05-09 07:28:06', '2023-05-09 07:28:06', NULL),
(6, 32, 5, NULL, 1, '2023-05-09 07:28:06', '2023-05-09 07:28:06', NULL),
(7, 64, 6, NULL, 1, '2023-05-09 07:28:06', '2023-05-09 07:28:06', NULL),
(8, 128, 7, NULL, 1, '2023-05-09 07:28:06', '2023-05-09 07:28:06', NULL),
(9, 256, 8, NULL, 1, '2023-05-09 07:28:06', '2023-05-09 07:28:06', NULL),
(10, 512, 9, NULL, 1, '2023-05-09 07:28:06', '2023-05-09 07:28:06', NULL),
(11, 1024, 10, NULL, 1, '2023-05-09 07:28:06', '2023-05-09 07:28:06', NULL),
(12, 2048, 11, NULL, 1, '2023-05-09 07:28:06', '2023-05-09 07:28:06', NULL),
(13, 4096, 12, NULL, 1, '2023-05-09 07:28:06', '2023-05-09 07:28:06', NULL),
(14, 8192, 13, NULL, 1, '2023-05-09 07:28:06', '2023-05-09 07:28:06', NULL),
(15, 16384, 14, NULL, 1, '2023-05-09 07:28:06', '2023-05-09 07:28:06', NULL),
(16, 32768, 15, NULL, 1, '2023-05-09 07:28:06', '2023-05-09 07:28:06', NULL),
(17, 65536, 16, NULL, 1, '2023-05-09 07:28:06', '2023-05-09 07:28:06', NULL),
(18, 131072, 17, NULL, 1, '2023-05-09 07:28:06', '2023-05-09 07:28:06', NULL),
(19, 262144, 18, NULL, 1, '2023-05-09 07:28:06', '2023-05-09 07:28:06', NULL),
(20, 524288, 19, NULL, 1, '2023-05-09 07:28:06', '2023-05-09 07:28:06', NULL),
(21, 1048576, 20, NULL, 1, '2023-05-09 07:28:06', '2023-05-09 07:28:06', NULL),
(22, 2097152, 21, NULL, 1, '2023-05-09 07:28:06', '2023-05-09 07:28:06', NULL),
(23, 4194304, 22, NULL, 1, '2023-05-09 07:28:06', '2023-05-09 07:28:06', NULL),
(24, 8388608, 23, NULL, 1, '2023-05-09 07:28:06', '2023-05-09 07:28:06', NULL),
(25, 16777216, 24, NULL, 1, '2023-05-09 07:28:06', '2023-05-09 07:28:06', NULL),
(26, 33554432, 25, NULL, 1, '2023-05-09 07:28:06', '2023-05-09 07:28:06', NULL),
(27, 67108864, 26, NULL, 1, '2023-05-09 07:28:06', '2023-05-09 07:28:06', NULL),
(28, 134217728, 27, NULL, 1, '2023-05-09 07:28:06', '2023-05-09 07:28:06', NULL),
(29, 268435456, 28, NULL, 1, '2023-05-09 07:28:06', '2023-05-09 07:28:06', NULL),
(30, 536870912, 29, NULL, 1, '2023-05-09 07:28:06', '2023-05-09 07:28:06', NULL),
(31, 1073741824, 30, NULL, 1, '2023-05-09 07:28:06', '2023-05-09 07:28:06', NULL),
(32, 2147483648, 31, NULL, 1, '2023-05-09 07:28:06', '2023-05-09 07:28:06', NULL),
(33, 4294967296, 32, NULL, 1, '2023-05-09 07:28:06', '2023-05-09 07:28:06', NULL),
(34, 8589934592, 33, NULL, 1, '2023-05-09 07:28:06', '2023-05-09 07:28:06', NULL),
(35, 17179869184, 34, NULL, 1, '2023-05-09 07:28:06', '2023-05-09 07:28:06', NULL),
(36, 34359738368, 35, NULL, 1, '2023-05-09 07:28:06', '2023-05-09 07:28:06', NULL),
(37, 68719476736, 36, NULL, 1, '2023-05-09 07:28:06', '2023-05-09 07:28:06', NULL),
(38, 137438953472, 37, NULL, 1, '2023-05-09 07:28:06', '2023-05-09 07:28:06', NULL),
(39, 274877906944, 38, NULL, 1, '2023-05-09 07:28:06', '2023-05-09 07:28:06', NULL),
(40, 549755813888, 39, NULL, 1, '2023-05-09 07:28:06', '2023-05-09 07:28:06', NULL),
(41, 1099511627776, 40, NULL, 1, '2023-05-09 07:28:06', '2023-05-09 07:28:06', NULL),
(42, 2199023255552, 41, NULL, 1, '2023-05-09 07:28:06', '2023-05-09 07:28:06', NULL),
(43, 4398046511104, 42, NULL, 1, '2023-05-09 07:28:06', '2023-05-09 07:28:06', NULL),
(44, 8796093022208, 43, NULL, 1, '2023-05-09 07:28:06', '2023-05-09 07:28:06', NULL),
(45, 17592186044416, 44, NULL, 1, '2023-05-09 07:28:06', '2023-05-09 07:28:06', NULL),
(46, 35184372088832, 45, NULL, 1, '2023-05-09 07:28:06', '2023-05-09 07:28:06', NULL),
(47, 70368744177664, 46, NULL, 1, '2023-05-09 07:28:06', '2023-05-09 07:28:06', NULL),
(48, 140737488355328, 47, NULL, 1, '2023-05-09 07:28:06', '2023-05-09 07:28:06', NULL),
(49, 281474976710656, 48, NULL, 1, '2023-05-09 07:28:06', '2023-05-09 07:28:06', NULL),
(50, 562949953421312, 49, NULL, 1, '2023-05-09 07:28:06', '2023-05-09 07:28:06', NULL),
(51, 1125899906842624, 50, NULL, 1, '2023-05-09 07:28:06', '2023-05-09 07:28:06', NULL),
(52, 2251799813685248, 51, NULL, 1, '2023-05-09 07:28:06', '2023-05-09 07:28:06', NULL),
(53, 4503599627370496, 52, NULL, 1, '2023-05-09 07:28:06', '2023-05-09 07:28:06', NULL),
(54, 9007199254740992, 53, NULL, 1, '2023-05-09 07:28:06', '2023-05-09 07:28:06', NULL),
(55, 18014398509481984, 54, NULL, 1, '2023-05-09 07:28:06', '2023-05-09 07:28:06', NULL),
(56, 36028797018963968, 55, NULL, 1, '2023-05-09 07:28:06', '2023-05-09 07:28:06', NULL),
(57, 72057594037927936, 56, NULL, 1, '2023-05-09 07:28:06', '2023-05-09 07:28:06', NULL),
(58, 144115188075855872, 57, NULL, 1, '2023-05-09 07:28:06', '2023-05-09 07:28:06', NULL),
(59, 288230376151711744, 58, NULL, 1, '2023-05-09 07:28:06', '2023-05-09 07:28:06', NULL),
(60, 576460752303423488, 59, NULL, 1, '2023-05-09 07:28:06', '2023-05-09 07:28:06', NULL),
(61, 1152921504606846976, 60, NULL, 1, '2023-05-09 07:28:06', '2023-05-09 07:28:06', NULL),
(62, 2305843009213693952, 61, NULL, 1, '2023-05-09 07:28:06', '2023-05-09 07:28:06', NULL),
(63, 4611686018427387904, 62, NULL, 1, '2023-05-09 07:28:06', '2023-05-09 07:28:06', NULL);

-- --------------------------------------------------------

--
-- Table structure for table `laravel_sys_options`
--

CREATE TABLE `laravel_sys_options` (
  `id` bigint(20) UNSIGNED NOT NULL,
  `field_name` varchar(255) NOT NULL,
  `caption` varchar(255) NOT NULL,
  `ecaption` varchar(255) NOT NULL,
  `form_id` varchar(255) NOT NULL,
  `visible` varchar(1) NOT NULL DEFAULT 'N',
  `nullable` varchar(1) NOT NULL DEFAULT 'Y',
  `enabled` varchar(1) NOT NULL DEFAULT 'N',
  `field_type` varchar(255) DEFAULT NULL,
  `custom_validation` varchar(255) DEFAULT NULL,
  `created_at` timestamp NULL DEFAULT NULL,
  `updated_at` timestamp NULL DEFAULT NULL,
  `deleted_at` timestamp NULL DEFAULT NULL
) ENGINE=InnoDB DEFAULT CHARSET=utf8mb4 COLLATE=utf8mb4_unicode_ci;

--
-- Dumping data for table `laravel_sys_options`
--

INSERT INTO `laravel_sys_options` (`id`, `field_name`, `caption`, `ecaption`, `form_id`, `visible`, `nullable`, `enabled`, `field_type`, `custom_validation`, `created_at`, `updated_at`, `deleted_at`) VALUES
(1, 'vchr_type', 'النوع', 'Voucher Type', 'frmInsertVoucher', 'Y', 'N', 'Y', NULL, '[\"numeric\",\"min:1\",\"max:3\"]', '2023-07-26 09:12:38', '2023-07-26 09:12:38', NULL),
(2, 'vchr_no', 'الرقم', 'Voucher Number', 'frmInsertVoucher', 'Y', 'Y', 'Y', NULL, '[\"numeric\"]', '2023-07-26 09:12:38', '2023-07-26 09:12:38', NULL),
(3, 'vchr_date', 'التاريخ', 'Voucher Date', 'frmInsertVoucher', 'Y', 'N', 'Y', NULL, '[\"date_format:Y-m-d H:i:s\"]', '2023-07-26 09:12:38', '2023-07-26 09:12:38', NULL),
(4, 'sec_no', 'الرقم الفرعي', 'Sequence Number', 'frmInsertVoucher', 'Y', 'Y', 'Y', NULL, '[\"numeric\"]', '2023-07-26 09:12:38', '2023-07-26 09:12:38', NULL),
(5, 'rep_no', 'المندوب', 'Representative Number', 'frmInsertVoucher', 'Y', 'N', 'Y', NULL, '[\"exists:representive,rep_no\"]', '2023-07-26 09:12:38', '2023-07-26 09:12:38', NULL),
(6, 'table_data.*.ac_no', 'رقم الحساب', 'Account Number', 'frmInsertVoucher', 'Y', 'N', 'Y', 'table_filed', '[\"exists:accounts,id\"]', '2023-07-26 09:12:38', '2023-07-26 09:12:38', NULL),
(7, 'table_data', 'بيانات الجدول', 'Account Number', 'frmInsertVoucher', 'Y', 'N', 'Y', 'table_filed', '[\"array\"]', '2023-07-26 09:33:10', '2023-07-26 09:33:10', NULL),
(8, 'table_data.*.ac_name', 'اسم الحساب', 'Account Name', 'frmInsertVoucher', 'Y', 'Y', 'N', 'table_filed', NULL, '2023-07-26 10:23:49', '2023-07-26 10:23:49', NULL),
(9, 'table_data.*.dsc', 'البيان', 'Description', 'frmInsertVoucher', 'Y', 'Y', 'Y', 'table_filed', '[\"max:255\"]', '2023-07-26 10:55:57', '2023-07-26 10:55:57', NULL),
(10, 'table_data.*.credit', 'الدائن', 'Creditor', 'frmInsertVoucher', 'Y', 'N', 'Y', 'table_filed', '[\"numeric\"]', '2023-07-26 10:55:57', '2023-07-26 10:55:57', NULL),
(11, 'table_data.*.debit', 'المدين', 'Debtor', 'frmInsertVoucher', 'Y', 'N', 'Y', 'table_filed', '[\"numeric\"]', '2023-07-26 10:55:57', '2023-07-26 10:55:57', NULL),
(12, 'table_data.*.line_no', 'رقم السطر', 'Line Number', 'frmInsertVoucher', 'Y', 'N', 'N', 'table_filed', '[\"numeric\"]', '2023-07-31 21:26:39', '2023-07-31 21:26:39', NULL),
(13, 'table_data.*.vchr_serial', 'رقم المرجع', 'Foreign Key Number', 'frmInsertVoucher', 'N', 'Y', 'N', 'table_filed', '[\"numeric\"]', '2023-07-31 21:26:39', '2023-07-31 21:26:39', NULL),
(14, 'table_data.*.frn_amt', 'مجموع الدائن والمدين', 'TotalDebitCredit', 'frmInsertVoucher', 'Y', 'N', 'N', 'table_filed', '[\"numeric\"]', '2023-07-31 21:26:39', '2023-07-31 21:26:39', NULL),
(15, 'table_data.*.vchr_date', 'التاريخ', 'Date', 'frmInsertVoucher', 'Y', 'N', 'N', 'table_filed', '[\"date_format:Y-m-d H:i:s\"]', '2023-07-31 21:26:39', '2023-07-31 21:26:39', NULL),
(16, 'table_data.*.currency_id', 'العملة', 'Currency', 'frmInsertVoucher', 'Y', 'Y', 'N', 'table_filed', '[\"exists:currencies,curr_no\"]', '2023-07-31 21:26:39', '2023-07-31 21:26:39', NULL),
(17, 'table_data.*.posted', 'تم ترحيلها', 'Posted', 'frmInsertVoucher', 'Y', 'Y', 'N', 'table_filed', NULL, '2023-07-31 21:26:39', '2023-07-31 21:26:39', NULL),
(18, 'table_data.*.cc_id', 'مركز الكلفة', 'Cost Center', 'frmInsertVoucher', 'Y', 'Y', 'Y', 'table_filed', '[\"exists:cost_centers,cc_id\"]', '2023-07-31 21:26:39', '2023-07-31 21:26:39', NULL),
(19, 'ac_no_from', 'من حساب رقم', 'From account no', 'frmaccountreport', 'Y', 'N', 'Y', NULL, '[\"exists:accounts,id\"]', '2023-08-19 19:24:36', '2023-08-19 19:24:36', NULL),
(20, 'ac_no_to', 'الى حساب رقم', 'To account no', 'frmaccountreport', 'N', 'N', 'Y', NULL, '[\"exists:accounts,id\"]', '2023-08-19 19:24:36', '2023-08-19 19:24:36', NULL),
(21, 'from_date', 'من تاريخ', 'From date', 'frmaccountreport', 'Y', 'N', 'Y', NULL, '[\"date_format:Y-m-d H:i:s\"]', '2023-08-19 19:24:36', '2023-08-19 19:24:36', NULL),
(22, 'to_date', 'الى تاريخ', 'To date', 'frmaccountreport', 'Y', 'N', 'Y', NULL, '[\"date_format:Y-m-d H:i:s\",\"after_or_equal:from_date\"]', '2023-08-19 19:24:36', '2023-08-19 19:24:36', NULL),
(23, 'representative_no', 'المندوب', 'Representative', 'frmaccountreport', 'Y', 'Y', 'Y', NULL, '[\"exists:representive,rep_no\"]', '2023-08-19 19:24:36', '2023-08-19 19:24:36', NULL),
(24, 'region', 'المنطقة', 'Region', 'frmaccountreport', 'Y', 'Y', 'Y', NULL, '[\"exists:inv_areas,area_no\"]', '2023-08-19 19:24:36', '2023-08-19 19:24:36', NULL),
(25, 'ac_statement_type', 'نوع الكشف', 'Account statement type', 'frmaccountreport', 'Y', 'N', 'Y', NULL, '[\"in:1,2,3,4\", \"numeric\"]', '2023-08-19 19:24:36', '2023-08-19 19:24:36', NULL),
(26, 'detailed_type', 'نوع الكشف المفصل', 'Detailed type', 'frmaccountreport', 'Y', 'N', 'Y', NULL, '[\"required_if:ac_statement_type,1\", \"in:1,2,3\", \"numeric\"]', '2023-08-19 19:24:36', '2023-08-19 19:24:36', NULL),
(27, 'operator', 'العامل', 'Operator', 'frmaccountreport', 'Y', 'N', 'Y', NULL, '[\"required_if:detailed_type,1,2\", \"in:grater,equal,smaller\"]', '2023-08-19 19:24:36', '2023-08-19 19:24:36', NULL),
(28, 'operator_value', 'قيمة العامل', 'Operator value', 'frmaccountreport', 'Y', 'N', 'Y', NULL, '[\"required_if:detailed_type,1,2\", \"numeric\"]', '2023-08-19 19:24:36', '2023-08-19 19:24:36', NULL),
(29, 'show_zero_balances', 'اظهار الارصدة الصفرية', 'Show zero balances', 'frmaccountreport', 'Y', 'N', 'Y', NULL, '[\"required_if:ac_statement_type,2,3\", \"boolean\"]', '2023-08-19 19:24:36', '2023-08-19 19:24:36', NULL),
(30, 'show_titles', 'اظهار العناوين', 'Show titles', 'frmaccountreport', 'Y', 'N', 'Y', NULL, '[\"required_if:ac_statement_type,2\", \"boolean\"]', '2023-08-19 19:24:36', '2023-08-19 19:24:36', NULL);

-- --------------------------------------------------------

--
-- Table structure for table `main_categories`
--

CREATE TABLE `main_categories` (
  `id` bigint(20) UNSIGNED NOT NULL,
  `name_en` varchar(255) NOT NULL,
  `name_ar` varchar(255) NOT NULL,
  `group_type` varchar(255) NOT NULL,
  `limit_of_level_subcategory` smallint(6) NOT NULL DEFAULT 0,
  `is_view_in_home_page` tinyint(1) NOT NULL DEFAULT 0,
  `status` tinyint(1) NOT NULL DEFAULT 1 COMMENT '1: active, 0: not active',
  `created_at` timestamp NULL DEFAULT NULL,
  `updated_at` timestamp NULL DEFAULT NULL
) ENGINE=InnoDB DEFAULT CHARSET=utf8mb4 COLLATE=utf8mb4_unicode_ci;

-- --------------------------------------------------------

--
-- Table structure for table `media`
--

CREATE TABLE `media` (
  `id` bigint(20) UNSIGNED NOT NULL,
  `filename` varchar(255) NOT NULL,
  `path` varchar(255) NOT NULL,
  `group` varchar(255) NOT NULL,
  `media_type` varchar(255) NOT NULL,
  `type_id` bigint(20) NOT NULL,
  `created_at` timestamp NULL DEFAULT NULL,
  `updated_at` timestamp NULL DEFAULT NULL
) ENGINE=InnoDB DEFAULT CHARSET=utf8mb4 COLLATE=utf8mb4_unicode_ci;

-- --------------------------------------------------------

--
-- Table structure for table `migrations`
--

CREATE TABLE `migrations` (
  `id` int(10) UNSIGNED NOT NULL,
  `migration` varchar(255) NOT NULL,
  `batch` int(11) NOT NULL
) ENGINE=InnoDB DEFAULT CHARSET=utf8mb4 COLLATE=utf8mb4_unicode_ci;

--
-- Dumping data for table `migrations`
--

INSERT INTO `migrations` (`id`, `migration`, `batch`) VALUES
(1, '2023_03_14_071506_create_keys_table', 1),
(2, '2014_10_12_100000_create_password_resets_table', 2),
(3, '2016_06_01_000001_create_oauth_auth_codes_table', 2),
(4, '2016_06_01_000002_create_oauth_access_tokens_table', 2),
(5, '2016_06_01_000003_create_oauth_refresh_tokens_table', 2),
(6, '2016_06_01_000004_create_oauth_clients_table', 2),
(7, '2016_06_01_000005_create_oauth_personal_access_clients_table', 2),
(8, '2019_08_19_000000_create_failed_jobs_table', 2),
(9, '2020_02_21_162617_create_media_table', 2),
(10, '2022_02_17_161710_create_main_categories_table', 2),
(11, '2022_02_21_093628_create_sub_categories_table', 2),
(12, '2022_04_30_153915_create_notifications_table', 2),
(13, '2022_06_03_083851_create_table_about_as_table', 2),
(14, '2022_11_20_134006_create_app_settings_table', 2),
(15, '2023_06_07_104435_create_company_start_years_table', 2),
(17, '2023_07_26_101613_create_laravel_sys_options_table', 3),
(18, '2023_08_07_101244_create_acc_voucher_logs_table', 4),
(23, '2023_08_07_105034_voucher_trigger_actions', 5);

-- --------------------------------------------------------

--
-- Table structure for table `movements`
--

CREATE TABLE `movements` (
  `move_no` int(11) NOT NULL COMMENT 'TRIAL',
  `move_date` datetime DEFAULT NULL COMMENT 'TRIAL',
  `move_type` char(1) DEFAULT NULL COMMENT 'TRIAL',
  `qty` double DEFAULT NULL COMMENT 'TRIAL',
  `store_id` int(11) DEFAULT NULL COMMENT 'TRIAL',
  `status` char(1) DEFAULT NULL COMMENT 'TRIAL',
  `invoice_bond_serial` int(11) DEFAULT NULL COMMENT 'TRIAL',
  `line_no` int(11) DEFAULT NULL COMMENT 'TRIAL',
  `price` double DEFAULT 0 COMMENT 'TRIAL',
  `cost` double DEFAULT NULL COMMENT 'TRIAL',
  `tax` double DEFAULT NULL COMMENT 'TRIAL',
  `discount` double DEFAULT NULL COMMENT 'TRIAL',
  `inout` int(11) DEFAULT NULL COMMENT 'TRIAL',
  `item_no` char(12) DEFAULT NULL COMMENT 'TRIAL',
  `item_disc` double DEFAULT 0 COMMENT 'TRIAL',
  `gift` double DEFAULT 0 COMMENT 'TRIAL',
  `batchid` int(11) DEFAULT NULL COMMENT 'TRIAL',
  `frn_price` double DEFAULT 0 COMMENT 'TRIAL',
  `frn_cost` double DEFAULT 0 COMMENT 'TRIAL',
  `qtycnt` double DEFAULT NULL COMMENT 'TRIAL',
  `cust1` double DEFAULT 0 COMMENT 'TRIAL',
  `cust2` double DEFAULT 0 COMMENT 'TRIAL',
  `cust3` double DEFAULT 0 COMMENT 'TRIAL',
  `offer_det_id` int(11) DEFAULT NULL COMMENT 'TRIAL',
  `offer_slc_no` int(11) DEFAULT NULL COMMENT 'TRIAL',
  `trial589` char(1) DEFAULT NULL COMMENT 'TRIAL'
) ENGINE=InnoDB DEFAULT CHARSET=utf8mb4 COLLATE=utf8mb4_general_ci COMMENT='TRIAL';

--
-- Dumping data for table `movements`
--

INSERT INTO `movements` (`move_no`, `move_date`, `move_type`, `qty`, `store_id`, `status`, `invoice_bond_serial`, `line_no`, `price`, `cost`, `tax`, `discount`, `inout`, `item_no`, `item_disc`, `gift`, `batchid`, `frn_price`, `frn_cost`, `qtycnt`, `cust1`, `cust2`, `cust3`, `offer_det_id`, `offer_slc_no`, `trial589`) VALUES
(230145, '2022-01-01 00:00:00', '4', 1000, 2, 'U', 63779, 1, 0, 28, 0, 0, 1, '30.003', 0, 0, NULL, 0, 0, NULL, 0, 0, 0, NULL, NULL, 'T'),
(230146, '2022-01-01 00:00:00', '4', 1000, 2, 'U', 63779, 2, 0, 240, 0, 0, 1, '30.007', 0, 0, NULL, 0, 0, NULL, 0, 0, 0, NULL, NULL, 'T'),
(230147, '2022-01-01 00:00:00', '4', 1000, 2, 'U', 63779, 3, 0, 17.5, 0, 0, 1, '30.005', 0, 0, NULL, 0, 0, NULL, 0, 0, 0, NULL, NULL, 'T'),
(230148, '2022-01-01 00:00:00', '4', 1000, 2, 'U', 63779, 4, 0, 690, 0, 0, 1, '30.002', 0, 0, NULL, 0, 0, NULL, 0, 0, 0, NULL, NULL, 'T'),
(230149, '2022-01-01 00:00:00', '4', 1000, 2, 'U', 63779, 5, 0, 90, 0, 0, 1, '30.004', 0, 0, NULL, 0, 0, NULL, 0, 0, 0, NULL, NULL, 'T'),
(230150, '2022-01-01 00:00:00', '4', 1000, 2, 'U', 63779, 6, 0, 348, 0, 0, 1, '30.001', 0, 0, NULL, 0, 0, NULL, 0, 0, 0, NULL, NULL, 'T'),
(230151, '2022-01-01 00:00:00', '4', 100000, 2, 'U', 63779, 7, 0, 55, 0, 0, 1, '40.001', 0, 0, NULL, 0, 0, NULL, 0, 0, 0, NULL, NULL, 'T'),
(230152, '2022-01-01 00:00:00', '4', 10000, 2, 'U', 63779, 8, 0, 950, 0, 0, 1, '40.301', 0, 0, NULL, 0, 0, NULL, 0, 0, 0, NULL, NULL, 'T'),
(230153, '2022-01-01 00:00:00', '4', 10000, 2, 'U', 63779, 9, 0, 950, 0, 0, 1, '40.302', 0, 0, NULL, 0, 0, NULL, 0, 0, 0, NULL, NULL, 'T'),
(230154, '2022-01-01 00:00:00', '4', 10000, 2, 'U', 63779, 10, 0, 950, 0, 0, 1, '40.303', 0, 0, NULL, 0, 0, NULL, 0, 0, 0, NULL, NULL, 'T'),
(230155, '2022-01-01 00:00:00', '4', 10000, 2, 'U', 63779, 11, 0, 950, 0, 0, 1, '40.304', 0, 0, NULL, 0, 0, NULL, 0, 0, 0, NULL, NULL, 'T'),
(230156, '2022-01-01 00:00:00', '4', 10000, 2, 'U', 63779, 12, 0, 950, 0, 0, 1, '40.305', 0, 0, NULL, 0, 0, NULL, 0, 0, 0, NULL, NULL, 'T'),
(230157, '2022-01-01 00:00:00', '4', 10000, 2, 'U', 63779, 13, 0, 950, 0, 0, 1, '40.306', 0, 0, NULL, 0, 0, NULL, 0, 0, 0, NULL, NULL, 'T'),
(230158, '2022-01-01 00:00:00', '4', 10000, 2, 'U', 63779, 14, 0, 950, 0, 0, 1, '40.307', 0, 0, NULL, 0, 0, NULL, 0, 0, 0, NULL, NULL, 'T'),
(230159, '2022-01-01 00:00:00', '4', 10000, 2, 'U', 63779, 15, 0, 950, 0, 0, 1, '40.400', 0, 0, NULL, 0, 0, NULL, 0, 0, 0, NULL, NULL, 'T'),
(230160, '2022-01-01 00:00:00', '4', 10000, 2, 'U', 63779, 16, 0, 900, 0, 0, 1, '40.201', 0, 0, NULL, 0, 0, NULL, 0, 0, 0, NULL, NULL, 'T'),
(230161, '2022-01-01 00:00:00', '4', 10000, 2, 'U', 63779, 17, 0, 900, 0, 0, 1, '40.202', 0, 0, NULL, 0, 0, NULL, 0, 0, 0, NULL, NULL, 'T'),
(230162, '2022-01-01 00:00:00', '4', 10000, 2, 'U', 63779, 18, 0, 900, 0, 0, 1, '40.203', 0, 0, NULL, 0, 0, NULL, 0, 0, 0, NULL, NULL, 'T'),
(230163, '2022-01-01 00:00:00', '4', 1000, 2, 'U', 63779, 19, 0, 750, 0, 0, 1, '30.101', 0, 0, NULL, 0, 0, NULL, 0, 0, 0, NULL, NULL, 'T'),
(230164, '2022-01-01 00:00:00', '4', 1000, 2, 'U', 63779, 20, 0, 750, 0, 0, 1, '30.102', 0, 0, NULL, 0, 0, NULL, 0, 0, 0, NULL, NULL, 'T'),
(230165, '2022-01-01 00:00:00', '4', 1000, 2, 'U', 63779, 21, 0, 750, 0, 0, 1, '30.103', 0, 0, NULL, 0, 0, NULL, 0, 0, 0, NULL, NULL, 'T'),
(230166, '2022-01-01 00:00:00', '4', 1000, 2, 'U', 63779, 22, 0, 850, 0, 0, 1, '30.104', 0, 0, NULL, 0, 0, NULL, 0, 0, 0, NULL, NULL, 'T'),
(230167, '2022-01-01 00:00:00', '4', 1000, 2, 'U', 63779, 23, 0, 850, 0, 0, 1, '30.105', 0, 0, NULL, 0, 0, NULL, 0, 0, 0, NULL, NULL, 'T'),
(230168, '2022-01-01 00:00:00', '4', 1000, 2, 'U', 63779, 24, 0, 850, 0, 0, 1, '30.106', 0, 0, NULL, 0, 0, NULL, 0, 0, 0, NULL, NULL, 'T'),
(230169, '2022-01-01 00:00:00', '4', 1000, 2, 'U', 63779, 25, 0, 850, 0, 0, 1, '30.107', 0, 0, NULL, 0, 0, NULL, 0, 0, 0, NULL, NULL, 'T'),
(230170, '2022-01-01 00:00:00', '4', 1000, 2, 'U', 63779, 26, 0, 830, 0, 0, 1, '30.108', 0, 0, NULL, 0, 0, NULL, 0, 0, 0, NULL, NULL, 'T'),
(230171, '2022-01-01 00:00:00', '4', 1000, 2, 'U', 63779, 27, 0, 950, 0, 0, 1, '30.109', 0, 0, NULL, 0, 0, NULL, 0, 0, 0, NULL, NULL, 'T'),
(230172, '2022-01-01 00:00:00', '4', 1000, 2, 'U', 63779, 28, 0, 850, 0, 0, 1, '30.110', 0, 0, NULL, 0, 0, NULL, 0, 0, 0, NULL, NULL, 'T'),
(230173, '2022-01-01 00:00:00', '4', 1000, 2, 'U', 63779, 29, 0, 850, 0, 0, 1, '30.111', 0, 0, NULL, 0, 0, NULL, 0, 0, 0, NULL, NULL, 'T'),
(230177, '2022-12-07 00:00:00', 'B', 20, 2, 'U', 63782, 1, 0, 0, 0, 0, 1, '10.001', 0, 0, NULL, 0, 0, 0, 0, 0, 0, NULL, NULL, 'T'),
(230178, '2022-12-07 00:00:00', 'B', 30, 2, 'U', 63783, 1, 0, 0, 0, 0, 1, '10.001', 0, 0, NULL, 0, 0, 0, 0, 0, 0, NULL, NULL, 'T'),
(230179, '2022-12-07 00:00:00', '7', 20, 2, 'U', 63784, 1000, 0, 0, 0, 0, 1, '10.001', 0, 0, NULL, 0, 0, NULL, 0, 0, 0, NULL, NULL, 'T'),
(230180, '2022-12-07 00:00:00', '7', 20, 2, 'U', 63784, 1, 0, 348, 0, 0, -1, '30.001', 0, 0, NULL, 0, 0, NULL, 0, 0, 0, NULL, NULL, 'T'),
(230181, '2022-12-07 00:00:00', '7', 10, 2, 'U', 63784, 2, 0, 690, 0, 0, -1, '30.002', 0, 0, NULL, 0, 0, NULL, 0, 0, 0, NULL, NULL, 'T'),
(230183, '2022-01-01 00:00:00', '4', 1000, 2, 'U', 63786, 1, 0, 28, 0, 0, 1, '30.003', 0, 0, NULL, 0, 0, NULL, 0, 0, 0, NULL, NULL, 'T'),
(230184, '2022-01-01 00:00:00', '4', 1000, 2, 'U', 63786, 2, 0, 240, 0, 0, 1, '30.007', 0, 0, NULL, 0, 0, NULL, 0, 0, 0, NULL, NULL, 'T'),
(230185, '2022-01-01 00:00:00', '4', 1000, 2, 'U', 63786, 3, 0, 17.5, 0, 0, 1, '30.005', 0, 0, NULL, 0, 0, NULL, 0, 0, 0, NULL, NULL, 'T'),
(230186, '2022-01-01 00:00:00', '4', 1000, 2, 'U', 63786, 4, 0, 690, 0, 0, 1, '30.002', 0, 0, NULL, 0, 0, NULL, 0, 0, 0, NULL, NULL, 'T'),
(230187, '2022-01-01 00:00:00', '4', 1000, 2, 'U', 63786, 5, 0, 90, 0, 0, 1, '30.004', 0, 0, NULL, 0, 0, NULL, 0, 0, 0, NULL, NULL, 'T'),
(230188, '2022-01-01 00:00:00', '4', 1000, 2, 'U', 63786, 6, 0, 348, 0, 0, 1, '30.001', 0, 0, NULL, 0, 0, NULL, 0, 0, 0, NULL, NULL, 'T'),
(230189, '2022-01-01 00:00:00', '4', 100000, 2, 'U', 63786, 7, 0, 55, 0, 0, 1, '40.001', 0, 0, NULL, 0, 0, NULL, 0, 0, 0, NULL, NULL, 'T'),
(230190, '2022-01-01 00:00:00', '4', 10000, 2, 'U', 63786, 8, 0, 950, 0, 0, 1, '40.301', 0, 0, NULL, 0, 0, NULL, 0, 0, 0, NULL, NULL, 'T'),
(230191, '2022-01-01 00:00:00', '4', 10000, 2, 'U', 63786, 9, 0, 950, 0, 0, 1, '40.302', 0, 0, NULL, 0, 0, NULL, 0, 0, 0, NULL, NULL, 'T'),
(230192, '2022-01-01 00:00:00', '4', 10000, 2, 'U', 63786, 10, 0, 950, 0, 0, 1, '40.303', 0, 0, NULL, 0, 0, NULL, 0, 0, 0, NULL, NULL, 'T'),
(230193, '2022-01-01 00:00:00', '4', 10000, 2, 'U', 63786, 11, 0, 950, 0, 0, 1, '40.304', 0, 0, NULL, 0, 0, NULL, 0, 0, 0, NULL, NULL, 'T'),
(230194, '2022-01-01 00:00:00', '4', 10000, 2, 'U', 63786, 12, 0, 950, 0, 0, 1, '40.305', 0, 0, NULL, 0, 0, NULL, 0, 0, 0, NULL, NULL, 'T'),
(230195, '2022-01-01 00:00:00', '4', 10000, 2, 'U', 63786, 13, 0, 950, 0, 0, 1, '40.306', 0, 0, NULL, 0, 0, NULL, 0, 0, 0, NULL, NULL, 'T'),
(230196, '2022-01-01 00:00:00', '4', 10000, 2, 'U', 63786, 14, 0, 950, 0, 0, 1, '40.307', 0, 0, NULL, 0, 0, NULL, 0, 0, 0, NULL, NULL, 'T'),
(230197, '2022-01-01 00:00:00', '4', 10000, 2, 'U', 63786, 15, 0, 950, 0, 0, 1, '40.400', 0, 0, NULL, 0, 0, NULL, 0, 0, 0, NULL, NULL, 'T'),
(230198, '2022-01-01 00:00:00', '4', 10000, 2, 'U', 63786, 16, 0, 900, 0, 0, 1, '40.201', 0, 0, NULL, 0, 0, NULL, 0, 0, 0, NULL, NULL, 'T'),
(230199, '2022-01-01 00:00:00', '4', 10000, 2, 'U', 63786, 17, 0, 900, 0, 0, 1, '40.202', 0, 0, NULL, 0, 0, NULL, 0, 0, 0, NULL, NULL, 'T'),
(230200, '2022-01-01 00:00:00', '4', 10000, 2, 'U', 63786, 18, 0, 900, 0, 0, 1, '40.203', 0, 0, NULL, 0, 0, NULL, 0, 0, 0, NULL, NULL, 'T'),
(230201, '2022-01-01 00:00:00', '4', 1000, 2, 'U', 63786, 19, 0, 750, 0, 0, 1, '30.101', 0, 0, NULL, 0, 0, NULL, 0, 0, 0, NULL, NULL, 'T'),
(230202, '2022-01-01 00:00:00', '4', 1000, 2, 'U', 63786, 20, 0, 750, 0, 0, 1, '30.102', 0, 0, NULL, 0, 0, NULL, 0, 0, 0, NULL, NULL, 'T'),
(230203, '2022-01-01 00:00:00', '4', 1000, 2, 'U', 63786, 21, 0, 750, 0, 0, 1, '30.103', 0, 0, NULL, 0, 0, NULL, 0, 0, 0, NULL, NULL, 'T'),
(230204, '2022-01-01 00:00:00', '4', 1000, 2, 'U', 63786, 22, 0, 850, 0, 0, 1, '30.104', 0, 0, NULL, 0, 0, NULL, 0, 0, 0, NULL, NULL, 'T'),
(230205, '2022-01-01 00:00:00', '4', 1000, 2, 'U', 63786, 23, 0, 850, 0, 0, 1, '30.105', 0, 0, NULL, 0, 0, NULL, 0, 0, 0, NULL, NULL, 'T'),
(230206, '2022-01-01 00:00:00', '4', 1000, 2, 'U', 63786, 24, 0, 850, 0, 0, 1, '30.106', 0, 0, NULL, 0, 0, NULL, 0, 0, 0, NULL, NULL, 'T'),
(230207, '2022-01-01 00:00:00', '4', 1000, 2, 'U', 63786, 25, 0, 850, 0, 0, 1, '30.107', 0, 0, NULL, 0, 0, NULL, 0, 0, 0, NULL, NULL, 'T'),
(230208, '2022-01-01 00:00:00', '4', 1000, 2, 'U', 63786, 26, 0, 830, 0, 0, 1, '30.108', 0, 0, NULL, 0, 0, NULL, 0, 0, 0, NULL, NULL, 'T'),
(230209, '2022-01-01 00:00:00', '4', 1000, 2, 'U', 63786, 27, 0, 950, 0, 0, 1, '30.109', 0, 0, NULL, 0, 0, NULL, 0, 0, 0, NULL, NULL, 'T'),
(230210, '2022-01-01 00:00:00', '4', 1000, 2, 'U', 63786, 28, 0, 850, 0, 0, 1, '30.110', 0, 0, NULL, 0, 0, NULL, 0, 0, 0, NULL, NULL, 'T'),
(230211, '2022-01-01 00:00:00', '4', 1000, 2, 'U', 63786, 29, 0, 850, 0, 0, 1, '30.111', 0, 0, NULL, 0, 0, NULL, 0, 0, 0, NULL, NULL, 'T');

-- --------------------------------------------------------

--
-- Table structure for table `movements2`
--

CREATE TABLE `movements2` (
  `move_no` int(11) DEFAULT NULL COMMENT 'TRIAL',
  `move_date` datetime DEFAULT NULL COMMENT 'TRIAL',
  `move_type` char(1) DEFAULT NULL COMMENT 'TRIAL',
  `qty` double DEFAULT NULL COMMENT 'TRIAL',
  `store_id` int(11) DEFAULT NULL COMMENT 'TRIAL',
  `status` char(1) DEFAULT NULL COMMENT 'TRIAL',
  `invoice_bond_serial` int(11) DEFAULT NULL COMMENT 'TRIAL',
  `line_no` int(11) DEFAULT NULL COMMENT 'TRIAL',
  `price` double DEFAULT 0 COMMENT 'TRIAL',
  `cost` double DEFAULT NULL COMMENT 'TRIAL',
  `tax` double DEFAULT NULL COMMENT 'TRIAL',
  `discount` double DEFAULT NULL COMMENT 'TRIAL',
  `inout` int(11) DEFAULT NULL COMMENT 'TRIAL',
  `item_no` char(12) DEFAULT NULL COMMENT 'TRIAL',
  `item_disc` double DEFAULT 0 COMMENT 'TRIAL',
  `gift` double DEFAULT 0 COMMENT 'TRIAL',
  `batchid` int(11) DEFAULT NULL COMMENT 'TRIAL',
  `frn_price` double DEFAULT 0 COMMENT 'TRIAL',
  `frn_cost` double DEFAULT 0 COMMENT 'TRIAL',
  `qtycnt` double DEFAULT NULL COMMENT 'TRIAL',
  `cust1` double DEFAULT NULL COMMENT 'TRIAL',
  `cust2` double DEFAULT NULL COMMENT 'TRIAL',
  `cust3` double DEFAULT NULL COMMENT 'TRIAL',
  `offer_det_id` int(11) DEFAULT NULL COMMENT 'TRIAL',
  `offer_slc_no` int(11) DEFAULT NULL COMMENT 'TRIAL',
  `trial589` char(1) DEFAULT NULL COMMENT 'TRIAL'
) ENGINE=InnoDB DEFAULT CHARSET=utf8mb4 COLLATE=utf8mb4_general_ci COMMENT='TRIAL';

--
-- Dumping data for table `movements2`
--

INSERT INTO `movements2` (`move_no`, `move_date`, `move_type`, `qty`, `store_id`, `status`, `invoice_bond_serial`, `line_no`, `price`, `cost`, `tax`, `discount`, `inout`, `item_no`, `item_disc`, `gift`, `batchid`, `frn_price`, `frn_cost`, `qtycnt`, `cust1`, `cust2`, `cust3`, `offer_det_id`, `offer_slc_no`, `trial589`) VALUES
(230177, '2022-12-07 00:00:00', 'b', 6.25, 2, 'U', 63782, 2, 0, 348, 0, 0, -1, '30.001', 0, 0, NULL, 0, 0, NULL, 0, 0, 0, NULL, NULL, 'T'),
(230177, '2022-12-07 00:00:00', 'b', 2.125, 2, 'U', 63782, 3, 0, 690, 0, 0, -1, '30.002', 0, 0, NULL, 0, 0, NULL, 0, 0, 0, NULL, NULL, 'T'),
(230177, '2022-12-07 00:00:00', 'b', 6, 2, 'U', 63782, 4, 0, 28, 0, 0, -1, '30.003', 0, 0, NULL, 0, 0, NULL, 0, 0, 0, NULL, NULL, 'T'),
(230177, '2022-12-07 00:00:00', 'b', 1.5625, 2, 'U', 63782, 5, 0, 90, 0, 0, -1, '30.004', 0, 0, NULL, 0, 0, NULL, 0, 0, 0, NULL, NULL, 'T'),
(230177, '2022-12-07 00:00:00', 'b', 0.3125, 2, 'U', 63782, 6, 0, 17.5, 0, 0, -1, '30.005', 0, 0, NULL, 0, 0, NULL, 0, 0, 0, NULL, NULL, 'T'),
(230177, '2022-12-07 00:00:00', 'b', 0.21876, 2, 'U', 63782, 7, 0, 750, 0, 0, -1, '30.101', 0, 0, NULL, 0, 0, NULL, 0, 0, 0, NULL, NULL, 'T'),
(230177, '2022-12-07 00:00:00', 'b', 1.875, 2, 'U', 63782, 8, 0, 240, 0, 0, -1, '30.007', 0, 0, NULL, 0, 0, NULL, 0, 0, 0, NULL, NULL, 'T'),
(230177, '2022-12-07 00:00:00', 'b', 20, 2, 'U', 63782, 9, 0, 55, 0, 0, -1, '40.001', 0, 0, NULL, 0, 0, NULL, 0, 0, 0, NULL, NULL, 'T'),
(230177, '2022-12-07 00:00:00', 'b', 1, 2, 'U', 63782, 10, 0, 0, 0, 0, -1, '40.002', 0, 0, NULL, 0, 0, NULL, 0, 0, 0, NULL, NULL, 'T'),
(230178, '2022-12-07 00:00:00', 'b', 9.375, 2, 'U', 63783, 2, 0, 348, 0, 0, -1, '30.001', 0, 0, NULL, 0, 0, NULL, 0, 0, 0, NULL, NULL, 'T'),
(230178, '2022-12-07 00:00:00', 'b', 3.1875, 2, 'U', 63783, 3, 0, 690, 0, 0, -1, '30.002', 0, 0, NULL, 0, 0, NULL, 0, 0, 0, NULL, NULL, 'T'),
(230178, '2022-12-07 00:00:00', 'b', 9, 2, 'U', 63783, 4, 0, 28, 0, 0, -1, '30.003', 0, 0, NULL, 0, 0, NULL, 0, 0, 0, NULL, NULL, 'T'),
(230178, '2022-12-07 00:00:00', 'b', 2.34375, 2, 'U', 63783, 5, 0, 90, 0, 0, -1, '30.004', 0, 0, NULL, 0, 0, NULL, 0, 0, 0, NULL, NULL, 'T'),
(230178, '2022-12-07 00:00:00', 'b', 0.46875, 2, 'U', 63783, 6, 0, 17.5, 0, 0, -1, '30.005', 0, 0, NULL, 0, 0, NULL, 0, 0, 0, NULL, NULL, 'T'),
(230178, '2022-12-07 00:00:00', 'b', 0.32814, 2, 'U', 63783, 7, 0, 750, 0, 0, -1, '30.101', 0, 0, NULL, 0, 0, NULL, 0, 0, 0, NULL, NULL, 'T'),
(230178, '2022-12-07 00:00:00', 'b', 2.8125, 2, 'U', 63783, 8, 0, 240, 0, 0, -1, '30.007', 0, 0, NULL, 0, 0, NULL, 0, 0, 0, NULL, NULL, 'T'),
(230178, '2022-12-07 00:00:00', 'b', 30, 2, 'U', 63783, 9, 0, 55, 0, 0, -1, '40.001', 0, 0, NULL, 0, 0, NULL, 0, 0, 0, NULL, NULL, 'T'),
(230178, '2022-12-07 00:00:00', 'b', 1.5, 2, 'U', 63783, 10, 0, 0, 0, 0, -1, '40.002', 0, 0, NULL, 0, 0, NULL, 0, 0, 0, NULL, NULL, 'T');

-- --------------------------------------------------------

--
-- Table structure for table `movements_qty_cost`
--

CREATE TABLE `movements_qty_cost` (
  `move_no` int(11) NOT NULL COMMENT 'TRIAL',
  `qty` double NOT NULL COMMENT 'TRIAL',
  `cost` double NOT NULL COMMENT 'TRIAL',
  `qty_index_no` int(11) NOT NULL COMMENT 'TRIAL',
  `trial589` char(1) DEFAULT NULL COMMENT 'TRIAL'
) ENGINE=InnoDB DEFAULT CHARSET=utf8mb4 COLLATE=utf8mb4_general_ci COMMENT='TRIAL';

--
-- Dumping data for table `movements_qty_cost`
--

INSERT INTO `movements_qty_cost` (`move_no`, `qty`, `cost`, `qty_index_no`, `trial589`) VALUES
(230131, 233, 0, 0, 'T'),
(230132, 33, 0, 0, 'T'),
(230133, 10, 0, 0, 'T'),
(230135, 30, 0, 0, 'T'),
(230136, 55, 0, 6037, 'T');

-- --------------------------------------------------------

--
-- Table structure for table `movements_t`
--

CREATE TABLE `movements_t` (
  `move_no` int(11) NOT NULL COMMENT 'TRIAL',
  `move_date` datetime DEFAULT NULL COMMENT 'TRIAL',
  `move_type` char(1) DEFAULT NULL COMMENT 'TRIAL',
  `qty` double DEFAULT NULL COMMENT 'TRIAL',
  `store_id` int(11) DEFAULT NULL COMMENT 'TRIAL',
  `status` char(1) DEFAULT NULL COMMENT 'TRIAL',
  `invoice_bond_serial` int(11) DEFAULT NULL COMMENT 'TRIAL',
  `line_no` int(11) DEFAULT NULL COMMENT 'TRIAL',
  `price` double DEFAULT 0 COMMENT 'TRIAL',
  `cost` double DEFAULT NULL COMMENT 'TRIAL',
  `tax` double DEFAULT NULL COMMENT 'TRIAL',
  `discount` double DEFAULT NULL COMMENT 'TRIAL',
  `inout` int(11) DEFAULT NULL COMMENT 'TRIAL',
  `item_no` char(12) DEFAULT NULL COMMENT 'TRIAL',
  `item_disc` double DEFAULT 0 COMMENT 'TRIAL',
  `gift` double DEFAULT 0 COMMENT 'TRIAL',
  `batchid` int(11) DEFAULT NULL COMMENT 'TRIAL',
  `frn_price` double DEFAULT 0 COMMENT 'TRIAL',
  `frn_cost` double DEFAULT 0 COMMENT 'TRIAL',
  `qtycnt` double DEFAULT 0 COMMENT 'TRIAL',
  `offer_det_id` int(11) DEFAULT NULL COMMENT 'TRIAL',
  `offer_slc_no` int(11) DEFAULT NULL COMMENT 'TRIAL',
  `trial589` char(1) DEFAULT NULL COMMENT 'TRIAL'
) ENGINE=InnoDB DEFAULT CHARSET=utf8mb4 COLLATE=utf8mb4_general_ci COMMENT='TRIAL';

-- --------------------------------------------------------

--
-- Table structure for table `neq`
--

CREATE TABLE `neq` (
  `id` int(11) NOT NULL COMMENT 'TRIAL',
  `txtmsg` varchar(256) DEFAULT NULL COMMENT 'TRIAL',
  `ts` datetime DEFAULT NULL COMMENT 'TRIAL',
  `trial589` char(1) DEFAULT NULL COMMENT 'TRIAL'
) ENGINE=InnoDB DEFAULT CHARSET=utf8mb4 COLLATE=utf8mb4_general_ci COMMENT='TRIAL';

-- --------------------------------------------------------

--
-- Table structure for table `notifications`
--

CREATE TABLE `notifications` (
  `id` bigint(20) UNSIGNED NOT NULL,
  `title_en` varchar(255) NOT NULL,
  `title_ar` varchar(255) NOT NULL,
  `body_en` text NOT NULL,
  `body_ar` text NOT NULL,
  `type` varchar(1) NOT NULL,
  `status` tinyint(1) NOT NULL DEFAULT 0 COMMENT '0: unread, 1:read',
  `user_id` bigint(20) UNSIGNED NOT NULL,
  `created_at` timestamp NULL DEFAULT NULL,
  `updated_at` timestamp NULL DEFAULT NULL
) ENGINE=InnoDB DEFAULT CHARSET=utf8mb4 COLLATE=utf8mb4_unicode_ci;

-- --------------------------------------------------------

--
-- Table structure for table `ord_price_list`
--

CREATE TABLE `ord_price_list` (
  `supp_no` char(8) NOT NULL COMMENT 'TRIAL',
  `item_no` char(12) NOT NULL COMMENT 'TRIAL',
  `curr_no` int(11) NOT NULL COMMENT 'TRIAL',
  `last_price` double DEFAULT NULL COMMENT 'TRIAL',
  `last_move` int(11) DEFAULT NULL COMMENT 'TRIAL',
  `min_price` double DEFAULT NULL COMMENT 'TRIAL',
  `min_move` int(11) DEFAULT NULL COMMENT 'TRIAL',
  `max_price` double DEFAULT NULL COMMENT 'TRIAL',
  `max_move` int(11) DEFAULT NULL COMMENT 'TRIAL',
  `trial589` char(1) DEFAULT NULL COMMENT 'TRIAL'
) ENGINE=InnoDB DEFAULT CHARSET=utf8mb4 COLLATE=utf8mb4_general_ci COMMENT='TRIAL';

-- --------------------------------------------------------

--
-- Table structure for table `password_resets`
--

CREATE TABLE `password_resets` (
  `email` varchar(255) NOT NULL,
  `token` varchar(255) NOT NULL,
  `created_at` timestamp NULL DEFAULT NULL
) ENGINE=InnoDB DEFAULT CHARSET=utf8mb4 COLLATE=utf8mb4_unicode_ci;

-- --------------------------------------------------------

--
-- Table structure for table `payment_type`
--

CREATE TABLE `payment_type` (
  `id` int(11) NOT NULL COMMENT 'TRIAL',
  `dsc` varchar(40) NOT NULL COMMENT 'TRIAL',
  `trial589` char(1) DEFAULT NULL COMMENT 'TRIAL'
) ENGINE=InnoDB DEFAULT CHARSET=utf8mb4 COLLATE=utf8mb4_general_ci COMMENT='TRIAL';

--
-- Dumping data for table `payment_type`
--

INSERT INTO `payment_type` (`id`, `dsc`, `trial589`) VALUES
(0, 'نقدا', 'T'),
(2, 'فيزا', 'T'),
(3, 'ماستر كارد', 'T');

-- --------------------------------------------------------

--
-- Table structure for table `pay_cheques`
--

CREATE TABLE `pay_cheques` (
  `due_date` datetime DEFAULT NULL COMMENT 'TRIAL',
  `pay_to` varchar(60) DEFAULT NULL COMMENT 'TRIAL',
  `ac_no_cr` char(8) DEFAULT NULL COMMENT 'TRIAL',
  `cheque_value` double DEFAULT NULL COMMENT 'TRIAL',
  `posted` char(1) DEFAULT NULL COMMENT 'TRIAL',
  `vchr_serial` int(11) DEFAULT NULL COMMENT 'TRIAL',
  `ldm` datetime DEFAULT NULL COMMENT 'TRIAL',
  `user_id` char(10) DEFAULT NULL COMMENT 'TRIAL',
  `to_say` varchar(80) DEFAULT NULL COMMENT 'TRIAL',
  `status` char(1) DEFAULT NULL COMMENT 'TRIAL',
  `cheque_id` int(11) NOT NULL COMMENT 'TRIAL',
  `bank` char(8) DEFAULT NULL COMMENT 'TRIAL',
  `line_no` int(11) DEFAULT NULL COMMENT 'TRIAL',
  `ac_no_db` char(8) DEFAULT NULL COMMENT 'TRIAL',
  `pvchr_serial` int(11) DEFAULT NULL COMMENT 'TRIAL',
  `pline_no` int(11) DEFAULT NULL COMMENT 'TRIAL',
  `pdsc` varchar(40) DEFAULT NULL COMMENT 'TRIAL',
  `pac_no_db` char(8) DEFAULT NULL COMMENT 'TRIAL',
  `pac_no_cr` char(8) DEFAULT NULL COMMENT 'TRIAL',
  `cheque_type` char(1) DEFAULT NULL COMMENT 'TRIAL',
  `dsc` varchar(40) DEFAULT NULL COMMENT 'TRIAL',
  `cheque_no` varchar(20) DEFAULT NULL COMMENT 'TRIAL',
  `cc_id_db` int(11) DEFAULT NULL COMMENT 'TRIAL',
  `trial589` char(1) DEFAULT NULL COMMENT 'TRIAL'
) ENGINE=InnoDB DEFAULT CHARSET=utf8mb4 COLLATE=utf8mb4_general_ci COMMENT='TRIAL';

-- --------------------------------------------------------

--
-- Table structure for table `pos_copies`
--

CREATE TABLE `pos_copies` (
  `copy_no` int(11) DEFAULT NULL COMMENT 'TRIAL',
  `copy_name` varchar(40) DEFAULT NULL COMMENT 'TRIAL',
  `copy_note` varchar(40) DEFAULT NULL COMMENT 'TRIAL',
  `tax_no` varchar(20) DEFAULT NULL COMMENT 'TRIAL',
  `inv_line1` char(60) DEFAULT NULL COMMENT 'TRIAL',
  `inv_line2` char(60) DEFAULT NULL COMMENT 'TRIAL',
  `inv_line3` char(60) DEFAULT NULL COMMENT 'TRIAL',
  `inv_line4` char(60) DEFAULT NULL COMMENT 'TRIAL',
  `inv_line1_size` int(11) DEFAULT 14 COMMENT 'TRIAL',
  `inv_line2_size` int(11) DEFAULT 12 COMMENT 'TRIAL',
  `inv_line3_size` int(11) DEFAULT 12 COMMENT 'TRIAL',
  `inv_line4_size` int(11) DEFAULT 12 COMMENT 'TRIAL',
  `inv_logo` int(11) DEFAULT 0 COMMENT 'TRIAL',
  `trial589` char(1) DEFAULT NULL COMMENT 'TRIAL'
) ENGINE=InnoDB DEFAULT CHARSET=utf8mb4 COLLATE=utf8mb4_general_ci COMMENT='TRIAL';

--
-- Dumping data for table `pos_copies`
--

INSERT INTO `pos_copies` (`copy_no`, `copy_name`, `copy_note`, `tax_no`, `inv_line1`, `inv_line2`, `inv_line3`, `inv_line4`, `inv_line1_size`, `inv_line2_size`, `inv_line3_size`, `inv_line4_size`, `inv_logo`, `trial589`) VALUES
(2, 'نسخة العميل', 'س', '--', 'نقاط البيع', 'عمان - الاردن', 'هاتف رقم', '', 16, 11, 10, 10, 0, 'T');

-- --------------------------------------------------------

--
-- Table structure for table `pos_invoices`
--

CREATE TABLE `pos_invoices` (
  `inv_serial` int(11) NOT NULL COMMENT 'TRIAL',
  `sales_inv_serial` int(11) DEFAULT NULL COMMENT 'TRIAL',
  `inv_no` int(11) DEFAULT NULL COMMENT 'TRIAL',
  `inv_type` char(1) DEFAULT NULL COMMENT 'TRIAL',
  `inv_class` char(8) DEFAULT '1' COMMENT 'TRIAL',
  `inv_time` datetime DEFAULT NULL COMMENT 'TRIAL',
  `tax_included` int(11) DEFAULT NULL COMMENT 'TRIAL',
  `area_no` char(8) DEFAULT NULL COMMENT 'TRIAL',
  `rep_no` int(11) DEFAULT NULL COMMENT 'TRIAL',
  `inv_date` datetime DEFAULT NULL COMMENT 'TRIAL',
  `ac_no` char(8) DEFAULT NULL COMMENT 'TRIAL',
  `client_name` varchar(80) DEFAULT NULL COMMENT 'TRIAL',
  `user_id` char(10) DEFAULT '' COMMENT 'TRIAL',
  `store_id` int(11) DEFAULT NULL COMMENT 'TRIAL',
  `paid_amnt` double DEFAULT 0 COMMENT 'TRIAL',
  `total_value` double DEFAULT NULL COMMENT 'TRIAL',
  `discount` double DEFAULT NULL COMMENT 'TRIAL',
  `tax` double DEFAULT NULL COMMENT 'TRIAL',
  `loading` double DEFAULT NULL COMMENT 'TRIAL',
  `status` char(1) DEFAULT NULL COMMENT 'TRIAL',
  `iyear` int(11) DEFAULT NULL COMMENT 'TRIAL',
  `credit_inv` int(11) DEFAULT NULL COMMENT 'TRIAL',
  `supp_inv_no` varchar(40) DEFAULT NULL COMMENT 'TRIAL',
  `prev_paid_amnt` double DEFAULT NULL COMMENT 'TRIAL',
  `inv_closed` longtext DEFAULT NULL COMMENT 'TRIAL',
  `phoneno` varchar(20) DEFAULT NULL COMMENT 'TRIAL',
  `notes` varchar(256) DEFAULT NULL COMMENT 'TRIAL',
  `supervisor_id` char(10) NOT NULL DEFAULT '-' COMMENT 'TRIAL',
  `trial589` char(1) DEFAULT NULL COMMENT 'TRIAL'
) ENGINE=InnoDB DEFAULT CHARSET=utf8mb4 COLLATE=utf8mb4_general_ci COMMENT='TRIAL';

-- --------------------------------------------------------

--
-- Table structure for table `pos_invoices_daily`
--

CREATE TABLE `pos_invoices_daily` (
  `inv_serial` int(11) DEFAULT NULL COMMENT 'TRIAL',
  `inv_date` datetime DEFAULT NULL COMMENT 'TRIAL',
  `prev_paid_amount` double DEFAULT NULL COMMENT 'TRIAL',
  `today_paid_amount` double DEFAULT NULL COMMENT 'TRIAL',
  `today_inv_total` double DEFAULT NULL COMMENT 'TRIAL',
  `today_status` char(1) DEFAULT NULL COMMENT 'TRIAL',
  `id` int(11) NOT NULL COMMENT 'TRIAL',
  `trial589` char(1) DEFAULT NULL COMMENT 'TRIAL'
) ENGINE=InnoDB DEFAULT CHARSET=utf8mb4 COLLATE=utf8mb4_general_ci COMMENT='TRIAL';

-- --------------------------------------------------------

--
-- Table structure for table `pos_movements`
--

CREATE TABLE `pos_movements` (
  `move_no` int(11) NOT NULL COMMENT 'TRIAL',
  `move_date` datetime DEFAULT NULL COMMENT 'TRIAL',
  `move_type` char(1) DEFAULT NULL COMMENT 'TRIAL',
  `qty` double DEFAULT NULL COMMENT 'TRIAL',
  `store_id` int(11) DEFAULT NULL COMMENT 'TRIAL',
  `status` char(1) DEFAULT NULL COMMENT 'TRIAL',
  `inv_serial` int(11) DEFAULT NULL COMMENT 'TRIAL',
  `line_no` int(11) DEFAULT NULL COMMENT 'TRIAL',
  `price` double DEFAULT 0 COMMENT 'TRIAL',
  `cost` double DEFAULT NULL COMMENT 'TRIAL',
  `tax` double DEFAULT NULL COMMENT 'TRIAL',
  `discount` double DEFAULT NULL COMMENT 'TRIAL',
  `inout` int(11) DEFAULT NULL COMMENT 'TRIAL',
  `item_no` char(12) DEFAULT NULL COMMENT 'TRIAL',
  `sales_move_no` int(11) DEFAULT NULL COMMENT 'TRIAL',
  `rqty` double DEFAULT NULL COMMENT 'TRIAL',
  `item_disc` double DEFAULT 0 COMMENT 'TRIAL',
  `box_no` int(11) DEFAULT 1 COMMENT 'TRIAL',
  `trial589` char(1) DEFAULT NULL COMMENT 'TRIAL'
) ENGINE=InnoDB DEFAULT CHARSET=utf8mb4 COLLATE=utf8mb4_general_ci COMMENT='TRIAL';

-- --------------------------------------------------------

--
-- Table structure for table `pos_user_prefs`
--

CREATE TABLE `pos_user_prefs` (
  `user_pref_id` int(11) NOT NULL COMMENT 'TRIAL',
  `cash_ac_no` char(8) DEFAULT NULL COMMENT 'TRIAL',
  `inv_class` char(8) DEFAULT NULL COMMENT 'TRIAL',
  `rep_no` int(11) DEFAULT NULL COMMENT 'TRIAL',
  `area_no` char(8) DEFAULT NULL COMMENT 'TRIAL',
  `inv_type` char(1) DEFAULT NULL COMMENT 'TRIAL',
  `store_id` int(11) DEFAULT NULL COMMENT 'TRIAL',
  `credit_inv` int(11) DEFAULT NULL COMMENT 'TRIAL',
  `no_tax` int(11) DEFAULT NULL COMMENT 'TRIAL',
  `change_price` int(11) DEFAULT NULL COMMENT 'TRIAL',
  `make_discount` int(11) DEFAULT NULL COMMENT 'TRIAL',
  `add_loading` int(11) DEFAULT NULL COMMENT 'TRIAL',
  `change_rep` int(11) DEFAULT NULL COMMENT 'TRIAL',
  `show_menu_price` int(11) DEFAULT NULL COMMENT 'TRIAL',
  `can_del` int(11) DEFAULT NULL COMMENT 'TRIAL',
  `can_save` int(11) DEFAULT NULL COMMENT 'TRIAL',
  `can_close` int(11) DEFAULT NULL COMMENT 'TRIAL',
  `can_finish` int(11) DEFAULT NULL COMMENT 'TRIAL',
  `user_no` char(10) DEFAULT NULL COMMENT 'TRIAL',
  `expo_inv` int(11) DEFAULT NULL COMMENT 'TRIAL',
  `ret_inv` int(11) DEFAULT NULL COMMENT 'TRIAL',
  `change_inv_class` int(11) DEFAULT 0 COMMENT 'TRIAL',
  `change_date` int(11) DEFAULT 0 COMMENT 'TRIAL',
  `change_client` int(11) DEFAULT 0 COMMENT 'TRIAL',
  `access_all_acc` int(11) DEFAULT 0 COMMENT 'TRIAL',
  `exceed_limit` int(11) DEFAULT 0 COMMENT 'TRIAL',
  `item_discount` int(11) DEFAULT 0 COMMENT 'TRIAL',
  `cash_inv` int(11) DEFAULT 0 COMMENT 'TRIAL',
  `access_ac_receivables` int(11) DEFAULT 0 COMMENT 'TRIAL',
  `purch_class` char(8) DEFAULT '10' COMMENT 'TRIAL',
  `sales_supervisor` int(11) DEFAULT 0 COMMENT 'TRIAL',
  `auto_print_save` int(11) DEFAULT 0 COMMENT 'TRIAL',
  `auto_print_finish` int(11) DEFAULT 0 COMMENT 'TRIAL',
  `trial589` char(1) DEFAULT NULL COMMENT 'TRIAL'
) ENGINE=InnoDB DEFAULT CHARSET=utf8mb4 COLLATE=utf8mb4_general_ci COMMENT='TRIAL';

--
-- Dumping data for table `pos_user_prefs`
--

INSERT INTO `pos_user_prefs` (`user_pref_id`, `cash_ac_no`, `inv_class`, `rep_no`, `area_no`, `inv_type`, `store_id`, `credit_inv`, `no_tax`, `change_price`, `make_discount`, `add_loading`, `change_rep`, `show_menu_price`, `can_del`, `can_save`, `can_close`, `can_finish`, `user_no`, `expo_inv`, `ret_inv`, `change_inv_class`, `change_date`, `change_client`, `access_all_acc`, `exceed_limit`, `item_discount`, `cash_inv`, `access_ac_receivables`, `purch_class`, `sales_supervisor`, `auto_print_save`, `auto_print_finish`, `trial589`) VALUES
(31, '11110001', '1', 1, '100', '1', 1, 1, 0, 1, 1, 1, 1, 1, 1, 1, 1, 1, '1', 1, 1, 1, 1, 0, 1, 1, 1, 1, 0, '10', 1, 1, 1, 'T');

-- --------------------------------------------------------

--
-- Table structure for table `pricing`
--

CREATE TABLE `pricing` (
  `id` int(11) NOT NULL COMMENT 'TRIAL',
  `dsc` varchar(60) DEFAULT NULL COMMENT 'TRIAL',
  `edsc` varchar(60) DEFAULT '' COMMENT 'TRIAL',
  `trial589` char(1) DEFAULT NULL COMMENT 'TRIAL'
) ENGINE=InnoDB DEFAULT CHARSET=utf8mb4 COLLATE=utf8mb4_general_ci COMMENT='TRIAL';

--
-- Dumping data for table `pricing`
--

INSERT INTO `pricing` (`id`, `dsc`, `edsc`, `trial589`) VALUES
(1, 'جملة', '', 'T'),
(2, 'موزع', '', 'T'),
(3, 'شركات', '', 'T'),
(4, 'مفرق', '', 'T'),
(10, 'آخر سعر', '', 'T');

-- --------------------------------------------------------

--
-- Table structure for table `privkeys`
--

CREATE TABLE `privkeys` (
  `privkey` int(11) NOT NULL COMMENT 'TRIAL',
  `ord` int(11) DEFAULT NULL COMMENT 'TRIAL',
  `dsc` varchar(64) DEFAULT NULL COMMENT 'TRIAL',
  `isactive` int(11) DEFAULT 0 COMMENT 'TRIAL',
  `edsc` varchar(64) DEFAULT NULL COMMENT 'TRIAL',
  `trial589` char(1) DEFAULT NULL COMMENT 'TRIAL'
) ENGINE=InnoDB DEFAULT CHARSET=utf8mb4 COLLATE=utf8mb4_general_ci COMMENT='TRIAL';

--
-- Dumping data for table `privkeys`
--

INSERT INTO `privkeys` (`privkey`, `ord`, `dsc`, `isactive`, `edsc`, `trial589`) VALUES
(-2147483648, 32, 'aaaaaaa', 0, NULL, 'T'),
(-1, 33, 'bbbbbbb', 0, NULL, 'T'),
(0, 0, 'ccccccc', 0, NULL, 'T'),
(1, 1, 'المدير المالي', 1, NULL, 'T'),
(2, 2, 'محاسب', 1, NULL, 'T'),
(4, 3, 'مدخل بيانات', 1, NULL, 'T'),
(8, 4, 'المفتاح 4', 1, NULL, 'T'),
(16, 5, 'المفتاح 5', 1, NULL, 'T'),
(32, 6, 'المفتاح 6', 1, NULL, 'T'),
(64, 7, 'المفتاح 7', 1, NULL, 'T'),
(128, 8, 'المفتاح 8', 1, NULL, 'T'),
(256, 9, 'المفتاح 9', 1, NULL, 'T'),
(512, 10, 'المفتاح 10', 1, NULL, 'T'),
(1024, 11, 'المفتاح 11', 1, NULL, 'T'),
(2048, 12, 'المفتاح 12', 1, NULL, 'T'),
(4096, 13, 'المفتاح 13', 1, NULL, 'T'),
(8192, 14, 'المفتاح 14', 1, NULL, 'T'),
(16384, 15, 'المفتاح 15', 1, NULL, 'T'),
(32768, 16, 'المفتاح 16', 1, NULL, 'T'),
(65536, 17, '', 0, NULL, 'T'),
(131072, 18, '', 0, NULL, 'T'),
(262144, 19, '', 0, NULL, 'T'),
(524288, 20, '', 0, NULL, 'T'),
(1048576, 21, '', 0, NULL, 'T'),
(2097152, 22, '', 0, NULL, 'T'),
(4194304, 23, '', 0, NULL, 'T'),
(8388608, 24, '', 0, NULL, 'T'),
(16777216, 25, '', 0, NULL, 'T'),
(33554432, 26, '', 0, NULL, 'T'),
(67108864, 27, '', 0, NULL, 'T'),
(134217728, 28, '', 0, NULL, 'T'),
(268435456, 29, '', 0, NULL, 'T'),
(536870912, 30, '', 0, NULL, 'T'),
(1073741824, 31, '', 0, NULL, 'T');

-- --------------------------------------------------------

--
-- Table structure for table `purch_move`
--

CREATE TABLE `purch_move` (
  `move_no` int(11) NOT NULL COMMENT 'TRIAL',
  `move_date` datetime DEFAULT NULL COMMENT 'TRIAL',
  `move_type` char(1) DEFAULT NULL COMMENT 'TRIAL',
  `qty` double DEFAULT NULL COMMENT 'TRIAL',
  `store_id` int(11) DEFAULT NULL COMMENT 'TRIAL',
  `status` char(1) DEFAULT NULL COMMENT 'TRIAL',
  `invoice_bond_serial` int(11) DEFAULT NULL COMMENT 'TRIAL',
  `line_no` int(11) DEFAULT NULL COMMENT 'TRIAL',
  `price` double DEFAULT 0 COMMENT 'TRIAL',
  `cost` double DEFAULT NULL COMMENT 'TRIAL',
  `inout` int(11) DEFAULT NULL COMMENT 'TRIAL',
  `item_no` char(12) DEFAULT NULL COMMENT 'TRIAL',
  `item_disc` double DEFAULT 0 COMMENT 'TRIAL',
  `received` double DEFAULT 0 COMMENT 'TRIAL',
  `tax` double DEFAULT 0 COMMENT 'TRIAL',
  `discount` double DEFAULT 0 COMMENT 'TRIAL',
  `trial589` char(1) DEFAULT NULL COMMENT 'TRIAL'
) ENGINE=InnoDB DEFAULT CHARSET=utf8mb4 COLLATE=utf8mb4_general_ci COMMENT='TRIAL';

-- --------------------------------------------------------

--
-- Table structure for table `purch_orders`
--

CREATE TABLE `purch_orders` (
  `bond_type` char(1) DEFAULT NULL COMMENT 'TRIAL',
  `bond_date` datetime DEFAULT NULL COMMENT 'TRIAL',
  `supp_no` char(8) DEFAULT NULL COMMENT 'TRIAL',
  `store_id` int(11) DEFAULT NULL COMMENT 'TRIAL',
  `to_store_id` int(11) DEFAULT NULL COMMENT 'TRIAL',
  `status` char(1) DEFAULT NULL COMMENT 'TRIAL',
  `bond_serial` int(11) NOT NULL COMMENT 'TRIAL',
  `bond_no` int(11) DEFAULT NULL COMMENT 'TRIAL',
  `byear` int(11) DEFAULT NULL COMMENT 'TRIAL',
  `sup_inv_no` varchar(20) DEFAULT NULL COMMENT 'TRIAL',
  `user_id` char(10) DEFAULT NULL COMMENT 'TRIAL',
  `curr_no` int(11) DEFAULT 1 COMMENT 'TRIAL',
  `curr_rate` double DEFAULT 1 COMMENT 'TRIAL',
  `crdtcurr` int(11) DEFAULT 1 COMMENT 'TRIAL',
  `crdtrate` double DEFAULT 1 COMMENT 'TRIAL',
  `shpcurr` int(11) DEFAULT 1 COMMENT 'TRIAL',
  `shprate` double DEFAULT 1 COMMENT 'TRIAL',
  `expcurr` int(11) DEFAULT 1 COMMENT 'TRIAL',
  `crdtjd` double DEFAULT 0 COMMENT 'TRIAL',
  `crdtfrn` double DEFAULT 0 COMMENT 'TRIAL',
  `shpjd` double DEFAULT 0 COMMENT 'TRIAL',
  `shpfrn` double DEFAULT 0 COMMENT 'TRIAL',
  `expjd` double DEFAULT 0 COMMENT 'TRIAL',
  `exprate` double DEFAULT 1 COMMENT 'TRIAL',
  `expfrn` double DEFAULT 0 COMMENT 'TRIAL',
  `delivery_date` datetime DEFAULT '1980-01-01 00:00:00' COMMENT 'TRIAL',
  `doc_no` varchar(24) DEFAULT '' COMMENT 'TRIAL',
  `notes` varchar(512) DEFAULT '' COMMENT 'TRIAL',
  `pymntdays` int(11) DEFAULT 0 COMMENT 'TRIAL',
  `dlvrydays` int(11) DEFAULT 0 COMMENT 'TRIAL',
  `trial589` char(1) DEFAULT NULL COMMENT 'TRIAL'
) ENGINE=InnoDB DEFAULT CHARSET=utf8mb4 COLLATE=utf8mb4_general_ci COMMENT='TRIAL';

-- --------------------------------------------------------

--
-- Table structure for table `rdp_triggers`
--

CREATE TABLE `rdp_triggers` (
  `tr_name` varchar(100) NOT NULL COMMENT 'TRIAL',
  `trial589` char(1) DEFAULT NULL COMMENT 'TRIAL'
) ENGINE=InnoDB DEFAULT CHARSET=utf8mb4 COLLATE=utf8mb4_general_ci COMMENT='TRIAL';

--
-- Dumping data for table `rdp_triggers`
--

INSERT INTO `rdp_triggers` (`tr_name`, `trial589`) VALUES
('COST_CENTERS_BI                ', 'T'),
('INVOICES_NO_TAX                ', 'T'),
('MOVEMENTS2_CHK_QTY_DEL         ', 'T'),
('MOVEMENTS_T_LIST_PRICE_AI      ', 'T'),
('MOVEMENTS_T_LIST_PRICE_AU      ', 'T'),
('TRANSACTIONS_BU                ', 'T'),
('VOUCHERS_CHK_MANUAL            ', 'T'),
('WESAL_POS_DEBIT_VCHR_AU        ', 'T');

-- --------------------------------------------------------

--
-- Table structure for table `repl_l2_qty`
--

CREATE TABLE `repl_l2_qty` (
  `qty_index_no` int(11) NOT NULL COMMENT 'TRIAL',
  `cost` double DEFAULT NULL COMMENT 'TRIAL',
  `ldm` datetime DEFAULT NULL COMMENT 'TRIAL',
  `qty_in` double DEFAULT NULL COMMENT 'TRIAL',
  `store_id` int(11) DEFAULT NULL COMMENT 'TRIAL',
  `ldi` datetime DEFAULT NULL COMMENT 'TRIAL',
  `ldr` datetime DEFAULT NULL COMMENT 'TRIAL',
  `item_no` char(12) DEFAULT NULL COMMENT 'TRIAL',
  `qty_out` double DEFAULT 0 COMMENT 'TRIAL',
  `trial592` char(1) DEFAULT NULL COMMENT 'TRIAL'
) ENGINE=InnoDB DEFAULT CHARSET=utf8mb4 COLLATE=utf8mb4_general_ci COMMENT='TRIAL';

-- --------------------------------------------------------

--
-- Table structure for table `repl_tables`
--

CREATE TABLE `repl_tables` (
  `tablename` varchar(32) DEFAULT NULL COMMENT 'TRIAL',
  `loc_id` int(11) DEFAULT NULL COMMENT 'TRIAL',
  `trial592` char(1) DEFAULT NULL COMMENT 'TRIAL'
) ENGINE=InnoDB DEFAULT CHARSET=utf8mb4 COLLATE=utf8mb4_general_ci COMMENT='TRIAL';

-- --------------------------------------------------------

--
-- Table structure for table `representive`
--

CREATE TABLE `representive` (
  `rep_no` bigint(20) NOT NULL COMMENT 'TRIAL',
  `name` varchar(60) DEFAULT NULL COMMENT 'TRIAL',
  `created_at` timestamp NOT NULL DEFAULT current_timestamp(),
  `updated_at` timestamp NOT NULL DEFAULT current_timestamp(),
  `deleted_at` timestamp NULL DEFAULT NULL
) ENGINE=InnoDB DEFAULT CHARSET=utf8mb4 COLLATE=utf8mb4_general_ci COMMENT='TRIAL';

--
-- Dumping data for table `representive`
--

INSERT INTO `representive` (`rep_no`, `name`, `created_at`, `updated_at`, `deleted_at`) VALUES
(1, 'مندوب 1', '2023-07-19 21:29:10', '2023-07-19 21:29:10', NULL);

-- --------------------------------------------------------

--
-- Table structure for table `rp_items`
--

CREATE TABLE `rp_items` (
  `item_no` char(16) NOT NULL COMMENT 'TRIAL',
  `dsc` varchar(100) DEFAULT NULL COMMENT 'TRIAL',
  `item_type` varchar(40) DEFAULT NULL COMMENT 'TRIAL',
  `supp_no` char(8) DEFAULT NULL COMMENT 'TRIAL',
  `unit` varchar(20) DEFAULT NULL COMMENT 'TRIAL',
  `mqo` double DEFAULT NULL COMMENT 'TRIAL',
  `awc` double DEFAULT NULL COMMENT 'TRIAL',
  `total_qty` double DEFAULT NULL COMMENT 'TRIAL',
  `ldi` datetime DEFAULT NULL COMMENT 'TRIAL',
  `ldm` datetime DEFAULT NULL COMMENT 'TRIAL',
  `ldr` datetime DEFAULT NULL COMMENT 'TRIAL',
  `class_no` char(8) DEFAULT NULL COMMENT 'TRIAL',
  `tax` int(11) DEFAULT NULL COMMENT 'TRIAL',
  `custom1` varchar(80) DEFAULT NULL COMMENT 'TRIAL',
  `trial592` char(1) DEFAULT NULL COMMENT 'TRIAL'
) ENGINE=InnoDB DEFAULT CHARSET=utf8mb4 COLLATE=utf8mb4_general_ci COMMENT='TRIAL';

-- --------------------------------------------------------

--
-- Table structure for table `rp_item_qty`
--

CREATE TABLE `rp_item_qty` (
  `qty_index_no` int(11) DEFAULT NULL COMMENT 'TRIAL',
  `item_no` char(16) DEFAULT NULL COMMENT 'TRIAL',
  `cost` double DEFAULT NULL COMMENT 'TRIAL',
  `ldm` datetime DEFAULT NULL COMMENT 'TRIAL',
  `qty_in` double DEFAULT NULL COMMENT 'TRIAL',
  `qty_out` double DEFAULT NULL COMMENT 'TRIAL',
  `store_id` int(11) DEFAULT NULL COMMENT 'TRIAL',
  `ldi` datetime DEFAULT NULL COMMENT 'TRIAL',
  `ldr` datetime DEFAULT NULL COMMENT 'TRIAL',
  `trial592` char(1) DEFAULT NULL COMMENT 'TRIAL'
) ENGINE=InnoDB DEFAULT CHARSET=utf8mb4 COLLATE=utf8mb4_general_ci COMMENT='TRIAL';

-- --------------------------------------------------------

--
-- Table structure for table `rp_machines`
--

CREATE TABLE `rp_machines` (
  `machine_no` char(8) NOT NULL COMMENT 'TRIAL',
  `dsc` varchar(40) DEFAULT NULL COMMENT 'TRIAL',
  `worker_no` char(8) DEFAULT NULL COMMENT 'TRIAL',
  `machine_type_no` char(8) DEFAULT NULL COMMENT 'TRIAL',
  `buydate` datetime DEFAULT NULL COMMENT 'TRIAL',
  `buycost` double DEFAULT NULL COMMENT 'TRIAL',
  `maint_cost` double DEFAULT NULL COMMENT 'TRIAL',
  `next_maint_date` datetime DEFAULT NULL COMMENT 'TRIAL',
  `makeyear` char(4) DEFAULT NULL COMMENT 'TRIAL',
  `make` varchar(30) DEFAULT NULL COMMENT 'TRIAL',
  `model` varchar(30) DEFAULT NULL COMMENT 'TRIAL',
  `countryoforigin` varchar(30) DEFAULT NULL COMMENT 'TRIAL',
  `plate_no` varchar(20) DEFAULT NULL COMMENT 'TRIAL',
  `vin_code` varchar(30) DEFAULT NULL COMMENT 'TRIAL',
  `warranty` char(1) DEFAULT NULL COMMENT 'TRIAL',
  `licenseuntil` datetime DEFAULT NULL COMMENT 'TRIAL',
  `insuranceuntil` datetime DEFAULT NULL COMMENT 'TRIAL',
  `insuranceno` varchar(30) DEFAULT NULL COMMENT 'TRIAL',
  `machine_active` char(1) DEFAULT NULL COMMENT 'TRIAL',
  `engineblock_no` varchar(30) DEFAULT NULL COMMENT 'TRIAL',
  `notes` varchar(80) DEFAULT NULL COMMENT 'TRIAL',
  `ldm` datetime DEFAULT NULL COMMENT 'TRIAL',
  `unitcounter` double DEFAULT 0 COMMENT 'TRIAL',
  `timecounter` double DEFAULT 0 COMMENT 'TRIAL',
  `trial592` char(1) DEFAULT NULL COMMENT 'TRIAL'
) ENGINE=InnoDB DEFAULT CHARSET=utf8mb4 COLLATE=utf8mb4_general_ci COMMENT='TRIAL';

-- --------------------------------------------------------

--
-- Table structure for table `rp_machine_types`
--

CREATE TABLE `rp_machine_types` (
  `machine_type_no` char(8) NOT NULL COMMENT 'TRIAL',
  `dsc` varchar(50) DEFAULT NULL COMMENT 'TRIAL',
  `trial592` char(1) DEFAULT NULL COMMENT 'TRIAL'
) ENGINE=InnoDB DEFAULT CHARSET=utf8mb4 COLLATE=utf8mb4_general_ci COMMENT='TRIAL';

-- --------------------------------------------------------

--
-- Table structure for table `rp_repairs`
--

CREATE TABLE `rp_repairs` (
  `bond_serial` int(11) NOT NULL COMMENT 'TRIAL',
  `machine_no` char(8) DEFAULT NULL COMMENT 'TRIAL',
  `service_no` char(8) DEFAULT NULL COMMENT 'TRIAL',
  `worker_no` char(8) DEFAULT NULL COMMENT 'TRIAL',
  `timecounter` double DEFAULT NULL COMMENT 'TRIAL',
  `unitcounter` double DEFAULT NULL COMMENT 'TRIAL',
  `note` varchar(1024) DEFAULT NULL COMMENT 'TRIAL',
  `status` char(1) DEFAULT '' COMMENT 'TRIAL',
  `repairtime` double DEFAULT NULL COMMENT 'TRIAL',
  `waitingtime` double DEFAULT NULL COMMENT 'TRIAL',
  `addcost` double DEFAULT NULL COMMENT 'TRIAL',
  `total_value` double DEFAULT 0 COMMENT 'TRIAL',
  `trial592` char(1) DEFAULT NULL COMMENT 'TRIAL'
) ENGINE=InnoDB DEFAULT CHARSET=utf8mb4 COLLATE=utf8mb4_general_ci COMMENT='TRIAL';

-- --------------------------------------------------------

--
-- Table structure for table `rp_services`
--

CREATE TABLE `rp_services` (
  `service_no` char(8) NOT NULL COMMENT 'TRIAL',
  `dsc` varchar(100) DEFAULT NULL COMMENT 'TRIAL',
  `stype` varchar(50) DEFAULT NULL COMMENT 'TRIAL',
  `cost` double DEFAULT NULL COMMENT 'TRIAL',
  `supp_no` char(8) DEFAULT NULL COMMENT 'TRIAL',
  `trial592` char(1) DEFAULT NULL COMMENT 'TRIAL'
) ENGINE=InnoDB DEFAULT CHARSET=utf8mb4 COLLATE=utf8mb4_general_ci COMMENT='TRIAL';

-- --------------------------------------------------------

--
-- Table structure for table `rp_workers`
--

CREATE TABLE `rp_workers` (
  `worker_no` char(8) NOT NULL COMMENT 'TRIAL',
  `name` varchar(40) DEFAULT NULL COMMENT 'TRIAL',
  `tel1` varchar(11) DEFAULT NULL COMMENT 'TRIAL',
  `mobile` varchar(11) DEFAULT NULL COMMENT 'TRIAL',
  `address` varchar(256) DEFAULT NULL COMMENT 'TRIAL',
  `usualhourcost` double DEFAULT NULL COMMENT 'TRIAL',
  `extrahourcost` double DEFAULT NULL COMMENT 'TRIAL',
  `trial592` char(1) DEFAULT NULL COMMENT 'TRIAL'
) ENGINE=InnoDB DEFAULT CHARSET=utf8mb4 COLLATE=utf8mb4_general_ci COMMENT='TRIAL';

-- --------------------------------------------------------

--
-- Table structure for table `sequences`
--

CREATE TABLE `sequences` (
  `seq` char(20) NOT NULL COMMENT 'TRIAL',
  `val` int(11) DEFAULT NULL COMMENT 'TRIAL',
  `auto_y_set` int(11) DEFAULT 0 COMMENT 'TRIAL',
  `seq_year` char(4) NOT NULL DEFAULT '0' COMMENT 'TRIAL',
  `initial_value` int(11) DEFAULT NULL COMMENT 'TRIAL',
  `trial592` char(1) DEFAULT NULL COMMENT 'TRIAL'
) ENGINE=InnoDB DEFAULT CHARSET=utf8mb4 COLLATE=utf8mb4_general_ci COMMENT='TRIAL';

--
-- Dumping data for table `sequences`
--

INSERT INTO `sequences` (`seq`, `val`, `auto_y_set`, `seq_year`, `initial_value`, `trial592`) VALUES
('7BOND', 1, 1, '2022', 0, 'T'),
('BBOND', 2, 1, '2022', 0, 'T'),
('CASH_RECEIP', 0, 1, '2022', 0, 'T'),
('cBOND', 0, 1, '2022', 0, 'T'),
('EXPENSE_VCHR', 0, 1, '2021', 0, 'T'),
('EXPENSE_VCHR', 0, 1, '2022', 0, 'T'),
('IBOND', 0, 1, '2022', 0, 'T'),
('MBOND', 0, 1, '2022', 0, 'T'),
('RBOND', 2, 1, '2022', 0, 'T'),
('RETURNS_INV', 0, 1, '2021', 0, 'T'),
('RETURNS_INV', 0, 1, '2022', 0, 'T'),
('SALES_INV', 0, 1, '2021', 0, 'T'),
('SALES_INV', 0, 1, '2022', 0, 'T'),
('TRAN_VCHR', 0, 1, '2021', 0, 'T'),
('TRAN_VCHR', 1, 1, '2022', 0, 'T');

-- --------------------------------------------------------

--
-- Table structure for table `sequences2`
--

CREATE TABLE `sequences2` (
  `seq` char(20) NOT NULL COMMENT 'TRIAL',
  `val` int(11) DEFAULT NULL COMMENT 'TRIAL',
  `auto_y_set` int(11) DEFAULT 0 COMMENT 'TRIAL',
  `seq_year` char(4) NOT NULL DEFAULT '0' COMMENT 'TRIAL',
  `initial_value` int(11) DEFAULT NULL COMMENT 'TRIAL',
  `trial592` char(1) DEFAULT NULL COMMENT 'TRIAL'
) ENGINE=InnoDB DEFAULT CHARSET=utf8mb4 COLLATE=utf8mb4_general_ci COMMENT='TRIAL';

-- --------------------------------------------------------

--
-- Table structure for table `serials`
--

CREATE TABLE `serials` (
  `id` int(11) NOT NULL COMMENT 'TRIAL',
  `idyear` int(11) NOT NULL COMMENT 'TRIAL',
  `last_value` char(10) DEFAULT '1' COMMENT 'TRIAL',
  `prm_type` int(11) NOT NULL COMMENT 'TRIAL',
  `auto_ctrl` int(11) DEFAULT 0 COMMENT 'TRIAL',
  `trial592` char(1) DEFAULT NULL COMMENT 'TRIAL'
) ENGINE=InnoDB DEFAULT CHARSET=utf8mb4 COLLATE=utf8mb4_general_ci COMMENT='TRIAL';

--
-- Dumping data for table `serials`
--

INSERT INTO `serials` (`id`, `idyear`, `last_value`, `prm_type`, `auto_ctrl`, `trial592`) VALUES
(1, 2022, '1', 4, 0, 'T'),
(3, 2022, '0001', 1, 0, 'T'),
(3, 2022, '1', 4, 0, 'T'),
(4, 2022, '1', 1, 0, 'T'),
(4, 2022, '2', 4, 0, 'T'),
(7, 2022, '1', 4, 0, 'T'),
(18, 2022, '2', 4, 0, 'T');

-- --------------------------------------------------------

--
-- Table structure for table `slt_orders`
--

CREATE TABLE `slt_orders` (
  `order_id` int(11) NOT NULL COMMENT 'TRIAL',
  `order_no` char(20) DEFAULT NULL COMMENT 'TRIAL',
  `title` varchar(120) DEFAULT NULL COMMENT 'TRIAL',
  `item_no` char(12) DEFAULT NULL COMMENT 'TRIAL',
  `thikness` double DEFAULT NULL COMMENT 'TRIAL',
  `width` double DEFAULT NULL COMMENT 'TRIAL',
  `weight` double DEFAULT NULL COMMENT 'TRIAL',
  `net_weight` double DEFAULT NULL COMMENT 'TRIAL',
  `waste_left` double DEFAULT NULL COMMENT 'TRIAL',
  `waste_right` double DEFAULT NULL COMMENT 'TRIAL',
  `auto_calc` char(1) DEFAULT NULL COMMENT 'TRIAL',
  `status` char(1) DEFAULT NULL COMMENT 'TRIAL',
  `ldm` datetime DEFAULT NULL COMMENT 'TRIAL',
  `notes` varchar(256) DEFAULT NULL COMMENT 'TRIAL',
  `user_no` char(8) DEFAULT NULL COMMENT 'TRIAL',
  `order_date` datetime DEFAULT NULL COMMENT 'TRIAL',
  `trial592` char(1) DEFAULT NULL COMMENT 'TRIAL'
) ENGINE=InnoDB DEFAULT CHARSET=utf8mb4 COLLATE=utf8mb4_general_ci COMMENT='TRIAL';

-- --------------------------------------------------------

--
-- Table structure for table `slt_slitcoils`
--

CREATE TABLE `slt_slitcoils` (
  `slitcoil_id` int(11) NOT NULL COMMENT 'TRIAL',
  `order_id` int(11) DEFAULT NULL COMMENT 'TRIAL',
  `line_no` int(11) DEFAULT NULL COMMENT 'TRIAL',
  `item_no` char(12) DEFAULT NULL COMMENT 'TRIAL',
  `width` double DEFAULT NULL COMMENT 'TRIAL',
  `status` char(1) DEFAULT NULL COMMENT 'TRIAL',
  `ldm` datetime DEFAULT NULL COMMENT 'TRIAL',
  `weight` double DEFAULT NULL COMMENT 'TRIAL',
  `trial592` char(1) DEFAULT NULL COMMENT 'TRIAL'
) ENGINE=InnoDB DEFAULT CHARSET=utf8mb4 COLLATE=utf8mb4_general_ci COMMENT='TRIAL';

-- --------------------------------------------------------

--
-- Table structure for table `sql_statments`
--

CREATE TABLE `sql_statments` (
  `id` int(11) NOT NULL COMMENT 'TRIAL',
  `sql_for` varchar(25) NOT NULL COMMENT 'TRIAL',
  `sql_statments` varchar(1024) NOT NULL COMMENT 'TRIAL',
  `trial592` char(1) DEFAULT NULL COMMENT 'TRIAL'
) ENGINE=InnoDB DEFAULT CHARSET=utf8mb4 COLLATE=utf8mb4_general_ci COMMENT='TRIAL';

--
-- Dumping data for table `sql_statments`
--

INSERT INTO `sql_statments` (`id`, `sql_for`, `sql_statments`, `trial592`) VALUES
(1, 'Check for rep Colection', 'Select V.Vchr_No,V.Vchr_Date,A.Ac_No,A.Name,C.Cheque_Value from Cheques C Join Vouchers V On C.Vchr_Serial=V.Vchr_Serial Join Accounts A On C.Ac_No_Cr=A.Ac_No Where V.Vchr_Date Between \'3/1/2019\' And \'3/31/2019\' ANd V.Rep_No=4 And A.Rep_No<>4', 'T'),
(1, 'Check for rep Colection', 'Select V.Vchr_No,V.Vchr_Date,A.Ac_No,A.Name,C.Cheque_Value from Cheques C Join Vouchers V On C.Vchr_Serial=V.Vchr_Serial Join Accounts A On C.Ac_No_Cr=A.Ac_No Where V.Vchr_Date Between \'3/1/2019\' And \'3/31/2019\' ANd V.Rep_No=4 And A.Rep_No<>4', 'T'),
(2, 'Calacualte Qty', 'Select St ,Itm,Bat,Qty From (Select Store_Id ST ,Item_No Itm ,Batchid Bat ,Sum((Qty+Gift)*Inout) Qty from Vw_Movements Where Move_Date <\'01/01/2020\' Group By Store_Id,Item_No,Batchid) Where Qty<0', 'T'),
(4, 'Check Qty', 'Select St,Itm,Qty from (Select Store_Id St ,Item_no Itm ,Sum(Qty_In-Qty_Out) Qty from Item_Qty Group By Store_Id,Item_no) Where Qty<>0', 'T'),
(1, 'Anal', 'Select I.Area_No,Min(Ir.Name),I.Customer_No,Min(A.Name),Sum(IIf(I.IYear=2015,Total_value*IIf(Inv_Type=\'1\',1,-1),0)),Sum(IIf(I.IYear=2016,Total_value*IIf(Inv_Type=\'1\',1,-1),0)),Sum(IIf(I.IYear=2017,Total_value*IIf(Inv_Type=\'1\',1,-1),0)) From Invoices I Join VW_ACCOUNTS_CASH_CLIENTS A On I.CUSTOMER_NO=A.Ac_no  Join Inv_Areas Ir On I.Area_no=Ir.Area_No Where I.Inv_type In (\'1\',\'2\') And I.IYear>=2015 Group By I.Area_No,i.Customer_No', 'T'),
(3, 'Insert Into ', 'INSERT INTO MOVEMENTS Select     Null,\'12/31/2019\'  /*MOVE_DATE*/,  \'3\'  /*MOVE_TYPE*/,  Qty  /*QTY*/,  ST  /*STORE_ID*/,  \'U\'  /*STATUS*/,  40785  /*INVOICE_BOND_SERIAL*/,  1  /*LINE_NO*/,  0.0  /*PRICE*/,\r\n  0.0  /*COST*/,  0.0  /*TAX*/,  0.0  /*DISCOUNT*/,  -1  /*INOUT*/,  Itm  /*ITEM_NO*/,  0.0  /*ITEM_DISC*/,  0.0  /*GIFT*/,  Bat  /*BATCHID*/,  0.0  /*FRN_PRICE*/,\r\n  0.0  /*FRN_COST*/,  0.0  /*QTYCNT*/,  0.0  /*CUST1*/,  0.0  /*CUST2*/,  0.0  /*CUST3*/   From (Select Store_Id ST ,Item_No Itm ,Batchid Bat ,Sum((Qty+Gift)*Inout) Qty from Vw_Movements Where Move_Date <\'01/01/2020\' Group By Store_Id,Item_No,Batchid) Where Qty>0', 'T'),
(2, 'View', 'Create View Vw_Ac_Cash_Sales (Ac_Cash_No,Name,Sale2015,Sale2016,Sal22017) As Select I.Ac_Cash_no,Min(A.Name),Sum(IIf(I.IYear=2015,Total_value*IIf(Inv_Type=\'1\',1,-1),0)) V2015 ,Sum(IIf(I.IYear=2016,Total_value*IIf(Inv_Type=\'1\',1,-1),0)) V2016 ,Sum(IIf(I.IYear=2017,Total_value*IIf(Inv_Type=\'1\',1,-1),0)) V2017  From Invoices I Join VW_ACCOUNTS_CASH_CLIENTS A On I.Ac_Cash_no=A.Ac_no  Where I.Inv_type In (\'1\',\'2\') And I.IYear>=2015 Group By i.Ac_Cash_no', 'T'),
(3, 'View2', 'Create View Vw_Ac_Cash_Sales_2 (Ac_Cash_No,Name,Area_No,Rep_No ,Sale2015,Sale2016,Sal22017) As Select Ac_Cash_No,Name,(Select First 1 Area_no From Invoices I Where I.Ac_Cash_no=Vw_Ac.Ac_Cash_No Order By Inv_Date Desc ), (Select First 1 Rep_No From Invoices I Where I.Ac_Cash_no=Vw_Ac.Ac_Cash_No Order By Inv_Date Desc ),Sale2015,Sale2016,Sal22017 From Vw_Ac_Cash_Sales Vw_Ac', 'T'),
(4, 'Select', 'Select Ac_Cash_No,Name,Area_No,Ir.Name,Rep_No,R.Name  ,Sale2015,Sale2016,Sal22017  from Vw_Ac_Cash_Sales_2 Vw_A Join Inv_Areas Ir On Vw_a.Area_No=Ir.Area_No Join REPRESENTIVE R On Vw_a.Rep_No=R.Rep_No', 'T'),
(5, 'Index Ac_Cash_No', 'CREATE INDEX invoices_Ac_Cash_No ON INVOICES(AC_CASH_NO);', 'T'),
(6, 'check items', 'where item_No=\'135\'', 'T'),
(7, 'check movemen', 'Select Sum((Qty+Gift)*Inout) from Movements where item_No=\'135\' and batchid=1209', 'T'),
(8, 'Check Qty W Batch', 'Select Item_no,Store_Id,Inv_Batches.BatchNo,REQUIRED,AVAILABLE,(COALESCE(AVAILABLE,0)-COALESCE(REQUIRED,0)) From  (select M.ITEM_NO, M.STORE_ID, M.BatchId , SUM(COALESCE((M.QTY+m.gIFT),0) ) REQUIRED,\r\n     ( SELECT SUM(COALESCE(QTY_IN,0) - COALESCE(QTY_OUT,0) )\r\n       FROM ITEM_QTY IQ\r\n       where IQ.ITEM_NO = M.ITEM_NO and Iq.Batchid=M.Batchid  And IQ.STORE_ID = M.STORE_ID) AVAILABLE\r\n  From invoices I left join movements M on (m.INVOICE_BOND_SERIAL = I.INVOICE_SERIAL ) , ITEMS\r\n  where ITEMS.ITEM_NO = M.ITEM_NO and ITEMS.CTYPE <> 2 and ITEMS.CTYPE <> 8   AND  I.INV_TYPE = \'1\' AND  STATUS = \"U\" And M.BatchId Is Not Null   and IYear = 2020\r\n   group by   M.ITEM_NO, M.STORE_ID ,M.batchid ) AVQty  Join Inv_Batches On  AVQty.BatchId=Inv_Batches.BatchId\r\n', 'T'),
(9, 'check qty ', 'Select Item_No,Store_Id,Sum(COALESCE(REQUIRED,0)),Sum(COALESCE(AVAILABLE,0)), Sum(COALESCE(AVAILABLE,0)-COALESCE(REQUIRED,0)) From (Select Item_no,Store_Id,Inv_Batches.BatchNo,REQUIRED,AVAILABLE,(AVAILABLE-REQUIRED) Dif From  (select M.ITEM_NO, M.STORE_ID, M.BatchId , SUM(COALESCE((M.QTY+m.gIFT),0) ) REQUIRED,\r\n     ( SELECT SUM(COALESCE(QTY_IN,0) - COALESCE(QTY_OUT,0) )\r\n       FROM ITEM_QTY IQ\r\n       where IQ.ITEM_NO = M.ITEM_NO and Iq.Batchid=M.Batchid  And IQ.STORE_ID = M.STORE_ID) AVAILABLE\r\n  From invoices I left join movements M on (m.INVOICE_BOND_SERIAL = I.INVOICE_SERIAL ) , ITEMS\r\n  where ITEMS.ITEM_NO = M.ITEM_NO and ITEMS.CTYPE <> 2 and ITEMS.CTYPE <> 8   AND  I.INV_TYPE = \'1\' AND  STATUS = \"U\" And M.BatchId Is Not Null   and IYear >= 2020\r\n   group by   M.ITEM_NO, M.STORE_ID ,M.batchid ) AVQty  Join Inv_Batches On  AVQty.BatchId=Inv_Batches.BatchId )\r\n   Group By Item_no,Store_Id\r\n', 'T'),
(10, 'Check Qty Movem', 'Select Item_No,Store_Id,Sum(COALESCE(REQUIRED,0)),Sum(COALESCE(AVAILABLE,0)), Sum(COALESCE(AVAILABLE,0)-COALESCE(REQUIRED,0)) From (Select Item_no,Store_Id,Inv_Batches.BatchNo,REQUIRED,AVAILABLE,(AVAILABLE-REQUIRED) Dif From  (select M.ITEM_NO, M.STORE_ID, M.BatchId , SUM(COALESCE((M.QTY+m.gIFT),0) ) REQUIRED,\r\n     ( SELECT SUM(COALESCE(QTY_IN,0) - COALESCE(QTY_OUT,0) )\r\n       FROM ITEM_QTY IQ\r\n       where IQ.ITEM_NO = M.ITEM_NO and Iq.Batchid=M.Batchid  And IQ.STORE_ID = M.STORE_ID) AVAILABLE\r\n  From Bonds I left join movements M on (m.INVOICE_BOND_SERIAL = I.Bond_SERIAL ) , ITEMS\r\n  where ITEMS.ITEM_NO = M.ITEM_NO and ITEMS.CTYPE <> 2 and ITEMS.CTYPE <> 8   AND  I.Bond_TYPE = \'5\' AND  STATUS = \"U\" And M.BatchId Is Not Null   and BYear >= 2020\r\n   group by   M.ITEM_NO, M.STORE_ID ,M.batchid ) AVQty  Join Inv_Batches On  AVQty.BatchId=Inv_Batches.BatchId )\r\n   Group By Item_no,Store_Id\r\n', 'T'),
(12, 'Checj Qty W Batch', 'Select Item_no,Store_Id,Inv_Batches.BatchNo,REQUIRED,AVAILABLE,(COALESCE(AVAILABLE,0)-COALESCE(REQUIRED,0)) From  (select M.ITEM_NO, M.STORE_ID, M.BatchId , SUM(COALESCE((M.QTY+m.gIFT),0) ) REQUIRED,\r\n     ( SELECT SUM(COALESCE(QTY_IN,0) - COALESCE(QTY_OUT,0) )\r\n       FROM ITEM_QTY IQ\r\n       where IQ.ITEM_NO = M.ITEM_NO and Iq.Batchid=M.Batchid  And IQ.STORE_ID = M.STORE_ID) AVAILABLE\r\n  From Bonds I left join movements M on (m.INVOICE_BOND_SERIAL = I.Bond_SERIAL ) , ITEMS\r\n  where ITEMS.ITEM_NO = M.ITEM_NO and ITEMS.CTYPE <> 2 and ITEMS.CTYPE <> 8   AND  I.Bond_TYPE = \'5\' AND  STATUS = \"U\" And M.BatchId Is Not Null   and BYear >= 2021\r\n   group by   M.ITEM_NO, M.STORE_ID ,M.batchid ) AVQty  Join Inv_Batches On  AVQty.BatchId=Inv_Batches.BatchId\r\n', 'T'),
(13, 'Get Post Script ', 'Select \"execute procedure POST_OUT_BONDS (\'3\',2021,\" || Bond_No || \",\" || Bond_No || \",\'1\')\" From Bonds Where Byear=2021 And Status=\'U\' And Bond_Type=\'3\' Order By Bond_no', 'T'),
(14, 'Copy Formulas ', 'Insert Into FOrmulas Select Amount,\'10.002\' ,item_no,inout,lineNo from formulas where Product_no=\'10.001\' Order By LineNo', 'T');

-- --------------------------------------------------------

--
-- Table structure for table `stores`
--

CREATE TABLE `stores` (
  `store_id` int(11) NOT NULL COMMENT 'TRIAL',
  `name` varchar(30) DEFAULT NULL COMMENT 'TRIAL',
  `location` varchar(50) DEFAULT NULL COMMENT 'TRIAL',
  `tel` varchar(20) DEFAULT NULL COMMENT 'TRIAL',
  `space` varchar(20) DEFAULT NULL COMMENT 'TRIAL',
  `store_keeper` varchar(30) DEFAULT NULL COMMENT 'TRIAL',
  `store_type` int(11) DEFAULT 0 COMMENT 'TRIAL',
  `notes` varchar(256) DEFAULT NULL COMMENT 'TRIAL',
  `trans_keys` int(11) DEFAULT 1 COMMENT 'TRIAL',
  `trial592` char(1) DEFAULT NULL COMMENT 'TRIAL'
) ENGINE=InnoDB DEFAULT CHARSET=utf8mb4 COLLATE=utf8mb4_general_ci COMMENT='TRIAL';

--
-- Dumping data for table `stores`
--

INSERT INTO `stores` (`store_id`, `name`, `location`, `tel`, `space`, `store_keeper`, `store_type`, `notes`, `trans_keys`, `trial592`) VALUES
(1, 'مستودع مواد اولية', NULL, NULL, NULL, NULL, 1, NULL, 7, 'T'),
(2, 'مستودع خط التصنيع', NULL, NULL, NULL, NULL, 1, NULL, 7, 'T'),
(3, 'مستودع المواد الجاهزة', NULL, NULL, NULL, NULL, 1, NULL, 7, 'T');

-- --------------------------------------------------------

--
-- Table structure for table `store_types`
--

CREATE TABLE `store_types` (
  `id` int(11) NOT NULL COMMENT 'TRIAL',
  `dsc` varchar(64) DEFAULT NULL COMMENT 'TRIAL',
  `cost_rel` int(11) DEFAULT 1 COMMENT 'TRIAL',
  `trial592` char(1) DEFAULT NULL COMMENT 'TRIAL'
) ENGINE=InnoDB DEFAULT CHARSET=utf8mb4 COLLATE=utf8mb4_general_ci COMMENT='TRIAL';

--
-- Dumping data for table `store_types`
--

INSERT INTO `store_types` (`id`, `dsc`, `cost_rel`, `trial592`) VALUES
(1, 'مستودع عام', 1, 'T'),
(2, 'أمانات', 1, 'T'),
(3, 'موزعين', 1, 'T');

-- --------------------------------------------------------

--
-- Table structure for table `sub_categories`
--

CREATE TABLE `sub_categories` (
  `id` bigint(20) UNSIGNED NOT NULL,
  `name_en` varchar(255) NOT NULL,
  `name_ar` varchar(255) NOT NULL,
  `level` smallint(6) NOT NULL DEFAULT 0,
  `main_id` bigint(20) UNSIGNED NOT NULL,
  `parent_id` bigint(20) UNSIGNED DEFAULT NULL,
  `is_view_in_home_page` tinyint(1) NOT NULL DEFAULT 0,
  `status` tinyint(1) NOT NULL DEFAULT 1 COMMENT '1: active, 0: not active',
  `created_at` timestamp NULL DEFAULT NULL,
  `updated_at` timestamp NULL DEFAULT NULL
) ENGINE=InnoDB DEFAULT CHARSET=utf8mb4 COLLATE=utf8mb4_unicode_ci;

-- --------------------------------------------------------

--
-- Table structure for table `suppliers`
--

CREATE TABLE `suppliers` (
  `supp_no` char(8) NOT NULL COMMENT 'TRIAL',
  `name` varchar(40) DEFAULT NULL COMMENT 'TRIAL',
  `tel1` varchar(11) DEFAULT NULL COMMENT 'TRIAL',
  `city` varchar(40) DEFAULT NULL COMMENT 'TRIAL',
  `address` varchar(256) DEFAULT NULL COMMENT 'TRIAL',
  `tel2` varchar(11) DEFAULT NULL COMMENT 'TRIAL',
  `fax` varchar(11) DEFAULT NULL COMMENT 'TRIAL',
  `mobile` varchar(11) DEFAULT NULL COMMENT 'TRIAL',
  `email` char(50) DEFAULT NULL COMMENT 'TRIAL',
  `taxdeptno` varchar(30) DEFAULT NULL COMMENT 'TRIAL',
  `ac_no` char(8) DEFAULT NULL COMMENT 'TRIAL',
  `store_id` int(11) DEFAULT 1 COMMENT 'TRIAL',
  `note` varchar(120) DEFAULT ' ' COMMENT 'TRIAL',
  `trial592` char(1) DEFAULT NULL COMMENT 'TRIAL'
) ENGINE=InnoDB DEFAULT CHARSET=utf8mb4 COLLATE=utf8mb4_general_ci COMMENT='TRIAL';

--
-- Dumping data for table `suppliers`
--

INSERT INTO `suppliers` (`supp_no`, `name`, `tel1`, `city`, `address`, `tel2`, `fax`, `mobile`, `email`, `taxdeptno`, `ac_no`, `store_id`, `note`, `trial592`) VALUES
('-', '-', '-', '-', '-', '-', '-', '-', '-', '-', NULL, 1, '1', 'T'),
('1', 'مستورد', '-', '-', '-', '-', '-', '-', '-', '-', '22030002', 2, '1', 'T'),
('2', 'محلي', '064200447', 'عمان', 'بناية رقم 2   شارع الحارث الأوسي - منطقة المقابلين الصناعية - عمان - الأردن \r\nmedi_plast@yahoo.com \r\nص.ب 630352  عمان الرمز البريدي 11163', '', '064201454', '0796870425', '-', '17318', '22010005', 2, 'شاهين علي شاهين', 'T');

-- --------------------------------------------------------

--
-- Table structure for table `sys_dbservice`
--

CREATE TABLE `sys_dbservice` (
  `id` int(11) NOT NULL COMMENT 'TRIAL',
  `serial` int(11) DEFAULT NULL COMMENT 'TRIAL',
  `ver` varchar(20) DEFAULT NULL COMMENT 'TRIAL',
  `upd_date` datetime DEFAULT current_timestamp() COMMENT 'TRIAL',
  `note` varchar(256) DEFAULT NULL COMMENT 'TRIAL',
  `trial592` char(1) DEFAULT NULL COMMENT 'TRIAL'
) ENGINE=InnoDB DEFAULT CHARSET=utf8mb4 COLLATE=utf8mb4_general_ci COMMENT='TRIAL';

--
-- Dumping data for table `sys_dbservice`
--

INSERT INTO `sys_dbservice` (`id`, `serial`, `ver`, `upd_date`, `note`, `trial592`) VALUES
(1, 1, 'DB9.6', '2005-09-02 01:25:31', 'SELECT m.item_no,m.qty,q.qty_in,q.qty_out,m.store_id,q.Store_id  FROM MOVEMENTS m, item_qty q WHERE M.INVOICE_BOND_SERIAL=13888 and m.batchid=q.batchid and q.qty_in>q.Qty_out and q.store_id=m.Store_id', 'T'),
(2, 1, 'DB9.8', '2005-09-16 04:28:45', 'Select  \"Update  Bio_Vouchers Set Vchr_no1=\'\" || Udf_Trim(Vchr_no1) || \"\', Vchr_Type1=\'\" || Vchr_Type1 || \"\', Vchr_Serial=\" || Vchr_Serial  ||  \"  Where Udf_Trim(Vchr_No)=\'\" || Udf_trim(Vchr_no) || \"\' ;\" From Bio_Vchr_Serial Where vchr_Serial>4000', 'T'),
(3, 1, 'DB9.10', '2005-10-05 07:34:24', 'Select Distinct \"INSERT INTO VOUCHERS(USER_ID,POSTED,REP_NO,STORE_NO,LDM,CHEQUE_TYPE,VCHR_TYPE,VCHR_SERIAL,VCHR_NO,VCHR_DATE,VYEAR,SEC_NO) VALUES(\'1\',\'N\',1,NULL,\'1/11/2014 06:52:29\',\'0\',\"\r\n', 'T'),
(4, 1, 'DB 10.4', '2005-12-12 10:26:40', '                        || Vchr_Type1 || \",\" || Vchr_Serial || \",\'\" || Udf_trim(Vchr_no1) || \"\',\'\" || Vchr_Date1 || \"\',\" || VYear || \",\'\" || Udf_Trim(Vchr_no) ||\"\');\" From Bio_Vouchers Where Vchr_Serial>0 Order By Vchr_Serial', 'T'),
(5, 1, 'DB 10.5', '2006-01-02 16:51:29', 'Select Distinct \"Update Bio_Vouchers set Tha_Adj=1 , Vchr_Date2=\'\" || Vchr_Date1 || \"\'  Where Vchr_Serial=\" || Vchr_Serial || \" And Vchr_Date1<>\'\" || Vchr_Date1 || \"\' ;\" from bio_Vouchers Order By Vchr_Serial\r\n', 'T'),
(6, 1, 'DB 10.5', '2006-01-02 16:51:36', 'THIS IS UPDATES FOR Stock Batches step 2 Procedures', 'T'),
(7, 1, 'DB 10.5', '2006-01-02 16:51:48', NULL, 'T'),
(8, 1, 'DB 10.9', '2006-03-27 03:15:59', 'Select * from transactions  Where (Ac_No=\'42110003\' Or Ac_No=\'42110004\' Or  Ac_No=\'42110007\' Or Ac_No=\'42110011\' Or Ac_No=\'42110014\') And F_Year(Vchr_Date)>=2016', 'T'),
(9, 1, 'DB 10.9-3', '2006-03-27 03:16:15', 'THIS IS UPDATES FOR Tmp_tdate_table And Movements_ib View', 'T'),
(10, 1, 'DB 13.04-1', '2008-12-28 00:29:00', 'THIS IS UPDATES For All new Updates - database ', 'T'),
(11, 1, 'DB 13.04-1', '2008-12-28 00:30:35', 'THIS IS UPDATES For All new Updates - database ', 'T'),
(12, 1, 'DB 13.03-1', '2009-01-15 01:09:20', 'THIS IS UPDATES New Get Sequences  Auto Year Rest', 'T'),
(13, 1, 'DB 13.03-1', '2009-01-15 01:10:19', 'THIS IS UPDATES New Get Sequences  Auto Year Rest', 'T'),
(14, 1, 'DB 13.03-1', '2009-01-15 01:10:56', 'THIS IS UPDATES New Get Sequences  Auto Year Rest', 'T'),
(15, 1, 'DB 13.03-1', '2009-01-15 01:12:15', 'THIS IS UPDATES New Get Sequences  Auto Year Rest', 'T'),
(16, 1, 'DB 13.03-1', '2009-01-15 01:14:23', 'THIS IS UPDATES New Get Sequences  Auto Year Rest', 'T'),
(17, 1, 'DB 13.03-2', '2009-01-15 01:16:57', 'THIS IS UPDATES New Get Sequences  Auto Year Rest', 'T'),
(18, 1, 'DB 13.04-6', '2009-05-23 00:11:29', 'THIS IS UPDATES Recomneded procedures  ', 'T'),
(19, 1, 'DB 13.08-1', '2010-03-29 08:50:11', 'THIS IS UPDATES Invoice Closing ', 'T'),
(20, 1, 'DB 13.08-2', '2009-01-20 12:44:56', 'THIS IS UPDATES Fixes The tax account report befor posting ', 'T'),
(21, 1, 'DB 13.08-2', '2009-01-20 12:45:32', 'THIS IS UPDATES Fixes The tax account report befor posting ', 'T'),
(22, 1, 'DB 13.10-1', '2009-01-20 12:47:47', 'Add customer information and store search options ', 'T'),
(23, 1, 'DB 13.05-1', '2011-01-22 15:36:39', 'THIS IS UPDATES Deprication updates ', 'T'),
(24, 1, 'DB 13.05-2', '2011-01-22 15:37:10', 'THIS IS UPDATES New Vouchers Reports', 'T'),
(25, 1, 'DB 13.06-3', '2011-01-22 15:38:54', 'THIS IS UPDATES BFR new interface Final reports recursion', 'T'),
(26, 1, 'DB 13.06-4', '2011-01-22 15:39:48', 'THIS IS UPDATES BFR new interface From companring ', 'T'),
(27, 1, 'DB 13.01-1', '2011-01-22 15:43:14', 'THIS IS UPDATES For Final Reports', 'T'),
(28, 1, 'DB 13.10-4', '2011-03-01 11:46:51', 'Fix Assests chnages for mnus depr and damaged ', 'T'),
(29, 1, 'DB 13.10-5', '2011-03-01 11:47:05', 'Fix Debit aging and cheques previous balance report', 'T'),
(30, 1, 'DB 13.10-6', '2011-03-05 23:08:30', 'Fix Autosequences procedures', 'T'),
(31, 1, 'DB 14.01-2', '2011-09-28 21:57:52', 'THIS IS UPDATES New Procedures for  Final Reports  ', 'T'),
(32, 1, 'DB 14.01-2', '2011-09-28 21:58:50', 'THIS IS UPDATES New Procedures for  Final Reports  ', 'T'),
(33, 1, 'DB 14.01-3', '2011-09-29 00:08:39', 'THIS IS UPDATES New Procedures for Group Reports  ', 'T'),
(34, 1, 'DB 14.01-1', '2012-01-18 05:24:36', 'THIS IS UPDATES Excel Final Reports and Company ID ', 'T'),
(35, 1, 'DB 14.01-2', '2012-01-18 05:24:52', 'THIS IS UPDATES New Procedures for  Final Reports  ', 'T'),
(36, 1, 'DB 14.01-3', '2012-01-18 05:25:12', 'THIS IS UPDATES New Procedures for Group Reports  ', 'T'),
(37, 1, 'DB 14.02-1', '2012-01-24 05:43:55', 'Add Customer Profile in invoice and receipt vouchers  ', 'T'),
(38, 1, 'DB 14.02-2', '2012-01-24 05:44:16', 'Add Qty Count And prevent save and Pos Movements', 'T'),
(39, 1, 'DB 14.02-2', '2012-01-24 05:45:14', 'Add Qty Count And prevent save and Pos Movements', 'T'),
(40, 1, 'DB 14.02-3', '2012-01-24 05:46:07', 'New views for zero items', 'T'),
(41, 1, 'DB 14.03-1', '2012-01-24 06:34:21', 'Add Accounting Serivce Invoice', 'T'),
(42, 1, 'DB 14.03-3', '2012-02-03 23:38:54', 'Add new Temprorary ReceiveTmpItems ', 'T'),
(43, 1, 'DB 14.03-4', '2012-02-05 05:10:59', 'Latest Updte for B4InvSave for alnatsheh  ', 'T'),
(44, 1, 'DB 14.03-4', '2012-02-05 05:11:21', 'Latest Updte for B4InvSave for alnatsheh  ', 'T'),
(45, 1, 'DB 14.03-5', '2012-02-14 22:00:19', 'New Views For posting revenues and tax before posting  ', 'T'),
(46, 1, 'DB 14.03-5', '2012-02-14 22:02:13', 'New Views For posting revenues and tax before posting  ', 'T'),
(47, 1, 'DB 14.04-1', '2012-02-19 12:53:12', 'Add Virtual Temp Invoice', 'T'),
(48, 1, 'DB 14.04-2', '2012-02-19 12:53:21', 'Add Tables to Virtual Temp Invoice', 'T'),
(49, 1, 'DB 14.04-2', '2012-02-19 13:09:07', 'Add Tables to Virtual Temp Invoice', 'T'),
(50, 1, 'DB 14.04-2', '2012-02-19 13:10:06', 'Add Tables to Virtual Temp Invoice', 'T'),
(51, 1, 'DB 15.02-1', '2012-05-22 22:45:41', 'Add Tax Icluded ', 'T'),
(52, 1, 'DB 14.05-1', '2013-02-16 11:34:30', '‘Update Move-Trans for CHQ_BALANCE CASH PAYMENTS ', 'T'),
(53, 1, 'DB 14.05-2', '2013-02-16 11:34:43', '‘Update New Sales Tax Sheets  ', 'T'),
(54, 1, 'DB 14.05-3', '2013-02-16 11:35:26', '‘Update New Sales Tax Sheets  ', 'T'),
(55, 1, 'DB 15.01-1', '2013-02-16 11:36:00', 'Add Checks Aging Reports', 'T'),
(56, 1, 'DB 15.02-2', '2013-02-16 11:37:55', 'Add Rep_no , Area No to Group Balnaces Report ', 'T'),
(57, 1, 'DB 15.03-1', '2013-02-16 11:38:49', 'Add Approval Before Posting ', 'T'),
(58, 1, 'DB 15.03-2', '2013-02-16 11:39:16', 'Add Production Second  ', 'T'),
(59, 1, 'DB 15.03-4', '2013-02-16 11:39:40', 'Add Sys Prefs 19 for Inv_user_bills  ', 'T'),
(60, 1, 'DB 15.03-5', '2013-02-16 11:39:58', 'Add Approval Menus For Production ', 'T'),
(61, 1, 'DB 15.03-6', '2013-02-16 11:40:23', 'Add Approval Offers Approval Fix CLose Invoices ', 'T'),
(62, 1, 'DB 15.03-7', '2013-02-16 11:41:18', 'Add Approval For Accounting  ', 'T'),
(90, 1, 'DB 15.04-1', '2014-01-09 20:53:12', 'Add CC_Required ', 'T'),
(91, 1, 'DB 15.04-2', '2014-01-09 20:53:39', 'Add Inv_Attachemnt AddX ', 'T'),
(92, 1, 'DB 15.04-4', '2014-01-09 20:54:31', 'Add Filed To Serials  ', 'T'),
(93, 1, 'DB 15.05-02', '2014-04-13 08:46:34', 'Add Procedure to Custom Report Inv 311 And Acc 196 ', 'T'),
(94, 1, 'DB 15.05-04', '2014-04-13 08:53:41', 'Add Accounting Custom Report Acc 190 ', 'T'),
(95, 1, 'DB 15.05-03', '2014-04-13 09:04:51', 'Add Pos Payements UpDates ', 'T'),
(96, 1, 'DB 15.05-05', '2014-04-13 09:05:27', 'Add POS Invoices Menus', 'T'),
(97, 1, 'DB 15.05-06', '2014-04-13 09:06:14', 'Add Bonds & Movements New Fields Starting from Inv 322 ', 'T'),
(98, 1, 'DB 15.06-00', '2014-04-13 09:21:55', 'Add Accounting Yaerly Analysis ', 'T'),
(99, 1, 'DB 15.06-03', '2014-05-13 12:33:34', 'Add To Store No To Porduction Process ', 'T'),
(100, 1, 'DB 15.06-03', '2014-05-13 12:43:26', 'Add Remove Filter from Procedution to Store Vouchers ', 'T'),
(101, 1, 'DB 15.06-01', '2020-11-17 14:23:22', 'Add To Check Qty Befor Posting ', 'T'),
(102, 1, 'DB 15.06-01', '2020-11-17 14:39:41', 'Add To Check Qty Befor Posting ', 'T'),
(103, 1, 'DB 15.06-01', '2020-11-17 14:42:08', 'Add To Check Qty Befor Posting ', 'T'),
(104, 1, 'DB 15.06-02', '2020-11-17 14:51:53', 'Add To Triggers For Qty Check ', 'T'),
(105, 1, 'DB 15.06-02', '2020-11-17 14:54:27', 'Add To Triggers For Qty Check ', 'T'),
(106, 1, 'DB 15.06-04', '2020-11-17 15:02:06', 'Add Ac_Neq ', 'T'),
(107, 1, 'DB 15.07-02', '2020-11-17 15:03:36', 'Views For Suppliers Qtys Report And User Action Counts', 'T'),
(108, 1, 'DB 15.07-03', '2020-11-17 15:04:18', 'Procedure for Users Notes Messages', 'T'),
(109, 1, 'DB 15.07-04', '2020-11-17 15:05:17', 'View For Printed Cheques Before Posting', 'T'),
(110, 1, 'DB 15.07-05', '2020-11-17 15:05:40', 'Add POS Posting Functions And Reports And Invoices', 'T'),
(111, 1, 'DB 15.07-07', '2020-11-17 15:06:34', 'Add Be_Validation For Accounting Vouchers ', 'T'),
(112, 1, 'DB 15.07-07', '2020-11-17 15:07:49', 'Add Be_Validation For Accounting Vouchers ', 'T'),
(113, 1, 'DB 15.08-1', '2020-11-17 15:10:36', 'Add Virtual Temp Purchases', 'T'),
(114, 1, 'DB 15.08-2', '2020-11-17 15:10:57', 'Views For Pos Invoices Reports', 'T'),
(115, 1, 'DB 15.08-3', '2020-11-17 15:11:27', 'Alter Inv_Add_Menu Acc_Add Menu To Prevent Duplicate', 'T'),
(116, 1, 'DB 15.08-4', '2020-11-17 15:11:40', 'POS Inv Notes And Phone NUmber', 'T'),
(117, 1, 'DB 15.08-08', '2020-11-17 15:13:07', 'Script to add Pos supervisor Id ', 'T'),
(118, 1, 'DB 15.08-09', '2020-11-17 15:13:26', 'Script to add New 3 Reports ', 'T'),
(119, 1, 'DB 15.08-10', '2020-11-17 15:14:39', 'Script to Add Views For Mesoptamia Empty Reports ', 'T'),
(120, 1, 'DB 15.09-01', '2020-11-17 15:15:15', 'Script To add Pos-Neq Inv 351  Pos 154', 'T'),
(121, 1, 'DB 15.09-8', '2020-11-17 15:17:39', 'Add Inv_Menus Up To 24', 'T'),
(122, 1, 'DB 15.09-9', '2020-11-17 15:18:05', 'Add Inv UserKeys For Stock And Sales Reports', 'T'),
(123, 1, 'DB 15.09-9', '2020-11-17 15:20:30', 'Add Inv UserKeys For Stock And Sales Reports', 'T'),
(124, 1, 'DB 15.09-10', '2020-11-17 15:21:53', 'Add Items Offers Price List', 'T'),
(125, 1, 'DB 15.09-12', '2020-11-17 15:23:03', 'Add New Mesopotamia ItemsStock2td ', 'T'),
(126, 1, 'DB 15.10-02', '2020-11-17 15:24:39', 'Script To Add Group Cumlative Acc 228 And Above', 'T'),
(127, 1, 'DB 15.10-02', '2020-11-17 15:25:32', 'Script To Add Group Cumlative Acc 228 And Above', 'T'),
(128, 1, 'DB 15.10-06', '2020-11-17 15:26:26', 'Script To Add Sales 2015 - 2016 - 2017 ', 'T'),
(129, 1, 'DB 15.12-2', '2020-11-17 15:31:55', 'Script For New Qty Out Procedures ', 'T'),
(130, 1, 'DB 15.12-3', '2020-11-17 15:33:10', 'Script For Changing Mashrek All Procedures ', 'T'),
(131, 1, 'DB 15.12-3', '2020-11-17 15:35:53', 'Script For Cheque Due Date Change ', 'T'),
(132, 1, 'DB 15.12-3', '2020-11-17 15:36:58', 'Script For Cheque Due Date Change ', 'T'),
(133, 1, 'DB 15.12-5', '2020-11-17 15:37:32', 'Script For Movements Item Move_Date Index And View ', 'T'),
(134, 1, 'DB 15.12-6', '2020-11-17 15:37:50', 'Script to add Offers Reports', 'T'),
(135, 1, 'DB 15.13-01', '2020-11-17 15:38:52', 'Add New Acc Inv Custom Reports', 'T'),
(136, 1, 'DB 15.12-3', '2020-12-06 14:11:45', 'Script For Cheque Due Date Change ', 'T');

-- --------------------------------------------------------

--
-- Table structure for table `sys_forms`
--

CREATE TABLE `sys_forms` (
  `form_id` varchar(25) NOT NULL COMMENT 'TRIAL',
  `caption` varchar(120) DEFAULT NULL COMMENT 'TRIAL',
  `ecaption` varchar(120) DEFAULT NULL COMMENT 'TRIAL',
  `sys_name` varchar(20) DEFAULT NULL COMMENT 'TRIAL',
  `trial595` char(1) DEFAULT NULL COMMENT 'TRIAL'
) ENGINE=InnoDB DEFAULT CHARSET=utf8mb4 COLLATE=utf8mb4_general_ci COMMENT='TRIAL';

--
-- Dumping data for table `sys_forms`
--

INSERT INTO `sys_forms` (`form_id`, `caption`, `ecaption`, `sys_name`, `trial595`) VALUES
('rfAccGenRep1', ' ', 'AccGenRep1', 'Accounting', 'T'),
('rfAccGenRep10', ' ', 'AccGenRep1', 'Accounting', 'T'),
('rfAccGenRep2', ' ', 'AccGenRep1', 'Accounting', 'T'),
('rfAccGenRep3', ' ', 'AccGenRep1', 'Accounting', 'T'),
('rfAccGenRep4', ' ', 'AccGenRep1', 'Accounting', 'T'),
('rfAccGenRep5', ' ', 'AccGenRep1', 'Accounting', 'T'),
('rfAccGenRep6', ' ', 'AccGenRep1', 'Accounting', 'T'),
('rfAccGenRep7', ' ', 'AccGenRep1', 'Accounting', 'T'),
('rfAccGenRep8', ' ', 'AccGenRep1', 'Accounting', 'T'),
('rfAccGenRep9', ' ', 'AccGenRep1', 'Accounting', 'T'),
('rfGeneralRep1', ' ', 'AccGenRep1', 'Inventory', 'T'),
('rfGeneralRep10', ' ', 'AccGenRep1', 'Inventory', 'T'),
('rfGeneralRep2', ' ', 'AccGenRep1', 'Inventory', 'T'),
('rfGeneralRep3', ' ', 'AccGenRep1', 'Inventory', 'T'),
('rfGeneralRep4', ' ', 'AccGenRep1', 'Inventory', 'T'),
('rfGeneralRep5', ' ', 'AccGenRep1', 'Inventory', 'T'),
('rfGeneralRep6', ' ', 'AccGenRep1', 'Inventory', 'T'),
('rfGeneralRep7', ' ', 'AccGenRep1', 'Inventory', 'T'),
('rfGeneralRep8', ' ', 'AccGenRep1', 'Inventory', 'T'),
('rfGeneralRep9', ' ', 'AccGenRep1', 'Inventory', 'T');

-- --------------------------------------------------------

--
-- Table structure for table `sys_options`
--

CREATE TABLE `sys_options` (
  `id` int(11) NOT NULL COMMENT 'TRIAL',
  `field_name` varchar(25) DEFAULT NULL COMMENT 'TRIAL',
  `format` varchar(25) DEFAULT NULL COMMENT 'TRIAL',
  `data_len` int(11) DEFAULT NULL COMMENT 'TRIAL',
  `visible` char(1) DEFAULT 'N' COMMENT 'TRIAL',
  `nulluble` char(1) DEFAULT 'Y' COMMENT 'TRIAL',
  `caption` varchar(40) DEFAULT NULL COMMENT 'TRIAL',
  `enabled` char(1) DEFAULT 'N' COMMENT 'TRIAL',
  `form_id` varchar(25) DEFAULT NULL COMMENT 'TRIAL',
  `field_type` char(25) DEFAULT NULL COMMENT 'TRIAL',
  `sys_name` varchar(20) DEFAULT NULL COMMENT 'TRIAL',
  `view_len` int(11) DEFAULT 0 COMMENT 'TRIAL',
  `ecaption` varchar(40) DEFAULT '' COMMENT 'TRIAL',
  `trial595` char(1) DEFAULT NULL COMMENT 'TRIAL'
) ENGINE=InnoDB DEFAULT CHARSET=utf8mb4 COLLATE=utf8mb4_general_ci COMMENT='TRIAL';

--
-- Dumping data for table `sys_options`
--

INSERT INTO `sys_options` (`id`, `field_name`, `format`, `data_len`, `visible`, `nulluble`, `caption`, `enabled`, `form_id`, `field_type`, `sys_name`, `view_len`, `ecaption`, `trial595`) VALUES
(1452, 'txtFlag', '@', 0, 'N', 'N', 'frmSales', 'Y', 'SALESINV', 'Text', 'Inventory', 0, 'txtFlag', 'T'),
(1453, 'txtTaxInclude', '@', 0, 'N', 'N', 'frmSales', 'Y', 'SALESINV', 'Text', 'Inventory', 0, 'txtTaxInclude', 'T'),
(1454, 'txtTaxExemp', '@', 0, 'N', 'N', 'frmSales', 'Y', 'SALESINV', 'Text', 'Inventory', 0, 'txtTaxExemp', 'T'),
(1455, 'cmbTaxExemp', '@', 0, 'Y', 'N', 'frmSales', 'N', 'SALESINV', 'ComboBox', 'Inventory', 0, 'cmbTaxExemp', 'T'),
(1456, 'lblTaxExemp', '@', 0, 'Y', 'N', 'الضريبة ', 'Y', 'SALESINV', 'Label', 'Inventory', 0, 'lblTaxExemp', 'T'),
(1457, 'txtFlag', '@', 0, 'N', 'N', 'frmSales', 'Y', 'RETURNSINV', 'Text', 'Inventory', 0, 'txtFlag', 'T'),
(1458, 'txtTaxInclude', '@', 0, 'N', 'N', 'frmSales', 'Y', 'RETURNSINV', 'Text', 'Inventory', 0, 'txtTaxInclude', 'T'),
(1459, 'txtTaxExemp', '@', 0, 'N', 'N', 'frmSales', 'Y', 'RETURNSINV', 'Text', 'Inventory', 0, 'txtTaxExemp', 'T'),
(1460, 'cmbTaxExemp', '@', 0, 'Y', 'N', 'frmSales', 'Y', 'RETURNSINV', 'ComboBox', 'Inventory', 0, 'cmbTaxExemp', 'T'),
(1461, 'cmdFindCustomer', '@', 0, 'Y', 'N', '؟', 'Y', 'RETURNSINV', 'Command', 'Inventory', 0, 'cmdFindCustomer', 'T'),
(1462, 'txtCusomerNo', '@', 8, 'Y', 'N', 'frmSales', 'Y', 'RETURNSINV', 'Text', 'Inventory', 8, 'txtCusomerNo', 'T'),
(1463, 'lblTaxExemp', '@', 0, 'Y', 'N', 'الضريبة ', 'Y', 'RETURNSINV', 'Label', 'Inventory', 0, 'lblTaxExemp', 'T'),
(1464, 'txtDocNo', '@', 10, 'Y', 'Y', 'frmInsertVoucher', 'Y', 'frmInsertVoucher', 'Text', 'Accounting', 10, 'txtDocNo', 'T'),
(1465, 'lblDocNo', '@', 0, 'Y', 'N', 'الرقم الفرعي', 'Y', 'frmInsertVoucher', 'Label', 'Accounting', 0, 'lblDocNo', 'T'),
(1466, 'chkApprovals', '@', 0, 'N', 'N', 'مصرح لة بالتصديق', 'Y', 'frmUsers', 'CheckBox', 'Inventory', 0, 'chkApprovals', 'T'),
(1467, 'cmdEditFormProps', '@', 0, 'Y', 'N', '-------------', 'Y', 'frmUsers', 'Command', 'Inventory', 0, 'cmdEditFormProps', 'T'),
(1468, 'cmdDefaultKeys', '@', 0, 'Y', 'N', 'المفاتيح الإفتراضية', 'Y', 'frmUsers', 'Command', 'Inventory', 0, 'cmdDefaultKeys', 'T'),
(1469, 'cmdDataKeys', '@', 0, 'Y', 'N', 'مفا&تيح البيانات', 'Y', 'frmUsers', 'Command', 'Inventory', 0, 'cmdDataKeys', 'T'),
(1470, 'txtRole_Name', '@', 20, 'Y', 'N', 'frmUsers', 'N', 'frmUsers', 'Text', 'Inventory', 20, 'txtRole_Name', 'T'),
(1471, 'txtUserName', '@', 20, 'Y', 'N', 'frmUsers', 'Y', 'frmUsers', 'Text', 'Inventory', 20, 'txtUserName', 'T'),
(1472, 'chkYears', '@', 0, 'Y', 'N', '2005', 'Y', 'frmUsers', 'CheckBox', 'Inventory', 0, 'chkYears', 'T'),
(1473, 'txtUser_No', '@', 8, 'Y', 'N', 'frmUsers', 'Y', 'frmUsers', 'Text', 'Inventory', 8, 'txtUser_No', 'T'),
(1474, 'cmdClose', '@', 0, 'Y', 'N', 'إغلا&ق', 'Y', 'frmUsers', 'Command', 'Inventory', 0, 'cmdClose', 'T'),
(1475, 'cmdDelete', '@', 0, 'Y', 'N', 'ح&ذف', 'N', 'frmUsers', 'Command', 'Inventory', 0, 'cmdDelete', 'T'),
(1476, 'cmdSave', '@', 0, 'Y', 'N', '&حفظ', 'Y', 'frmUsers', 'Command', 'Inventory', 0, 'cmdSave', 'T'),
(1477, 'cmdFindUser_No', '@', 0, 'Y', 'N', '؟', 'Y', 'frmUsers', 'Command', 'Inventory', 0, 'cmdFindUser_No', 'T'),
(1478, 'txtUPassWord', '@', 20, 'Y', 'N', 'frmUsers', 'Y', 'frmUsers', 'Text', 'Inventory', 20, 'txtUPassWord', 'T'),
(1479, 'TxtUPassWordConfirm', '@', 20, 'Y', 'N', 'frmUsers', 'Y', 'frmUsers', 'Text', 'Inventory', 20, 'TxtUPassWordConfirm', 'T'),
(1480, 'TxtRole_No', '@', 8, 'Y', 'N', 'frmUsers', 'Y', 'frmUsers', 'Text', 'Inventory', 8, 'TxtRole_No', 'T'),
(1481, 'CmdFindRole_No', '@', 0, 'Y', 'N', '؟', 'Y', 'frmUsers', 'Command', 'Inventory', 0, 'CmdFindRole_No', 'T'),
(1482, 'lblMesgs', '@', 0, 'Y', 'N', '', 'Y', 'frmUsers', 'Label', 'Inventory', 0, 'lblMesgs', 'T'),
(1483, 'Label1', '@', 0, 'Y', 'N', 'المستخدم/ المحاسبة', 'Y', 'frmUsers', 'Label', 'Inventory', 0, 'Label1', 'T'),
(1484, 'LblUser_No', '@', 0, 'Y', 'N', 'المستخدم', 'Y', 'frmUsers', 'Label', 'Inventory', 0, 'LblUser_No', 'T'),
(1485, 'LblUPassWord', '@', 0, 'Y', 'N', 'كلمة السر', 'Y', 'frmUsers', 'Label', 'Inventory', 0, 'LblUPassWord', 'T'),
(1486, 'LblUPassWordConfirm', '@', 0, 'Y', 'N', 'تأكيد كلمة السر', 'Y', 'frmUsers', 'Label', 'Inventory', 0, 'LblUPassWordConfirm', 'T'),
(1487, 'LblRole_No', '@', 0, 'Y', 'N', 'المسمى الوظيفي', 'Y', 'frmUsers', 'Label', 'Inventory', 0, 'LblRole_No', 'T'),
(1518, 'txtDateFrm', '@', 10, 'Y', 'N', 'rfGenMaintReports', 'Y', 'rfMaintRep6', 'Text', 'Inventory', 10, 'txtDateFrm', 'T'),
(1519, 'txtPrm5', '@', 8, 'N', 'N', 'rfGenMaintReports', 'Y', 'rfMaintRep6', 'Text', 'Inventory', 8, 'txtPrm5', 'T'),
(1520, 'txtPrm2', '@', 8, 'Y', 'N', 'rfGenMaintReports', 'Y', 'rfMaintRep6', 'Text', 'Inventory', 8, 'txtPrm2', 'T'),
(1521, 'txtPrm3', '@', 8, 'Y', 'N', 'rfGenMaintReports', 'Y', 'rfMaintRep6', 'Text', 'Inventory', 8, 'txtPrm3', 'T'),
(1522, 'txtPrm4', '@', 8, 'Y', 'N', 'rfGenMaintReports', 'Y', 'rfMaintRep6', 'Text', 'Inventory', 8, 'txtPrm4', 'T'),
(1523, 'txtPrm1', '@', 8, 'Y', 'N', 'rfGenMaintReports', 'Y', 'rfMaintRep6', 'Text', 'Inventory', 8, 'txtPrm1', 'T'),
(1524, 'txtDateTo', '@', 10, 'Y', 'N', 'rfGenMaintReports', 'Y', 'rfMaintRep6', 'Text', 'Inventory', 10, 'txtDateTo', 'T'),
(1525, 'cmdFinPrm5', '@', 0, 'N', 'N', '؟', 'Y', 'rfMaintRep6', 'Command', 'Inventory', 0, 'cmdFinPrm5', 'T'),
(1526, 'txtPrmDsc5', '@', 40, 'N', 'N', 'rfGenMaintReports', 'Y', 'rfMaintRep6', 'Text', 'Inventory', 40, 'txtPrmDsc5', 'T'),
(1527, 'txtPrmDsc2', '@', 40, 'Y', 'N', 'rfGenMaintReports', 'Y', 'rfMaintRep6', 'Text', 'Inventory', 40, 'txtPrmDsc2', 'T'),
(1528, 'cmdFinPrm2', '@', 0, 'Y', 'N', '؟', 'Y', 'rfMaintRep6', 'Command', 'Inventory', 0, 'cmdFinPrm2', 'T'),
(1529, 'cmdFinPrm3', '@', 0, 'Y', 'N', '؟', 'Y', 'rfMaintRep6', 'Command', 'Inventory', 0, 'cmdFinPrm3', 'T'),
(1530, 'txtPrmDsc3', '@', 40, 'Y', 'N', 'rfGenMaintReports', 'Y', 'rfMaintRep6', 'Text', 'Inventory', 40, 'txtPrmDsc3', 'T'),
(1531, 'cmdFinPrm4', '@', 0, 'Y', 'N', '؟', 'Y', 'rfMaintRep6', 'Command', 'Inventory', 0, 'cmdFinPrm4', 'T'),
(1532, 'txtPrmDsc4', '@', 40, 'Y', 'N', 'rfGenMaintReports', 'Y', 'rfMaintRep6', 'Text', 'Inventory', 40, 'txtPrmDsc4', 'T'),
(1533, 'cmdFinPrm1', '@', 0, 'Y', 'N', '؟', 'Y', 'rfMaintRep6', 'Command', 'Inventory', 0, 'cmdFinPrm1', 'T'),
(1534, 'txtPrmDsc1', '@', 40, 'Y', 'N', 'rfGenMaintReports', 'Y', 'rfMaintRep6', 'Text', 'Inventory', 40, 'txtPrmDsc1', 'T'),
(1535, 'cmdEditFormProps', '@', 0, 'Y', 'N', '-------------', 'Y', 'rfMaintRep6', 'Command', 'Inventory', 0, 'cmdEditFormProps', 'T'),
(1536, 'cmdView', '@', 0, 'Y', 'N', 'م&عاينة', 'Y', 'rfMaintRep6', 'Command', 'Inventory', 0, 'cmdView', 'T'),
(1537, 'cmdClose', '@', 0, 'Y', 'N', 'إغلا&ق', 'Y', 'rfMaintRep6', 'Command', 'Inventory', 0, 'cmdClose', 'T'),
(1538, 'dpDateFrm', '@', 0, 'Y', 'N', 'rfGenMaintReports', 'Y', 'rfMaintRep6', 'dtPicker', 'Inventory', 0, 'dpDateFrm', 'T'),
(1539, 'dpDateTo', '@', 0, 'Y', 'N', 'rfGenMaintReports', 'Y', 'rfMaintRep6', 'dtPicker', 'Inventory', 0, 'dpDateTo', 'T'),
(1540, 'lblDateTo', '@', 0, 'Y', 'N', 'لتاريخ', 'Y', 'rfMaintRep6', 'Label', 'Inventory', 0, 'lblDateTo', 'T'),
(1541, 'lblDateFrm', '@', 0, 'Y', 'N', 'من تاريخ', 'Y', 'rfMaintRep6', 'Label', 'Inventory', 0, 'lblDateFrm', 'T'),
(1542, 'lblePrm5', '@', 0, 'N', 'N', 'الصيانة المطلوبة', 'Y', 'rfMaintRep6', 'Label', 'Inventory', 0, 'lblePrm5', 'T'),
(1543, 'lblePrm2', '@', 0, 'Y', 'N', 'التصنيف', 'Y', 'rfMaintRep6', 'Label', 'Inventory', 0, 'lblePrm2', 'T'),
(1544, 'lblePrm3', '@', 0, 'Y', 'N', 'الصنف', 'Y', 'rfMaintRep6', 'Label', 'Inventory', 0, 'lblePrm3', 'T'),
(1545, 'lblePrm4', '@', 0, 'Y', 'N', 'المنطقة', 'Y', 'rfMaintRep6', 'Label', 'Inventory', 0, 'lblePrm4', 'T'),
(1546, 'lblePrm1', '@', 0, 'Y', 'N', 'نوع التقرير', 'Y', 'rfMaintRep6', 'Label', 'Inventory', 0, 'lblePrm1', 'T'),
(1547, 'lblMesgs', '@', 0, 'Y', 'N', '', 'Y', 'rfMaintRep6', 'Label', 'Inventory', 0, 'lblMesgs', 'T'),
(1548, 'lblAdd1', '@', 0, 'N', 'Y', 'البيان الجمركي', '-', 'PURCHRET', 'Label', 'Inventory', 0, 'lblAtt2', 'T'),
(1549, 'lblAdd1', '@', 0, 'N', 'Y', 'البيان الجمركي', '-', 'SALESINV', 'Label', 'Inventory', 0, 'lblAtt2', 'T'),
(1550, 'lblAdd1', '@', 0, 'N', 'Y', '', '-', 'OFFERS', 'Label', 'Inventory', 0, 'lblAtt2', 'T'),
(1551, 'lblAdd1', '@', 0, 'N', 'Y', 'البيان الجمركي', '-', 'PURCHINV', 'Label', 'Inventory', 0, 'lblAtt2', 'T'),
(1552, 'lblAdd1', '@', 0, 'N', 'Y', 'رقم البيان', 'Y', 'RETURNSINV', 'Label', 'Inventory', 0, 'lblAtt2', 'T'),
(1553, 'lblAdd1', '@', 0, 'N', 'Y', 'البيان الجمركي', '-', 'PURCHRET', 'Lable', 'Inventory', 0, NULL, 'T'),
(1554, 'lblAdd1', '@', 0, 'N', 'Y', '', 'N', 'SALESINV', 'Lable', 'Inventory', 0, NULL, 'T'),
(1555, 'lblAdd1', '@', 0, 'N', 'Y', '', 'N', 'RETURNSINV', 'Lable', 'Inventory', 0, NULL, 'T'),
(1556, 'lblAdd1', '@', 0, 'N', 'Y', 'رقم البيان', 'Y', 'frmSales', 'Label', 'INVENTORY', 0, 'Trip Tickit No', 'T'),
(1557, 'lblAdd1', '@', 0, 'N', 'Y', 'البيان الجمركي', '-', 'PURCHINV', 'Lable', 'Inventory', 0, NULL, 'T'),
(1558, 'lblAdd2', '@', 0, 'N', 'Y', 'مدة الكفالة', '-', 'PURCHRET', 'Label', 'Inventory', 0, 'lblAtt3', 'T'),
(1559, 'lblAdd2', '@', 0, 'Y', 'Y', 'مدة الكفالة', '-', 'SALESINV', 'Label', 'Inventory', 0, 'lblAtt3', 'T'),
(1560, 'lblAdd2', '@', 0, 'N', 'Y', 'مدة الكفالة', '-', 'OFFERS', 'Label', 'Inventory', 0, 'lblAtt3', 'T'),
(1561, 'lblAdd2', '@', 0, 'N', 'Y', 'مدة الكفالة', '-', 'PURCHINV', 'Label', 'Inventory', 0, 'lblAtt3', 'T'),
(1562, 'lblAdd2', '@', 0, 'N', 'Y', 'الكفالة', 'Y', 'RETURNSINV', 'Label', 'Inventory', 0, 'lblAtt3', 'T'),
(1563, 'lblAdd2', '@', 0, 'N', 'Y', 'مدة الكفالة', '-', 'PURCHRET', 'Lable', 'Inventory', 0, NULL, 'T'),
(1564, 'lblAdd2', '@', 0, 'Y', 'Y', '', 'N', 'SALESINV', 'Lable', 'Inventory', 0, NULL, 'T'),
(1565, 'lblAdd2', '@', 0, 'N', 'Y', '', 'N', 'RETURNSINV', 'Lable', 'Inventory', 0, NULL, 'T'),
(1566, 'lblAdd2', '@', 0, 'N', 'Y', 'الكفالة', 'Y', 'frmSales', 'Label', 'INVENTORY', 0, 'Warranty', 'T'),
(1567, 'lblAdd2', '@', 0, 'N', 'Y', 'مدة الكفالة', '-', 'PURCHINV', 'Lable', 'Inventory', 0, NULL, 'T'),
(1568, 'lblAdd3', '@', 0, 'N', 'Y', 'سند التسليم', 'N', 'PURCHRET', 'Label', 'Inventory', 0, 'lblAtt4', 'T'),
(1569, 'lblAdd3', '@', 0, 'N', 'Y', '-', 'N', 'SALESINV', 'Label', 'Inventory', 0, 'lblAtt4', 'T'),
(1570, 'lblAdd3', '@', 0, 'N', 'Y', 'طريقة الدفع', '-', 'OFFERS', 'Label', 'Inventory', 0, 'lblAtt4', 'T'),
(1571, 'lblAdd3', '@', 0, 'N', 'Y', 'سند التسليم', 'N', 'PURCHINV', 'Label', 'Inventory', 0, 'lblAtt4', 'T'),
(1572, 'lblAdd3', '@', 0, 'N', 'Y', 'رقم السيارة', 'Y', 'RETURNSINV', 'Label', 'Inventory', 0, 'lblAtt4', 'T'),
(1573, 'lblAdd3', '@', 0, 'N', 'Y', 'سند التسليم', '-', 'PURCHRET', 'Lable', 'Inventory', 0, NULL, 'T'),
(1574, 'lblAdd3', '@', 0, 'N', 'Y', '', 'N', 'SALESINV', 'Lable', 'Inventory', 0, NULL, 'T'),
(1575, 'lblAdd3', '@', 0, 'N', 'Y', '', 'N', 'RETURNSINV', 'Lable', 'Inventory', 0, NULL, 'T'),
(1576, 'lblAdd3', '@', 0, 'N', 'Y', 'رقم السيارة', 'Y', 'frmSales', 'Label', 'INVENTORY', 0, 'Car No', 'T'),
(1577, 'lblAdd3', '@', 0, 'N', 'Y', 'سند التسليم', '-', 'PURCHINV', 'Lable', 'Inventory', 0, NULL, 'T'),
(1578, 'lblAdd4', '@', 0, 'N', 'Y', 'أرقام القطع', '-', 'PURCHRET', 'Label', 'Inventory', 0, 'lblAtt1', 'T'),
(1579, 'lblAdd4', '@', 0, 'N', 'Y', 'أرقام القطع', 'Y', 'RETURNSINV', 'Label', 'Inventory', 0, 'lblAtt1', 'T'),
(1580, 'lblAdd4', '@', 0, 'N', 'Y', 'أرقام القطع', '-', 'SALESINV', 'Label', 'Inventory', 0, 'lblAtt1', 'T'),
(1581, 'lblAdd4', '@', 0, 'N', 'Y', 'ملاحظات', 'Y', 'OFFERS', 'Label', 'Inventory', 0, 'lblAtt1', 'T'),
(1582, 'lblAdd4', '@', 0, 'N', 'Y', 'أرقام القطع', '-', 'PURCHINV', 'Label', 'Inventory', 0, 'lblAtt1', 'T'),
(1583, 'lblAdd4', '@', 0, 'N', 'Y', 'أرقام القطع', '-', 'PURCHRET', 'Lable', 'Inventory', 0, NULL, 'T'),
(1584, 'lblAdd4', '@', 0, 'N', 'Y', '', 'N', 'SALESINV', 'Lable', 'Inventory', 0, NULL, 'T'),
(1585, 'lblAdd4', '@', 0, 'N', 'Y', '', 'N', 'RETURNSINV', 'Lable', 'Inventory', 0, NULL, 'T'),
(1586, 'lblAdd4', '@', 0, 'N', 'Y', 'أرقام القطع', 'Y', 'frmSales', 'Label', 'INVENTORY', 0, 'Parts No', 'T'),
(1587, 'lblAdd4', '@', 0, 'N', 'Y', 'أرقام القطع', '-', 'PURCHINV', 'Lable', 'Inventory', 0, NULL, 'T'),
(1588, 'txtAdd1', '@', 15, 'N', 'Y', 'رقم البيان', 'Y', 'OFFERS', 'Text', 'Inventory', 15, 'txtAtt2', 'T'),
(1589, 'txtAdd1', '@', 15, 'N', 'Y', 'رقم البيان', 'Y', 'PURCHINV', 'Text', 'Inventory', 15, 'txtAtt2', 'T'),
(1590, 'txtAdd1', '@', 15, 'N', 'Y', 'رقم البيان', 'Y', 'PURCHRET', 'Text', 'Inventory', 15, 'txtAtt2', 'T'),
(1591, 'txtAdd1', '@', 15, 'N', 'Y', 'رقم البيان', 'N', 'RETURNSINV', 'Text', 'Inventory', 15, 'txtAtt2', 'T'),
(1592, 'txtAdd1', '@', 15, 'N', 'Y', '', 'Y', 'frmSales', 'TextBox', 'INVENTORY', 15, '', 'T'),
(1593, 'txtAdd1', '@', 15, 'N', 'Y', 'رقم البيان', 'N', 'SALESINV', 'Text', 'Inventory', 15, 'txtAtt2', 'T'),
(1594, 'txtAdd2', '@', 15, 'N', 'Y', 'رقم البيان', 'Y', 'OFFERS', 'Text', 'Inventory', 15, 'txtAtt2', 'T'),
(1595, 'txtAdd2', '@', 15, 'N', 'Y', 'رقم البيان', 'Y', 'PURCHINV', 'Text', 'Inventory', 15, 'txtAtt2', 'T'),
(1596, 'txtAdd2', '@', 15, 'N', 'Y', 'رقم البيان', 'Y', 'PURCHRET', 'Text', 'Inventory', 15, 'txtAtt2', 'T'),
(1597, 'txtAdd2', '@', 15, 'N', 'Y', 'رقم البيان', 'N', 'RETURNSINV', 'Text', 'Inventory', 15, 'txtAtt2', 'T'),
(1598, 'txtAdd2', '@', 15, 'N', 'Y', '', 'Y', 'frmSales', 'TextBox', 'INVENTORY', 15, '', 'T'),
(1599, 'txtAdd2', '@', 15, 'N', 'Y', 'رقم البيان', 'N', 'SALESINV', 'Text', 'Inventory', 15, 'txtAtt2', 'T'),
(1600, 'txtAdd3', '@', 15, 'N', 'Y', 'رقم البيان', 'Y', 'OFFERS', 'Text', 'Inventory', 15, 'txtAtt2', 'T'),
(1601, 'txtAdd3', '@', 15, 'N', 'Y', 'رقم البيان', 'Y', 'PURCHINV', 'Text', 'Inventory', 15, 'txtAtt2', 'T'),
(1602, 'txtAdd3', '@', 15, 'N', 'Y', 'رقم البيان', 'Y', 'PURCHRET', 'Text', 'Inventory', 15, 'txtAtt2', 'T'),
(1603, 'txtAdd3', '@', 15, 'N', 'Y', 'رقم البيان', 'N', 'RETURNSINV', 'Text', 'Inventory', 15, 'txtAtt2', 'T'),
(1604, 'txtAdd3', '@', 15, 'N', 'Y', '', 'Y', 'frmSales', 'TextBox', 'INVENTORY', 15, '', 'T'),
(1605, 'txtAdd3', '@', 15, 'N', 'Y', 'رقم البيان', 'N', 'SALESINV', 'Text', 'Inventory', 15, 'txtAtt2', 'T'),
(1606, 'txtAdd4', '@', 15, 'N', 'Y', 'رقم البيان', 'Y', 'OFFERS', 'Text', 'Inventory', 15, 'txtAtt2', 'T'),
(1607, 'txtAdd4', '@', 15, 'N', 'Y', 'رقم البيان', 'Y', 'PURCHINV', 'Text', 'Inventory', 15, 'txtAtt2', 'T'),
(1608, 'txtAdd4', '@', 15, 'N', 'Y', 'رقم البيان', 'Y', 'PURCHRET', 'Text', 'Inventory', 15, 'txtAtt2', 'T'),
(1609, 'txtAdd4', '@', 15, 'N', 'Y', 'رقم البيان', 'N', 'RETURNSINV', 'Text', 'Inventory', 15, 'txtAtt2', 'T'),
(1610, 'txtAdd4', '@', 15, 'N', 'Y', '', 'Y', 'frmSales', 'TextBox', 'INVENTORY', 15, '', 'T'),
(1611, 'txtAdd4', '@', 15, 'N', 'Y', 'رقم البيان', 'N', 'SALESINV', 'Text', 'Inventory', 15, 'txtAtt2', 'T'),
(1612, 'cmdSendToExcel', '@', 0, 'Y', 'N', 'Send to Excel', 'Y', 'sfAccountsInquiry', 'Command', 'Accounting', 0, 'cmdSendToExcel', 'T'),
(1613, 'txtDateFrm', '@', 10, 'Y', 'N', 'rfGenMaintReports', 'Y', 'rfAccRep1', 'Text', 'Accounting', 10, 'txtDateFrm', 'T'),
(1614, 'txtPrm5', '@', 8, 'N', 'N', 'rfGenMaintReports', 'Y', 'rfAccRep1', 'Text', 'Accounting', 8, 'txtPrm5', 'T'),
(1615, 'txtPrm2', '@', 8, 'Y', 'N', 'rfGenMaintReports', 'Y', 'rfAccRep1', 'Text', 'Accounting', 8, 'txtPrm2', 'T'),
(1616, 'txtPrm3', '@', 8, 'Y', 'N', 'rfGenMaintReports', 'Y', 'rfAccRep1', 'Text', 'Accounting', 8, 'txtPrm3', 'T'),
(1617, 'txtPrm4', '@', 8, 'N', 'N', 'rfGenMaintReports', 'Y', 'rfAccRep1', 'Text', 'Accounting', 8, 'txtPrm4', 'T'),
(1618, 'txtPrm1', '@', 8, 'Y', 'N', 'rfGenMaintReports', 'Y', 'rfAccRep1', 'Text', 'Accounting', 8, 'txtPrm1', 'T'),
(1619, 'txtDateTo', '@', 10, 'Y', 'N', 'rfGenMaintReports', 'Y', 'rfAccRep1', 'Text', 'Accounting', 10, 'txtDateTo', 'T'),
(1620, 'cmdFinPrm5', '@', 0, 'N', 'N', '؟', 'Y', 'rfAccRep1', 'Command', 'Accounting', 0, 'cmdFinPrm5', 'T'),
(1621, 'txtPrmDsc5', '@', 40, 'N', 'N', 'rfGenMaintReports', 'Y', 'rfAccRep1', 'Text', 'Accounting', 40, 'txtPrmDsc5', 'T'),
(1622, 'txtPrmDsc2', '@', 40, 'Y', 'N', 'rfGenMaintReports', 'Y', 'rfAccRep1', 'Text', 'Accounting', 40, 'txtPrmDsc2', 'T'),
(1623, 'cmdFinPrm2', '@', 0, 'Y', 'N', '؟', 'Y', 'rfAccRep1', 'Command', 'Accounting', 0, 'cmdFinPrm2', 'T'),
(1624, 'cmdFinPrm3', '@', 0, 'Y', 'N', '؟', 'Y', 'rfAccRep1', 'Command', 'Accounting', 0, 'cmdFinPrm3', 'T'),
(1625, 'txtPrmDsc3', '@', 40, 'Y', 'N', 'rfGenMaintReports', 'Y', 'rfAccRep1', 'Text', 'Accounting', 40, 'txtPrmDsc3', 'T'),
(1626, 'cmdFinPrm4', '@', 0, 'N', 'N', '؟', 'Y', 'rfAccRep1', 'Command', 'Accounting', 0, 'cmdFinPrm4', 'T'),
(1627, 'txtPrmDsc4', '@', 40, 'N', 'N', 'rfGenMaintReports', 'Y', 'rfAccRep1', 'Text', 'Accounting', 40, 'txtPrmDsc4', 'T'),
(1628, 'cmdFinPrm1', '@', 0, 'Y', 'N', '؟', 'Y', 'rfAccRep1', 'Command', 'Accounting', 0, 'cmdFinPrm1', 'T'),
(1629, 'txtPrmDsc1', '@', 40, 'Y', 'N', 'rfGenMaintReports', 'Y', 'rfAccRep1', 'Text', 'Accounting', 40, 'txtPrmDsc1', 'T'),
(1630, 'cmdEditFormProps', '@', 0, 'Y', 'N', '-------------', 'Y', 'rfAccRep1', 'Command', 'Accounting', 0, 'cmdEditFormProps', 'T'),
(1631, 'cmdView', '@', 0, 'Y', 'N', 'م&عاينة', 'Y', 'rfAccRep1', 'Command', 'Accounting', 0, 'cmdView', 'T'),
(1632, 'cmdClose', '@', 0, 'Y', 'N', 'إغلا&ق', 'Y', 'rfAccRep1', 'Command', 'Accounting', 0, 'cmdClose', 'T'),
(1633, 'dpDateFrm', '@', 0, 'Y', 'N', 'rfGenMaintReports', 'Y', 'rfAccRep1', 'dtPicker', 'Accounting', 0, 'dpDateFrm', 'T'),
(1634, 'dpDateTo', '@', 0, 'Y', 'N', 'rfGenMaintReports', 'Y', 'rfAccRep1', 'dtPicker', 'Accounting', 0, 'dpDateTo', 'T'),
(1635, 'lblDateTo', '@', 0, 'Y', 'N', 'لتاريخ', 'Y', 'rfAccRep1', 'Label', 'Accounting', 0, 'lblDateTo', 'T'),
(1636, 'lblDateFrm', '@', 0, 'Y', 'N', 'من تاريخ', 'Y', 'rfAccRep1', 'Label', 'Accounting', 0, 'lblDateFrm', 'T'),
(1637, 'lblePrm5', '@', 0, 'N', 'N', 'الصيانة المطلوبة', 'Y', 'rfAccRep1', 'Label', 'Accounting', 0, 'lblePrm5', 'T'),
(1638, 'lblePrm2', '@', 0, 'Y', 'N', 'الحساب', 'Y', 'rfAccRep1', 'Label', 'Accounting', 0, 'lblePrm2', 'T'),
(1639, 'lblePrm3', '@', 0, 'Y', 'N', 'المندوب', 'Y', 'rfAccRep1', 'Label', 'Accounting', 0, 'lblePrm3', 'T'),
(1640, 'lblePrm4', '@', 0, 'N', 'N', ' الجزء الفرعي', 'Y', 'rfAccRep1', 'Label', 'Accounting', 0, 'lblePrm4', 'T'),
(1641, 'lblePrm1', '@', 0, 'Y', 'N', '(لذمم (4 ', 'Y', 'rfAccRep1', 'Label', 'Accounting', 0, 'lblePrm1', 'T'),
(1642, 'txtDateFrm', '@', 10, 'Y', 'N', 'rfGenMaintReports', 'Y', 'rfAccRep2', 'Text', 'Accounting', 10, 'txtDateFrm', 'T'),
(1643, 'txtPrm5', '@', 8, 'N', 'N', 'rfGenMaintReports', 'Y', 'rfAccRep2', 'Text', 'Accounting', 8, 'txtPrm5', 'T'),
(1644, 'txtPrm2', '@', 8, 'Y', 'N', 'rfGenMaintReports', 'Y', 'rfAccRep2', 'Text', 'Accounting', 8, 'txtPrm2', 'T'),
(1645, 'txtPrm3', '@', 8, 'Y', 'N', 'rfGenMaintReports', 'Y', 'rfAccRep2', 'Text', 'Accounting', 8, 'txtPrm3', 'T'),
(1646, 'txtPrm4', '@', 8, 'N', 'N', 'rfGenMaintReports', 'Y', 'rfAccRep2', 'Text', 'Accounting', 8, 'txtPrm4', 'T'),
(1647, 'txtPrm1', '@', 8, 'Y', 'N', 'rfGenMaintReports', 'Y', 'rfAccRep2', 'Text', 'Accounting', 8, 'txtPrm1', 'T'),
(1648, 'txtDateTo', '@', 10, 'Y', 'N', 'rfGenMaintReports', 'Y', 'rfAccRep2', 'Text', 'Accounting', 10, 'txtDateTo', 'T'),
(1649, 'cmdFinPrm5', '@', 0, 'N', 'N', '؟', 'Y', 'rfAccRep2', 'Command', 'Accounting', 0, 'cmdFinPrm5', 'T'),
(1650, 'txtPrmDsc5', '@', 40, 'N', 'N', 'rfGenMaintReports', 'Y', 'rfAccRep2', 'Text', 'Accounting', 40, 'txtPrmDsc5', 'T'),
(1651, 'txtPrmDsc2', '@', 40, 'Y', 'N', 'rfGenMaintReports', 'Y', 'rfAccRep2', 'Text', 'Accounting', 40, 'txtPrmDsc2', 'T'),
(1652, 'cmdFinPrm2', '@', 0, 'Y', 'N', '؟', 'Y', 'rfAccRep2', 'Command', 'Accounting', 0, 'cmdFinPrm2', 'T'),
(1653, 'cmdFinPrm3', '@', 0, 'Y', 'N', '؟', 'Y', 'rfAccRep2', 'Command', 'Accounting', 0, 'cmdFinPrm3', 'T'),
(1654, 'txtPrmDsc3', '@', 40, 'Y', 'N', 'rfGenMaintReports', 'Y', 'rfAccRep2', 'Text', 'Accounting', 40, 'txtPrmDsc3', 'T'),
(1655, 'cmdFinPrm4', '@', 0, 'N', 'N', '؟', 'Y', 'rfAccRep2', 'Command', 'Accounting', 0, 'cmdFinPrm4', 'T'),
(1656, 'txtPrmDsc4', '@', 40, 'N', 'N', 'rfGenMaintReports', 'Y', 'rfAccRep2', 'Text', 'Accounting', 40, 'txtPrmDsc4', 'T'),
(1657, 'cmdFinPrm1', '@', 0, 'Y', 'N', '؟', 'Y', 'rfAccRep2', 'Command', 'Accounting', 0, 'cmdFinPrm1', 'T'),
(1658, 'txtPrmDsc1', '@', 40, 'Y', 'N', 'rfGenMaintReports', 'Y', 'rfAccRep2', 'Text', 'Accounting', 40, 'txtPrmDsc1', 'T'),
(1659, 'cmdEditFormProps', '@', 0, 'Y', 'N', '-------------', 'Y', 'rfAccRep2', 'Command', 'Accounting', 0, 'cmdEditFormProps', 'T'),
(1660, 'cmdView', '@', 0, 'Y', 'N', 'م&عاينة', 'Y', 'rfAccRep2', 'Command', 'Accounting', 0, 'cmdView', 'T'),
(1661, 'cmdClose', '@', 0, 'Y', 'N', 'إغلا&ق', 'Y', 'rfAccRep2', 'Command', 'Accounting', 0, 'cmdClose', 'T'),
(1662, 'dpDateFrm', '@', 0, 'Y', 'N', 'rfGenMaintReports', 'Y', 'rfAccRep2', 'dtPicker', 'Accounting', 0, 'dpDateFrm', 'T'),
(1663, 'dpDateTo', '@', 0, 'Y', 'N', 'rfGenMaintReports', 'Y', 'rfAccRep2', 'dtPicker', 'Accounting', 0, 'dpDateTo', 'T'),
(1664, 'lblDateTo', '@', 0, 'Y', 'N', 'لتاريخ', 'Y', 'rfAccRep2', 'Label', 'Accounting', 0, 'lblDateTo', 'T'),
(1665, 'lblDateFrm', '@', 0, 'Y', 'N', 'من تاريخ', 'Y', 'rfAccRep2', 'Label', 'Accounting', 0, 'lblDateFrm', 'T'),
(1666, 'lblePrm5', '@', 0, 'N', 'N', 'الصيانة المطلوبة', 'Y', 'rfAccRep2', 'Label', 'Accounting', 0, 'lblePrm5', 'T'),
(1667, 'lblePrm2', '@', 0, 'Y', 'N', 'الحساب', 'Y', 'rfAccRep2', 'Label', 'Accounting', 0, 'lblePrm2', 'T'),
(1668, 'lblePrm3', '@', 0, 'Y', 'N', 'المندوب', 'Y', 'rfAccRep2', 'Label', 'Accounting', 0, 'lblePrm3', 'T'),
(1669, 'lblePrm4', '@', 0, 'N', 'N', ' الجزء الفرعي', 'Y', 'rfAccRep2', 'Label', 'Accounting', 0, 'lblePrm4', 'T'),
(1670, 'lblePrm1', '@', 0, 'Y', 'N', '(لذمم (4 ', 'Y', 'rfAccRep2', 'Label', 'Accounting', 0, 'lblePrm1', 'T'),
(1671, 'cmdPrintd', '@', 0, 'Y', 'N', 'كشـف', 'Y', 'mdPOSBills', 'Command', 'Inventory', 0, NULL, 'T'),
(1672, 'cmdPrintW', '@', 0, 'Y', 'N', 'ط&باعة', 'Y', 'mdPOSBills', 'Command', 'Inventory', 0, NULL, 'T'),
(1673, 'txtBOXNO', '@', 0, 'Y', 'N', 'ط&باعة', 'Y', 'mdPOSBills', 'Text', 'Inventory', 0, NULL, 'T'),
(1674, 'lblBOXNO', '@', 0, 'N', 'N', 'رقم الصندوق', 'Y', 'mdPOSBills', 'Label', 'Inventory', 0, NULL, 'T'),
(1675, 'txtOTHR', '@', 20, 'N', 'N', 'mdMoveItems', 'Y', 'mdMoveItems', 'Text', 'Inventory', 20, 'txtOTHR', 'T'),
(1676, 'txtLDNG', '@', 20, 'N', 'N', 'mdMoveItems', 'Y', 'mdMoveItems', 'Text', 'Inventory', 20, 'txtLDNG', 'T'),
(1677, 'txtCNT', '@', 20, 'N', 'N', 'mdMoveItems', 'Y', 'mdMoveItems', 'Text', 'Inventory', 20, 'txtCNT', 'T'),
(1678, 'txtMPRC', '@', 20, 'N', 'N', 'mdMoveItems', 'Y', 'mdMoveItems', 'Text', 'Inventory', 20, 'txtMPRC', 'T'),
(1679, 'lblOTHR', '@', 0, 'N', 'N', ' أجور نقل', 'Y', 'mdMoveItems', 'Label', 'Inventory', 0, 'lblOTHR', 'T'),
(1680, 'lblLDNG', '@', 0, 'N', 'N', 'اجور تحميل', 'Y', 'mdMoveItems', 'Label', 'Inventory', 0, 'lblLDNG', 'T'),
(1681, 'lblCNT', '@', 0, 'N', 'N', 'العدد', 'Y', 'mdMoveItems', 'Label', 'Inventory', 0, 'lblCNT', 'T'),
(1682, 'lblMPRC', '@', 0, 'N', 'N', 'سعر السوق', 'Y', 'mdMoveItems', 'Label', 'Inventory', 0, 'lblMPRC', 'T'),
(1683, 'CUST1', '0.000', 23, 'N', 'Y', 'سعر السوق', 'Y', 'mdMoveItems', 'GrdCol', 'Inventory', 1005, 'CUST1', 'T'),
(1684, 'CUST2', '0.000', 23, 'N', 'Y', 'عدد الطيور', 'Y', 'mdMoveItems', 'GrdCol', 'Inventory', 1005, 'CUST2', 'T'),
(1685, 'CUST3', '0.000', 23, 'N', 'Y', 'CUST3', 'Y', 'mdMoveItems', 'GrdCol', 'Inventory', 1005, 'CUST3', 'T'),
(1686, 'lblMesgs', '@', 0, 'Y', 'N', '', 'Y', 'mdMoveItems', 'Label', 'Inventory', 0, 'lblMesgs', 'T'),
(1687, 'txtDateFrm', '@', 10, 'Y', 'N', 'rfGenMaintReports', 'Y', 'rfAccRep5', 'Text', 'Accounting', 10, 'txtDateFrm', 'T'),
(1688, 'txtPrm5', '@', 8, 'Y', 'N', 'rfGenMaintReports', 'Y', 'rfAccRep5', 'Text', 'Accounting', 8, 'txtPrm5', 'T'),
(1689, 'txtPrm2', '@', 8, 'Y', 'N', 'rfGenMaintReports', 'Y', 'rfAccRep5', 'Text', 'Accounting', 8, 'txtPrm2', 'T'),
(1690, 'txtPrm3', '@', 8, 'Y', 'N', 'rfGenMaintReports', 'Y', 'rfAccRep5', 'Text', 'Accounting', 8, 'txtPrm3', 'T'),
(1691, 'txtPrm4', '@', 8, 'Y', 'N', 'rfGenMaintReports', 'Y', 'rfAccRep5', 'Text', 'Accounting', 8, 'txtPrm4', 'T'),
(1692, 'txtPrm1', '@', 8, 'N', 'N', 'rfGenMaintReports', 'Y', 'rfAccRep5', 'Text', 'Accounting', 8, 'txtPrm1', 'T'),
(1693, 'txtDateTo', '@', 10, 'Y', 'N', 'rfGenMaintReports', 'Y', 'rfAccRep5', 'Text', 'Accounting', 10, 'txtDateTo', 'T'),
(1694, 'cmdFinPrm5', '@', 0, 'N', 'N', '؟', 'Y', 'rfAccRep5', 'Command', 'Accounting', 0, 'cmdFinPrm5', 'T'),
(1695, 'txtPrmDsc5', '@', 40, 'N', 'N', 'rfGenMaintReports', 'Y', 'rfAccRep5', 'Text', 'Accounting', 40, 'txtPrmDsc5', 'T'),
(1696, 'txtPrmDsc2', '@', 40, 'Y', 'N', 'rfGenMaintReports', 'Y', 'rfAccRep5', 'Text', 'Accounting', 40, 'txtPrmDsc2', 'T'),
(1697, 'cmdFinPrm2', '@', 0, 'Y', 'N', '؟', 'Y', 'rfAccRep5', 'Command', 'Accounting', 0, 'cmdFinPrm2', 'T'),
(1698, 'cmdFinPrm3', '@', 0, 'Y', 'N', '؟', 'Y', 'rfAccRep5', 'Command', 'Accounting', 0, 'cmdFinPrm3', 'T'),
(1699, 'txtPrmDsc3', '@', 40, 'Y', 'N', 'rfGenMaintReports', 'Y', 'rfAccRep5', 'Text', 'Accounting', 40, 'txtPrmDsc3', 'T'),
(1700, 'cmdFinPrm4', '@', 0, 'N', 'N', '؟', 'Y', 'rfAccRep5', 'Command', 'Accounting', 0, 'cmdFinPrm4', 'T'),
(1701, 'txtPrmDsc4', '@', 40, 'N', 'N', 'rfGenMaintReports', 'Y', 'rfAccRep5', 'Text', 'Accounting', 40, 'txtPrmDsc4', 'T'),
(1702, 'cmdFinPrm1', '@', 0, 'N', 'N', '؟', 'Y', 'rfAccRep5', 'Command', 'Accounting', 0, 'cmdFinPrm1', 'T'),
(1703, 'txtPrmDsc1', '@', 40, 'N', 'N', 'rfGenMaintReports', 'Y', 'rfAccRep5', 'Text', 'Accounting', 40, 'txtPrmDsc1', 'T'),
(1704, 'cmdEditFormProps', '@', 0, 'Y', 'N', '-------------', 'Y', 'rfAccRep5', 'Command', 'Accounting', 0, 'cmdEditFormProps', 'T'),
(1705, 'cmdView', '@', 0, 'Y', 'N', 'م&عاينة', 'Y', 'rfAccRep5', 'Command', 'Accounting', 0, 'cmdView', 'T'),
(1706, 'cmdClose', '@', 0, 'Y', 'N', 'إغلا&ق', 'Y', 'rfAccRep5', 'Command', 'Accounting', 0, 'cmdClose', 'T'),
(1707, 'dpDateFrm', '@', 0, 'Y', 'N', 'rfGenMaintReports', 'Y', 'rfAccRep5', 'dtPicker', 'Accounting', 0, 'dpDateFrm', 'T'),
(1708, 'dpDateTo', '@', 0, 'Y', 'N', 'rfGenMaintReports', 'Y', 'rfAccRep5', 'dtPicker', 'Accounting', 0, 'dpDateTo', 'T'),
(1709, 'lblDateTo', '@', 0, 'Y', 'N', 'لتاريخ', 'Y', 'rfAccRep5', 'Label', 'Accounting', 0, 'lblDateTo', 'T'),
(1710, 'lblDateFrm', '@', 0, 'Y', 'N', 'من تاريخ', 'Y', 'rfAccRep5', 'Label', 'Accounting', 0, 'lblDateFrm', 'T'),
(1711, 'lblePrm5', '@', 0, 'Y', 'N', 'مدين/دائن', 'Y', 'rfAccRep5', 'Label', 'Accounting', 0, 'lblePrm5', 'T'),
(1712, 'lblePrm2', '@', 0, 'Y', 'N', 'للحسابات', 'Y', 'rfAccRep5', 'Label', 'Accounting', 0, 'lblePrm2', 'T'),
(1713, 'lblePrm3', '@', 0, 'Y', 'N', 'للمجموعة', 'Y', 'rfAccRep5', 'Label', 'Accounting', 0, 'lblePrm3', 'T'),
(1714, 'lblePrm4', '@', 0, 'Y', 'N', 'عدد السنوات', 'Y', 'rfAccRep5', 'Label', 'Accounting', 0, 'lblePrm4', 'T'),
(1715, 'lblePrm1', '@', 0, 'N', 'N', ' نوع الآلية', 'Y', 'rfAccRep5', 'Label', 'Accounting', 0, 'lblePrm1', 'T'),
(1716, 'lblMesgs', '@', 0, 'N', 'N', '', 'Y', 'rfAccRep5', 'Label', 'Accounting', 0, 'lblMesgs', 'T'),
(1717, 'QTY CNT', '0.0000', 23, 'N', 'N', 'QTY CNT', 'Y', 'mdAssembleItems', 'GrdCol', 'Inventory', 1214, 'QTY CNT', 'T'),
(1718, 'Cust1', '0.0000', 23, 'N', 'Y', 'تالف معباء', 'Y', 'mdAssembleItems', 'GrdCol', 'Inventory', 1214, 'Cust1', 'T'),
(1719, 'CUST2', '0.0000', 23, 'N', 'Y', 'تالف فارغ', 'Y', 'mdAssembleItems', 'GrdCol', 'Inventory', 1214, 'CUST2', 'T'),
(1720, 'CUST3', '0.0000', 23, 'N', 'Y', 'CUST3', 'Y', 'mdAssembleItems', 'GrdCol', 'Inventory', 1214, 'CUST3', 'T'),
(1721, 'BATCHNO', '@', 12, 'N', 'Y', 'رقم الخلطة', 'Y', 'mdAssembleItems', 'GrdCol', 'Inventory', 1500, 'BATCHNO', 'T'),
(1722, 'BATCHDT', 'yyyy/mm/dd', 19, 'N', 'Y', 'الصلاحية', 'Y', 'mdAssembleItems', 'GrdCol', 'Inventory', 1500, 'BATCHDT', 'T'),
(1723, 'BATCHID', '@', 11, 'N', 'Y', 'BATCHID', 'Y', 'mdAssembleItems', 'GrdCol', 'Inventory', 794, 'BATCHID', 'T'),
(1784, 'txtDateFrm', '@', 10, 'Y', 'N', 'rfGenMaintReports', 'Y', 'rfAccRep6', 'Text', 'Accounting', 10, 'txtDateFrm', 'T'),
(1785, 'txtPrm5', '@', 8, 'N', 'N', 'rfGenMaintReports', 'Y', 'rfAccRep6', 'Text', 'Accounting', 8, 'txtPrm5', 'T'),
(1786, 'txtPrm2', '@', 8, 'N', 'N', 'rfGenMaintReports', 'Y', 'rfAccRep6', 'Text', 'Accounting', 8, 'txtPrm2', 'T'),
(1787, 'txtPrm3', '@', 8, 'Y', 'N', 'rfGenMaintReports', 'Y', 'rfAccRep6', 'Text', 'Accounting', 8, 'txtPrm3', 'T'),
(1788, 'txtPrm4', '@', 8, 'N', 'N', 'rfGenMaintReports', 'Y', 'rfAccRep6', 'Text', 'Accounting', 8, 'txtPrm4', 'T'),
(1789, 'txtPrm1', '@', 8, 'N', 'N', 'rfGenMaintReports', 'Y', 'rfAccRep6', 'Text', 'Accounting', 8, 'txtPrm1', 'T'),
(1790, 'txtDateTo', '@', 10, 'Y', 'N', 'rfGenMaintReports', 'Y', 'rfAccRep6', 'Text', 'Accounting', 10, 'txtDateTo', 'T'),
(1791, 'cmdFinPrm5', '@', 0, 'N', 'N', '؟', 'Y', 'rfAccRep6', 'Command', 'Accounting', 0, 'cmdFinPrm5', 'T'),
(1792, 'txtPrmDsc5', '@', 40, 'N', 'N', 'rfGenMaintReports', 'Y', 'rfAccRep6', 'Text', 'Accounting', 40, 'txtPrmDsc5', 'T'),
(1793, 'txtPrmDsc2', '@', 40, 'N', 'N', 'rfGenMaintReports', 'Y', 'rfAccRep6', 'Text', 'Accounting', 40, 'txtPrmDsc2', 'T'),
(1794, 'cmdFinPrm2', '@', 0, 'N', 'N', '؟', 'Y', 'rfAccRep6', 'Command', 'Accounting', 0, 'cmdFinPrm2', 'T'),
(1795, 'cmdFinPrm3', '@', 0, 'Y', 'N', '؟', 'Y', 'rfAccRep6', 'Command', 'Accounting', 0, 'cmdFinPrm3', 'T'),
(1796, 'txtPrmDsc3', '@', 40, 'Y', 'N', 'rfGenMaintReports', 'Y', 'rfAccRep6', 'Text', 'Accounting', 40, 'txtPrmDsc3', 'T'),
(1797, 'cmdFinPrm4', '@', 0, 'N', 'N', '؟', 'Y', 'rfAccRep6', 'Command', 'Accounting', 0, 'cmdFinPrm4', 'T'),
(1798, 'txtPrmDsc4', '@', 40, 'N', 'N', 'rfGenMaintReports', 'Y', 'rfAccRep6', 'Text', 'Accounting', 40, 'txtPrmDsc4', 'T'),
(1799, 'cmdFinPrm1', '@', 0, 'N', 'N', '؟', 'Y', 'rfAccRep6', 'Command', 'Accounting', 0, 'cmdFinPrm1', 'T'),
(1800, 'txtPrmDsc1', '@', 40, 'N', 'N', 'rfGenMaintReports', 'Y', 'rfAccRep6', 'Text', 'Accounting', 40, 'txtPrmDsc1', 'T'),
(1801, 'cmdEditFormProps', '@', 0, 'Y', 'N', '-------------', 'Y', 'rfAccRep6', 'Command', 'Accounting', 0, 'cmdEditFormProps', 'T'),
(1802, 'cmdView', '@', 0, 'Y', 'N', 'م&عاينة', 'Y', 'rfAccRep6', 'Command', 'Accounting', 0, 'cmdView', 'T'),
(1803, 'cmdClose', '@', 0, 'Y', 'N', 'إغلا&ق', 'Y', 'rfAccRep6', 'Command', 'Accounting', 0, 'cmdClose', 'T'),
(1804, 'dpDateFrm', '@', 0, 'Y', 'N', 'rfGenMaintReports', 'Y', 'rfAccRep6', 'dtPicker', 'Accounting', 0, 'dpDateFrm', 'T'),
(1805, 'dpDateTo', '@', 0, 'Y', 'N', 'rfGenMaintReports', 'Y', 'rfAccRep6', 'dtPicker', 'Accounting', 0, 'dpDateTo', 'T'),
(1806, 'lblDateTo', '@', 0, 'Y', 'N', 'لتاريخ', 'Y', 'rfAccRep6', 'Label', 'Accounting', 0, 'lblDateTo', 'T'),
(1807, 'lblDateFrm', '@', 0, 'Y', 'N', 'من تاريخ', 'Y', 'rfAccRep6', 'Label', 'Accounting', 0, 'lblDateFrm', 'T'),
(1808, 'lblePrm5', '@', 0, 'N', 'N', 'مدين/دائن', 'Y', 'rfAccRep6', 'Label', 'Accounting', 0, 'lblePrm5', 'T'),
(1809, 'lblePrm2', '@', 0, 'N', 'N', 'للحسابات', 'Y', 'rfAccRep6', 'Label', 'Accounting', 0, 'lblePrm2', 'T'),
(1810, 'lblePrm3', '@', 0, 'Y', 'N', 'المندوب', 'Y', 'rfAccRep6', 'Label', 'Accounting', 0, 'lblePrm3', 'T'),
(1811, 'lblePrm4', '@', 0, 'N', 'N', 'عدد السنوات', 'Y', 'rfAccRep6', 'Label', 'Accounting', 0, 'lblePrm4', 'T'),
(1812, 'lblePrm1', '@', 0, 'N', 'N', ' المندوب', 'Y', 'rfAccRep6', 'Label', 'Accounting', 0, 'lblePrm1', 'T'),
(1813, 'lblMesgs', '@', 0, 'N', 'N', '', 'Y', 'rfAccRep6', 'Label', 'Accounting', 0, 'lblMesgs', 'T'),
(1814, 'txtDateFrm', '@', 10, 'Y', 'N', 'rfGenMaintReports', 'Y', 'rfMaintRep4', 'Text', 'Inventory', 10, 'txtDateFrm', 'T'),
(1815, 'txtPrm5', '@', 8, 'N', 'N', 'rfGenMaintReports', 'Y', 'rfMaintRep4', 'Text', 'Inventory', 8, 'txtPrm5', 'T'),
(1816, 'txtPrm2', '@', 8, 'Y', 'N', 'rfGenMaintReports', 'Y', 'rfMaintRep4', 'Text', 'Inventory', 8, 'txtPrm2', 'T'),
(1817, 'txtPrm3', '@', 8, 'Y', 'N', 'rfGenMaintReports', 'Y', 'rfMaintRep4', 'Text', 'Inventory', 8, 'txtPrm3', 'T'),
(1818, 'txtPrm4', '@', 8, 'Y', 'N', 'rfGenMaintReports', 'Y', 'rfMaintRep4', 'Text', 'Inventory', 8, 'txtPrm4', 'T'),
(1819, 'txtPrm1', '@', 8, 'Y', 'N', 'rfGenMaintReports', 'Y', 'rfMaintRep4', 'Text', 'Inventory', 8, 'txtPrm1', 'T'),
(1820, 'txtDateTo', '@', 10, 'Y', 'N', 'rfGenMaintReports', 'Y', 'rfMaintRep4', 'Text', 'Inventory', 10, 'txtDateTo', 'T'),
(1821, 'cmdFinPrm5', '@', 0, 'N', 'N', '؟', 'Y', 'rfMaintRep4', 'Command', 'Inventory', 0, 'cmdFinPrm5', 'T'),
(1822, 'txtPrmDsc5', '@', 40, 'N', 'N', 'rfGenMaintReports', 'Y', 'rfMaintRep4', 'Text', 'Inventory', 40, 'txtPrmDsc5', 'T'),
(1823, 'txtPrmDsc2', '@', 40, 'Y', 'N', 'rfGenMaintReports', 'Y', 'rfMaintRep4', 'Text', 'Inventory', 40, 'txtPrmDsc2', 'T'),
(1824, 'cmdFinPrm2', '@', 0, 'Y', 'N', '؟', 'Y', 'rfMaintRep4', 'Command', 'Inventory', 0, 'cmdFinPrm2', 'T'),
(1825, 'cmdFinPrm3', '@', 0, 'Y', 'N', '؟', 'Y', 'rfMaintRep4', 'Command', 'Inventory', 0, 'cmdFinPrm3', 'T'),
(1826, 'txtPrmDsc3', '@', 40, 'Y', 'N', 'rfGenMaintReports', 'Y', 'rfMaintRep4', 'Text', 'Inventory', 40, 'txtPrmDsc3', 'T'),
(1827, 'cmdFinPrm4', '@', 0, 'Y', 'N', '؟', 'Y', 'rfMaintRep4', 'Command', 'Inventory', 0, 'cmdFinPrm4', 'T'),
(1828, 'txtPrmDsc4', '@', 40, 'Y', 'N', 'rfGenMaintReports', 'Y', 'rfMaintRep4', 'Text', 'Inventory', 40, 'txtPrmDsc4', 'T'),
(1829, 'cmdFinPrm1', '@', 0, 'Y', 'N', '؟', 'Y', 'rfMaintRep4', 'Command', 'Inventory', 0, 'cmdFinPrm1', 'T'),
(1830, 'txtPrmDsc1', '@', 40, 'Y', 'N', 'rfGenMaintReports', 'Y', 'rfMaintRep4', 'Text', 'Inventory', 40, 'txtPrmDsc1', 'T'),
(1831, 'cmdEditFormProps', '@', 0, 'Y', 'N', '-------------', 'Y', 'rfMaintRep4', 'Command', 'Inventory', 0, 'cmdEditFormProps', 'T'),
(1832, 'cmdView', '@', 0, 'Y', 'N', 'م&عاينة', 'Y', 'rfMaintRep4', 'Command', 'Inventory', 0, 'cmdView', 'T'),
(1833, 'cmdClose', '@', 0, 'Y', 'N', 'إغلا&ق', 'Y', 'rfMaintRep4', 'Command', 'Inventory', 0, 'cmdClose', 'T'),
(1834, 'dpDateFrm', '@', 0, 'Y', 'N', 'rfGenMaintReports', 'Y', 'rfMaintRep4', 'dtPicker', 'Inventory', 0, 'dpDateFrm', 'T'),
(1835, 'dpDateTo', '@', 0, 'Y', 'N', 'rfGenMaintReports', 'Y', 'rfMaintRep4', 'dtPicker', 'Inventory', 0, 'dpDateTo', 'T'),
(1836, 'lblDateTo', '@', 0, 'Y', 'N', 'لتاريخ', 'Y', 'rfMaintRep4', 'Label', 'Inventory', 0, 'lblDateTo', 'T'),
(1837, 'lblDateFrm', '@', 0, 'Y', 'N', 'من تاريخ', 'Y', 'rfMaintRep4', 'Label', 'Inventory', 0, 'lblDateFrm', 'T'),
(1838, 'lblePrm5', '@', 0, 'N', 'N', 'العميل 4', 'Y', 'rfMaintRep4', 'Label', 'Inventory', 0, 'lblePrm5', 'T'),
(1839, 'lblePrm2', '@', 0, 'Y', 'N', 'المنطقة', 'Y', 'rfMaintRep4', 'Label', 'Inventory', 0, 'lblePrm2', 'T'),
(1840, 'lblePrm3', '@', 0, 'Y', 'N', 'العميل ', 'Y', 'rfMaintRep4', 'Label', 'Inventory', 0, 'lblePrm3', 'T'),
(1841, 'lblePrm4', '@', 0, 'Y', 'N', 'الصنـف', 'Y', 'rfMaintRep4', 'Label', 'Inventory', 0, 'lblePrm4', 'T'),
(1842, 'lblePrm1', '@', 0, 'Y', 'N', 'المندوب', 'Y', 'rfMaintRep4', 'Label', 'Inventory', 0, 'lblePrm1', 'T'),
(1843, 'lblMesgs', '@', 0, 'N', 'N', '', 'Y', 'rfMaintRep4', 'Label', 'Inventory', 0, 'lblMesgs', 'T'),
(1844, 'txtDateFrm', '@', 10, 'Y', 'N', 'rfGenMaintReports', 'Y', 'rfMaintRep5', 'Text', 'Inventory', 10, 'txtDateFrm', 'T'),
(1845, 'txtPrm5', '@', 8, 'N', 'N', 'rfGenMaintReports', 'Y', 'rfMaintRep5', 'Text', 'Inventory', 8, 'txtPrm5', 'T'),
(1846, 'txtPrm2', '@', 8, 'Y', 'N', 'rfGenMaintReports', 'Y', 'rfMaintRep5', 'Text', 'Inventory', 8, 'txtPrm2', 'T'),
(1847, 'txtPrm3', '@', 8, 'Y', 'N', 'rfGenMaintReports', 'Y', 'rfMaintRep5', 'Text', 'Inventory', 8, 'txtPrm3', 'T'),
(1848, 'txtPrm4', '@', 8, 'Y', 'N', 'rfGenMaintReports', 'Y', 'rfMaintRep5', 'Text', 'Inventory', 8, 'txtPrm4', 'T'),
(1849, 'txtPrm1', '@', 8, 'Y', 'N', 'rfGenMaintReports', 'Y', 'rfMaintRep5', 'Text', 'Inventory', 8, 'txtPrm1', 'T'),
(1850, 'txtDateTo', '@', 10, 'Y', 'N', 'rfGenMaintReports', 'Y', 'rfMaintRep5', 'Text', 'Inventory', 10, 'txtDateTo', 'T'),
(1851, 'cmdFinPrm5', '@', 0, 'N', 'N', '؟', 'Y', 'rfMaintRep5', 'Command', 'Inventory', 0, 'cmdFinPrm5', 'T'),
(1852, 'txtPrmDsc5', '@', 40, 'N', 'N', 'rfGenMaintReports', 'Y', 'rfMaintRep5', 'Text', 'Inventory', 40, 'txtPrmDsc5', 'T'),
(1853, 'txtPrmDsc2', '@', 40, 'Y', 'N', 'rfGenMaintReports', 'Y', 'rfMaintRep5', 'Text', 'Inventory', 40, 'txtPrmDsc2', 'T'),
(1854, 'cmdFinPrm2', '@', 0, 'Y', 'N', '؟', 'Y', 'rfMaintRep5', 'Command', 'Inventory', 0, 'cmdFinPrm2', 'T'),
(1855, 'cmdFinPrm3', '@', 0, 'Y', 'N', '؟', 'Y', 'rfMaintRep5', 'Command', 'Inventory', 0, 'cmdFinPrm3', 'T'),
(1856, 'txtPrmDsc3', '@', 40, 'Y', 'N', 'rfGenMaintReports', 'Y', 'rfMaintRep5', 'Text', 'Inventory', 40, 'txtPrmDsc3', 'T'),
(1857, 'cmdFinPrm4', '@', 0, 'Y', 'N', '؟', 'Y', 'rfMaintRep5', 'Command', 'Inventory', 0, 'cmdFinPrm4', 'T'),
(1858, 'txtPrmDsc4', '@', 40, 'Y', 'N', 'rfGenMaintReports', 'Y', 'rfMaintRep5', 'Text', 'Inventory', 40, 'txtPrmDsc4', 'T'),
(1859, 'cmdFinPrm1', '@', 0, 'Y', 'N', '؟', 'Y', 'rfMaintRep5', 'Command', 'Inventory', 0, 'cmdFinPrm1', 'T'),
(1860, 'txtPrmDsc1', '@', 40, 'Y', 'N', 'rfGenMaintReports', 'Y', 'rfMaintRep5', 'Text', 'Inventory', 40, 'txtPrmDsc1', 'T'),
(1861, 'cmdEditFormProps', '@', 0, 'Y', 'N', '-------------', 'Y', 'rfMaintRep5', 'Command', 'Inventory', 0, 'cmdEditFormProps', 'T'),
(1862, 'cmdView', '@', 0, 'Y', 'N', 'م&عاينة', 'Y', 'rfMaintRep5', 'Command', 'Inventory', 0, 'cmdView', 'T'),
(1863, 'cmdClose', '@', 0, 'Y', 'N', 'إغلا&ق', 'Y', 'rfMaintRep5', 'Command', 'Inventory', 0, 'cmdClose', 'T'),
(1864, 'dpDateFrm', '@', 0, 'Y', 'N', 'rfGenMaintReports', 'Y', 'rfMaintRep5', 'dtPicker', 'Inventory', 0, 'dpDateFrm', 'T'),
(1865, 'dpDateTo', '@', 0, 'Y', 'N', 'rfGenMaintReports', 'Y', 'rfMaintRep5', 'dtPicker', 'Inventory', 0, 'dpDateTo', 'T'),
(1866, 'lblDateTo', '@', 0, 'Y', 'N', 'لتاريخ', 'Y', 'rfMaintRep5', 'Label', 'Inventory', 0, 'lblDateTo', 'T'),
(1867, 'lblDateFrm', '@', 0, 'Y', 'N', 'من تاريخ', 'Y', 'rfMaintRep5', 'Label', 'Inventory', 0, 'lblDateFrm', 'T'),
(1868, 'lblePrm5', '@', 0, 'N', 'N', 'العميل 4', 'Y', 'rfMaintRep5', 'Label', 'Inventory', 0, 'lblePrm5', 'T'),
(1869, 'lblePrm2', '@', 0, 'Y', 'N', 'المنطقة', 'Y', 'rfMaintRep5', 'Label', 'Inventory', 0, 'lblePrm2', 'T'),
(1870, 'lblePrm3', '@', 0, 'Y', 'N', 'العميل ', 'Y', 'rfMaintRep5', 'Label', 'Inventory', 0, 'lblePrm3', 'T'),
(1871, 'lblePrm4', '@', 0, 'Y', 'N', 'الصنـف', 'Y', 'rfMaintRep5', 'Label', 'Inventory', 0, 'lblePrm4', 'T'),
(1872, 'lblePrm1', '@', 0, 'Y', 'N', 'المندوب', 'Y', 'rfMaintRep5', 'Label', 'Inventory', 0, 'lblePrm1', 'T'),
(1873, 'lblMesgs', '@', 0, 'N', 'N', '', 'Y', 'rfMaintRep5', 'Label', 'Inventory', 0, 'lblMesgs', 'T'),
(1904, 'txtManVchrNo', '@', 10, 'Y', 'N', 'mdPayCheque', 'Y', 'mdPayCheque', 'Text', 'Accounting', 10, 'txtManVchrNo', 'T'),
(1905, 'txtCCRequired2', '@', 0, 'Y', 'N', 'mdPayCheque', 'Y', 'mdPayCheque', 'Text', 'Accounting', 0, 'txtCCRequired2', 'T'),
(1906, 'txtCCRequired', '@', 0, 'Y', 'N', 'mdPayCheque', 'Y', 'mdPayCheque', 'Text', 'Accounting', 0, 'txtCCRequired', 'T'),
(1907, 'lblManVchrNo', '@', 0, 'Y', 'N', 'سند فرعي', 'Y', 'mdPayCheque', 'Label', 'Accounting', 0, 'lblManVchrNo', 'T'),
(1908, 'txtDateFrm', '@', 10, 'Y', 'N', 'rfGenMaintReports', 'Y', 'rfAccRep10', 'Text', 'Accounting', 10, 'txtDateFrm', 'T'),
(1909, 'txtPrm5', '@', 8, 'N', 'N', 'rfGenMaintReports', 'Y', 'rfAccRep10', 'Text', 'Accounting', 8, 'txtPrm5', 'T'),
(1910, 'txtPrm2', '@', 8, 'Y', 'N', 'rfGenMaintReports', 'Y', 'rfAccRep10', 'Text', 'Accounting', 8, 'txtPrm2', 'T'),
(1911, 'txtPrm3', '@', 8, 'Y', 'N', 'rfGenMaintReports', 'Y', 'rfAccRep10', 'Text', 'Accounting', 8, 'txtPrm3', 'T'),
(1912, 'txtPrm4', '@', 8, 'N', 'N', 'rfGenMaintReports', 'Y', 'rfAccRep10', 'Text', 'Accounting', 8, 'txtPrm4', 'T'),
(1913, 'txtPrm1', '@', 8, 'Y', 'N', 'rfGenMaintReports', 'Y', 'rfAccRep10', 'Text', 'Accounting', 8, 'txtPrm1', 'T'),
(1914, 'txtDateTo', '@', 10, 'Y', 'N', 'rfGenMaintReports', 'Y', 'rfAccRep10', 'Text', 'Accounting', 10, 'txtDateTo', 'T'),
(1915, 'cmdFinPrm5', '@', 0, 'N', 'N', '؟', 'Y', 'rfAccRep10', 'Command', 'Accounting', 0, 'cmdFinPrm5', 'T'),
(1916, 'txtPrmDsc5', '@', 40, 'N', 'N', 'rfGenMaintReports', 'Y', 'rfAccRep10', 'Text', 'Accounting', 40, 'txtPrmDsc5', 'T'),
(1917, 'txtPrmDsc2', '@', 40, 'N', 'N', 'rfGenMaintReports', 'Y', 'rfAccRep10', 'Text', 'Accounting', 40, 'txtPrmDsc2', 'T'),
(1918, 'cmdFinPrm2', '@', 0, 'N', 'N', '؟', 'Y', 'rfAccRep10', 'Command', 'Accounting', 0, 'cmdFinPrm2', 'T'),
(1919, 'cmdFinPrm3', '@', 0, 'N', 'N', '؟', 'Y', 'rfAccRep10', 'Command', 'Accounting', 0, 'cmdFinPrm3', 'T'),
(1920, 'txtPrmDsc3', '@', 40, 'N', 'N', 'rfGenMaintReports', 'Y', 'rfAccRep10', 'Text', 'Accounting', 40, 'txtPrmDsc3', 'T'),
(1921, 'cmdFinPrm4', '@', 0, 'N', 'N', '؟', 'Y', 'rfAccRep10', 'Command', 'Accounting', 0, 'cmdFinPrm4', 'T'),
(1922, 'txtPrmDsc4', '@', 40, 'N', 'N', 'rfGenMaintReports', 'Y', 'rfAccRep10', 'Text', 'Accounting', 40, 'txtPrmDsc4', 'T'),
(1923, 'cmdFinPrm1', '@', 0, 'Y', 'N', '؟', 'Y', 'rfAccRep10', 'Command', 'Accounting', 0, 'cmdFinPrm1', 'T'),
(1924, 'txtPrmDsc1', '@', 40, 'Y', 'N', 'rfGenMaintReports', 'Y', 'rfAccRep10', 'Text', 'Accounting', 40, 'txtPrmDsc1', 'T'),
(1925, 'cmdEditFormProps', '@', 0, 'Y', 'N', '-------------', 'Y', 'rfAccRep10', 'Command', 'Accounting', 0, 'cmdEditFormProps', 'T'),
(1926, 'cmdView', '@', 0, 'Y', 'N', 'تعديـــل', 'Y', 'rfAccRep10', 'Command', 'Accounting', 0, 'cmdView', 'T'),
(1927, 'cmdClose', '@', 0, 'Y', 'N', 'إغلا&ق', 'Y', 'rfAccRep10', 'Command', 'Accounting', 0, 'cmdClose', 'T'),
(1928, 'dpDateFrm', '@', 0, 'Y', 'N', 'rfGenMaintReports', 'Y', 'rfAccRep10', 'dtPicker', 'Accounting', 0, 'dpDateFrm', 'T'),
(1929, 'dpDateTo', '@', 0, 'Y', 'N', 'rfGenMaintReports', 'Y', 'rfAccRep10', 'dtPicker', 'Accounting', 0, 'dpDateTo', 'T'),
(1930, 'lblDateTo', '@', 0, 'Y', 'N', 'لتاريخ', 'Y', 'rfAccRep10', 'Label', 'Accounting', 0, 'lblDateTo', 'T'),
(1931, 'lblDateFrm', '@', 0, 'Y', 'N', 'تاريخ الشيك', 'Y', 'rfAccRep10', 'Label', 'Accounting', 0, 'lblDateFrm', 'T'),
(1932, 'lblePrm5', '@', 0, 'N', 'N', '1قبض/2فاتورة', 'Y', 'rfAccRep10', 'Label', 'Accounting', 0, 'lblePrm5', 'T'),
(1933, 'lblePrm2', '@', 0, 'Y', 'N', 'رقم الشيك', 'Y', 'rfAccRep10', 'Label', 'Accounting', 0, 'lblePrm2', 'T'),
(1934, 'lblePrm3', '@', 0, 'Y', 'N', 'قيمة الشيك', 'Y', 'rfAccRep10', 'Label', 'Accounting', 0, 'lblePrm3', 'T'),
(1935, 'lblePrm4', '@', 0, 'N', 'N', 'عدد الايام', 'Y', 'rfAccRep10', 'Label', 'Accounting', 0, 'lblePrm4', 'T'),
(1936, 'lblePrm1', '@', 0, 'Y', 'N', ' حساب العميل', 'Y', 'rfAccRep10', 'Label', 'Accounting', 0, 'lblePrm1', 'T'),
(1937, 'lblMesgs', '@', 0, 'N', 'N', '', 'Y', 'rfAccRep10', 'Label', 'Accounting', 0, 'lblMesgs', 'T'),
(1938, 'OFFER_DET_ID', '@', 11, 'N', 'N', 'OFFER_DET_ID', 'Y', 'SALESINV', 'GrdCol', 'Inventory', 1005, 'OFFER_DET_ID', 'T'),
(1939, 'OFFER_SLC_NO', '@', 11, 'N', 'N', 'OFFER_SLC_NO', 'Y', 'SALESINV', 'GrdCol', 'Inventory', 1005, 'OFFER_SLC_NO', 'T'),
(12342, 'cmdFindCC', '@', 1, 'Y', 'Y', '؟', 'Y', 'sfFinUserVals', 'CommandButton', 'ACCOUNTING', 1, '', 'T'),
(12343, 'txtQtyOut', '@', 0, 'Y', 'Y', 'sfBatchInfo', 'N', 'sfBatchInfo', 'Text', 'Inventory', 0, 'txtQtyOut', 'T'),
(12344, 'QTY', '0.000', 23, 'Y', 'Y', 'الكمية', 'Y', 'OFFERS', 'GrdCol', 'INVENTORY', 15, 'Qty', 'T'),
(12345, 'VATPrice', '0.000', 23, 'N', 'Y', 'السعــــر', 'Y', 'OFFERS', 'GrdCol', 'INVENTORY', 15, 'T. Price', 'T'),
(12346, 'Price', '0.0000', 23, 'Y', 'Y', 'السعر', 'Y', 'OFFERS', 'GrdCol', 'INVENTORY', 15, 'Price', 'T'),
(12347, 'ItemDiscount', '0.0000', 14, 'Y', 'Y', 'خصم%', 'Y', 'OFFERS', 'GrdCol', 'INVENTORY', 15, 'Disc %', 'T'),
(12348, 'Total', '0.000', 23, 'Y', 'Y', 'المجموع', 'Y', 'OFFERS', 'GrdCol', 'INVENTORY', 15, 'Total', 'T'),
(12349, 'STORE_ID', '@', 15, 'N', 'Y', 'STORE_ID', 'N', 'OFFERS', 'GrdCol', 'INVENTORY', 15, '', 'T'),
(12350, 'Status', '@', 15, 'N', 'Y', 'Status', 'N', 'OFFERS', 'GrdCol', 'INVENTORY', 15, '', 'T'),
(12351, 'MOVE_DATE', '@', 19, 'N', 'Y', 'MOVE_DATE', 'N', 'OFFERS', 'GrdCol', 'INVENTORY', 15, '', 'T'),
(12352, 'MOVE_TYPE', '@', 15, 'N', 'Y', 'MOVE_TYPE', 'N', 'OFFERS', 'GrdCol', 'INVENTORY', 15, '', 'T'),
(12353, 'Tax', '0.0000', 23, 'N', 'Y', 'Tax', 'N', 'OFFERS', 'GrdCol', 'INVENTORY', 15, '', 'T'),
(12354, 'TaxValue', '@', 23, 'N', 'Y', 'TaxValue', 'N', 'OFFERS', 'GrdCol', 'INVENTORY', 15, '', 'T'),
(12355, 'DiscountValue', '0.0000', 23, 'N', 'Y', 'DiscountValue', 'N', 'OFFERS', 'GrdCol', 'INVENTORY', 15, '', 'T'),
(12356, 'Cost', '0.000', 23, 'N', 'Y', 'Cost', 'N', 'OFFERS', 'GrdCol', 'INVENTORY', 15, '', 'T'),
(12357, 'Size4', '0.000000', 23, 'N', 'Y', 'Size4', 'N', 'OFFERS', 'GrdCol', 'INVENTORY', 15, '', 'T'),
(12358, 'NetPrice', '0.0000', 23, 'N', 'Y', 'صافي السعر', 'N', 'OFFERS', 'GrdCol', 'INVENTORY', 15, 'Net Price', 'T'),
(12359, 'DeuTax', '0.000', 23, 'N', 'Y', 'DueTax', 'N', 'OFFERS', 'GrdCol', 'INVENTORY', 15, '', 'T'),
(12360, 'BATCHNO', '@', 40, 'N', 'Y', 'باتش', 'Y', 'OFFERS', 'GrdCol', 'INVENTORY', 40, 'Batch No', 'T'),
(12361, 'BATCHDT', 'yyyy/mm/dd', 40, 'N', 'Y', 'الصلاحية', 'N', 'OFFERS', 'GrdCol', 'INVENTORY', 40, 'Validity', 'T'),
(12362, 'BATCHID', '@', 11, 'N', 'Y', 'BATCHID', 'N', 'OFFERS', 'GrdCol', 'INVENTORY', 40, '', 'T'),
(12363, 'CmdClose', '@', 1, 'Y', 'Y', 'إغلا&ق', 'Y', 'mdIssueItems', 'CommandButton', 'INVENTORY', 1, '&Close', 'T'),
(12364, 'cmdDelete', '@', 1, 'Y', 'Y', 'ح&ذف', 'Y', 'mdIssueItems', 'CommandButton', 'INVENTORY', 1, '&Delete', 'T'),
(12365, 'cmdSave', '@', 1, 'Y', 'Y', '&حفظ', 'Y', 'mdIssueItems', 'CommandButton', 'INVENTORY', 1, '&Save', 'T'),
(12366, 'cmdFindSuppNo', '@', 1, 'Y', 'Y', '؟', 'Y', 'mdIssueItems', 'CommandButton', 'INVENTORY', 1, '?', 'T'),
(12367, 'cmdFindStoreNo', '@', 1, 'Y', 'Y', '؟', 'Y', 'mdIssueItems', 'CommandButton', 'INVENTORY', 1, '?', 'T'),
(12368, 'cmdNew', '@', 1, 'Y', 'Y', '&جديد', 'Y', 'mdIssueItems', 'CommandButton', 'INVENTORY', 1, '&New', 'T'),
(12369, 'Label3', '@', 1, 'Y', 'Y', 'رقم فاتورة المورد', 'Y', 'mdIssueItems', 'Label', 'INVENTORY', 1, 'Supp. Inv. No', 'T'),
(12370, 'LblStoreNo', '@', 1, 'Y', 'Y', 'المستودع', 'Y', 'mdIssueItems', 'Label', 'INVENTORY', 1, 'Store', 'T'),
(12371, 'LblInvoiceNo', '@', 1, 'Y', 'Y', 'رقم السند', 'Y', 'mdIssueItems', 'Label', 'INVENTORY', 1, 'Receipt No', 'T'),
(12372, 'Lbdate', '@', 1, 'Y', 'Y', 'التاريخ', 'Y', 'mdIssueItems', 'Label', 'INVENTORY', 1, 'Date', 'T'),
(12373, 'cmdCancel', '@', 0, 'Y', 'Y', '&إغلاق', 'Y', 'sfPrivliges', 'Command', 'Accounting', 0, 'cmdCancel', 'T'),
(12374, 'lblMesgs', '@', 0, 'Y', 'Y', '', 'Y', 'sfPrivliges', 'Label', 'Accounting', 0, 'lblMesgs', 'T'),
(12375, 'cmdEditFormProps', '@', 0, 'Y', 'Y', '-------------', 'Y', 'frmUsers', 'Command', 'Accounting', 0, 'cmdEditFormProps', 'T'),
(12376, 'frameYears', '@', 0, 'Y', 'Y', 'frameYears', 'Y', 'frmUsers', 'Command', 'Accounting', 0, 'frameYears', 'T'),
(12377, 'chkYears', '@', 0, 'Y', 'Y', '2004', 'Y', 'frmUsers', 'CheckBox', 'Accounting', 0, 'chkYears', 'T'),
(12378, 'Frame1', '@', 0, 'Y', 'Y', 'Frame1', 'Y', 'frmUsers', 'CheckBox', 'Accounting', 0, 'Frame1', 'T'),
(12379, 'chkAccStPeriod', '@', 0, 'Y', 'Y', 'فتح فترة كشف الحساب', 'Y', 'frmUsers', 'CheckBox', 'Accounting', 0, 'chkAccStPeriod', 'T'),
(12380, 'Command1', '@', 0, 'Y', 'Y', 'يمكنه الوصول للحسابات', 'Y', 'frmUsers', 'Command', 'Accounting', 0, 'Command1', 'T'),
(12381, 'cmdDataKeys', '@', 0, 'Y', 'Y', 'مفا&تيح البيانات', 'Y', 'frmUsers', 'Command', 'Accounting', 0, 'cmdDataKeys', 'T'),
(12382, 'cmdDefaultKeys', '@', 0, 'Y', 'Y', 'المفاتيح الإفتراضية', 'Y', 'frmUsers', 'Command', 'Accounting', 0, 'cmdDefaultKeys', 'T'),
(12383, 'chkUpdAcName', '@', 0, 'Y', 'Y', 'تعديل إسم الح&ساب', 'Y', 'frmUsers', 'CheckBox', 'Accounting', 0, 'chkUpdAcName', 'T'),
(12384, 'chkDate', '@', 0, 'Y', 'Y', 'تعديل التاري&خ', 'Y', 'frmUsers', 'CheckBox', 'Accounting', 0, 'chkDate', 'T'),
(12385, 'chkBank', '@', 0, 'Y', 'Y', '', 'Y', 'frmUsers', 'CheckBox', 'Accounting', 0, 'chkBank', 'T'),
(12386, 'txtBankName', '@', 0, 'Y', 'Y', 'txtBankName', 'N', 'frmUsers', 'Text', 'Accounting', 0, 'txtBankName', 'T'),
(12387, 'chkRepNo', '@', 0, 'Y', 'Y', '', 'Y', 'frmUsers', 'CheckBox', 'Accounting', 0, 'chkRepNo', 'T'),
(12388, 'chkPDPayCheques', '@', 0, 'Y', 'Y', '', 'Y', 'frmUsers', 'CheckBox', 'Accounting', 0, 'chkPDPayCheques', 'T'),
(12389, 'chkPDCheques', '@', 0, 'Y', 'Y', '', 'Y', 'frmUsers', 'CheckBox', 'Accounting', 0, 'chkPDCheques', 'T'),
(12390, 'chkCash', '@', 0, 'Y', 'Y', '', 'Y', 'frmUsers', 'CheckBox', 'Accounting', 0, 'chkCash', 'T'),
(12391, 'txtRepName', '@', 0, 'Y', 'Y', 'txtRepName', 'N', 'frmUsers', 'Text', 'Accounting', 0, 'txtRepName', 'T'),
(12392, 'txtPDPayChequesName', '@', 0, 'Y', 'Y', 'txtPDPayChequesName', 'N', 'frmUsers', 'Text', 'Accounting', 0, 'txtPDPayChequesName', 'T'),
(12393, 'txtPDPayCheques', '@', 8, 'Y', 'Y', 'txtPDPayCheques', 'Y', 'frmUsers', 'Text', 'Accounting', 8, 'txtPDPayCheques', 'T'),
(12394, 'txtRepNo', '@', 8, 'Y', 'Y', 'txtRepNo', 'Y', 'frmUsers', 'Text', 'Accounting', 8, 'txtRepNo', 'T'),
(12395, 'cmdFindRepNo', '@', 0, 'Y', 'Y', '؟', 'Y', 'frmUsers', 'Command', 'Accounting', 0, 'cmdFindRepNo', 'T'),
(12396, 'cmdFindPDPayCheques', '@', 0, 'Y', 'Y', '؟', 'Y', 'frmUsers', 'Command', 'Accounting', 0, 'cmdFindPDPayCheques', 'T'),
(12397, 'txtPDChequesName', '@', 0, 'Y', 'Y', 'txtPDChequesName', 'N', 'frmUsers', 'Text', 'Accounting', 0, 'txtPDChequesName', 'T'),
(12398, 'txtCashName', '@', 0, 'Y', 'Y', 'txtCashName', 'N', 'frmUsers', 'Text', 'Accounting', 0, 'txtCashName', 'T'),
(12399, 'txtBankAc', '@', 8, 'Y', 'Y', 'txtBankAc', 'Y', 'frmUsers', 'Text', 'Accounting', 8, 'txtBankAc', 'T'),
(12400, 'txtCashAc', '@', 8, 'Y', 'Y', 'txtCashAc', 'Y', 'frmUsers', 'Text', 'Accounting', 8, 'txtCashAc', 'T'),
(12401, 'txtcommacno', '@', 8, 'Y', 'Y', 'txtcommacno', 'Y', 'frmAssetTypes', 'Text', 'Accounting', 8, 'txtcommacno', 'T'),
(12402, 'txtdepracno', '@', 8, 'Y', 'Y', 'txtdepracno', 'Y', 'frmAssetTypes', 'Text', 'Accounting', 8, 'txtdepracno', 'T'),
(12403, 'stastatus', '@', 0, 'Y', 'Y', 'stastatus', 'Y', 'frmAssetTypes', 'StatusBar', 'Accounting', 0, 'stastatus', 'T'),
(12404, 'lblMesgs', '@', 0, 'Y', 'Y', '', 'Y', 'frmAssetTypes', 'Label', 'Accounting', 0, 'lblMesgs', 'T'),
(12405, 'lbltypeno', '@', 0, 'Y', 'Y', 'رقم النــــــوع', 'Y', 'frmAssetTypes', 'Label', 'Accounting', 0, 'lbltypeno', 'T'),
(12406, 'lblassetacno', '@', 0, 'Y', 'Y', 'حساب الاصول', 'Y', 'frmAssetTypes', 'Label', 'Accounting', 0, 'lblassetacno', 'T'),
(12407, 'Lblcommacno', '@', 0, 'Y', 'Y', 'مجمع الاستهلاك', 'Y', 'frmAssetTypes', 'Label', 'Accounting', 0, 'Lblcommacno', 'T'),
(12408, 'Lbldepracno', '@', 0, 'Y', 'Y', 'مصاريف الاستهلاك', 'Y', 'frmAssetTypes', 'Label', 'Accounting', 0, 'Lbldepracno', 'T'),
(12409, 'Lbldeprperc', '@', 0, 'Y', 'Y', 'نسبة الاستهلاك', 'Y', 'frmAssetTypes', 'Label', 'Accounting', 0, 'Lbldeprperc', 'T'),
(12410, 'cmdEditFormProps', '@', 0, 'Y', 'Y', '-------------', 'Y', 'FrmAssets', 'Command', 'Accounting', 0, 'cmdEditFormProps', 'T'),
(12411, 'txtdeprperc', '@', 0, 'Y', 'Y', 'txtdeprperc', 'Y', 'FrmAssets', 'Text', 'Accounting', 0, 'txtdeprperc', 'T');
INSERT INTO `sys_options` (`id`, `field_name`, `format`, `data_len`, `visible`, `nulluble`, `caption`, `enabled`, `form_id`, `field_type`, `sys_name`, `view_len`, `ecaption`, `trial595`) VALUES
(12412, 'txtbuydate', '@', 10, 'Y', 'Y', 'txtbuydate', 'Y', 'FrmAssets', 'Text', 'Accounting', 10, 'txtbuydate', 'T'),
(12413, 'TxtPlace', '@', 99, 'Y', 'Y', 'TxtPlace', 'Y', 'FrmAssets', 'Text', 'Accounting', 99, 'TxtPlace', 'T'),
(12414, 'CmdFindAsno', '@', 0, 'Y', 'Y', '؟', 'Y', 'FrmAssets', 'Command', 'Accounting', 0, 'CmdFindAsno', 'T'),
(12415, 'CmdFindAstype', '@', 0, 'Y', 'Y', '؟', 'Y', 'FrmAssets', 'Command', 'Accounting', 0, 'CmdFindAstype', 'T'),
(12416, 'cmddel', '@', 0, 'Y', 'Y', 'ح&ذف', 'N', 'FrmAssets', 'Command', 'Accounting', 0, 'cmddel', 'T'),
(12417, 'cmdClose', '@', 0, 'Y', 'Y', 'إغلا&ق', 'Y', 'FrmAssets', 'Command', 'Accounting', 0, 'cmdClose', 'T'),
(12418, 'cmdSave', '@', 0, 'Y', 'Y', '&حفظ', 'Y', 'FrmAssets', 'Command', 'Accounting', 0, 'cmdSave', 'T'),
(12419, 'txtlastdeprdate', '@', 10, 'Y', 'Y', 'txtlastdeprdate', 'Y', 'FrmAssets', 'Text', 'Accounting', 10, 'txtlastdeprdate', 'T'),
(12420, 'CmdFindcommAc_no', '@', 0, 'Y', 'Y', '؟', 'Y', 'FrmAssets', 'Command', 'Accounting', 0, 'CmdFindcommAc_no', 'T'),
(12421, 'CmdFinddeprAc_no', '@', 0, 'Y', 'Y', '؟', 'Y', 'FrmAssets', 'Command', 'Accounting', 0, 'CmdFinddeprAc_no', 'T'),
(12422, 'CmdFindAssetsAc_no', '@', 0, 'Y', 'Y', '؟', 'Y', 'FrmAssets', 'Command', 'Accounting', 0, 'CmdFindAssetsAc_no', 'T'),
(12423, 'txtasvalue', '@', 15, 'Y', 'Y', 'txtasvalue', 'Y', 'FrmAssets', 'Text', 'Accounting', 15, 'txtasvalue', 'T'),
(12424, 'txtstopdepr', '@', 15, 'Y', 'Y', 'txtstopdepr', 'Y', 'FrmAssets', 'Text', 'Accounting', 15, 'txtstopdepr', 'T'),
(12425, 'txtcommutative', '@', 15, 'Y', 'Y', 'txtcommutative', 'Y', 'FrmAssets', 'Text', 'Accounting', 15, 'txtcommutative', 'T'),
(12426, 'txtastypdsc', '@', 40, 'Y', 'Y', 'txtastypdsc', 'N', 'FrmAssets', 'Text', 'Accounting', 40, 'txtastypdsc', 'T'),
(12427, 'txtastype', '@', 3, 'Y', 'Y', 'txtastype', 'Y', 'FrmAssets', 'Text', 'Accounting', 3, 'txtastype', 'T'),
(12428, 'txtdepracno', '@', 8, 'Y', 'Y', 'txtdepracno', 'Y', 'FrmAssets', 'Text', 'Accounting', 8, 'txtdepracno', 'T'),
(12429, 'txtcommacno', '@', 8, 'Y', 'Y', 'txtcommacno', 'Y', 'FrmAssets', 'Text', 'Accounting', 8, 'txtcommacno', 'T'),
(12430, 'txtassetsacno', '@', 8, 'Y', 'Y', 'txtassetsacno', 'Y', 'FrmAssets', 'Text', 'Accounting', 8, 'txtassetsacno', 'T'),
(12431, 'txtasdsc', '@', 39, 'Y', 'Y', 'txtasdsc', 'Y', 'FrmAssets', 'Text', 'Accounting', 39, 'txtasdsc', 'T'),
(12432, 'txtasno', '@', 10, 'Y', 'Y', 'txtasno', 'Y', 'FrmAssets', 'Text', 'Accounting', 10, 'txtasno', 'T'),
(12433, 'txtassetsacname', '@', 0, 'Y', 'Y', 'txtassetsacname', 'N', 'FrmAssets', 'Text', 'Accounting', 0, 'txtassetsacname', 'T'),
(12434, 'txtcommacname', '@', 0, 'Y', 'Y', 'txtcommacname', 'N', 'FrmAssets', 'Text', 'Accounting', 0, 'txtcommacname', 'T'),
(12435, 'txtdepracname', '@', 0, 'Y', 'Y', 'txtdepracname', 'N', 'FrmAssets', 'Text', 'Accounting', 0, 'txtdepracname', 'T'),
(12436, 'txtbuydateOld', '@', 0, 'Y', 'Y', 'txtbuydateOld', 'Y', 'FrmAssets', 'dtPicker', 'Accounting', 0, 'txtbuydateOld', 'T'),
(12437, 'txtlastdeprdateOld', '@', 0, 'Y', 'Y', 'txtlastdeprdateOld', 'Y', 'FrmAssets', 'dtPicker', 'Accounting', 0, 'txtlastdeprdateOld', 'T'),
(12438, 'lblMesgs', '@', 0, 'Y', 'Y', '', 'Y', 'FrmAssets', 'Label', 'Accounting', 0, 'lblMesgs', 'T'),
(12439, 'Lblasno', '@', 0, 'Y', 'Y', 'رقـــم الاصـــل', 'Y', 'FrmAssets', 'Label', 'Accounting', 0, 'Lblasno', 'T'),
(12440, 'Lblassetsacno', '@', 0, 'Y', 'Y', 'حساب الاصول', 'Y', 'FrmAssets', 'Label', 'Accounting', 0, 'Lblassetsacno', 'T'),
(12441, 'Lblcommacno', '@', 0, 'Y', 'Y', 'مجمع الاستهلاك', 'Y', 'FrmAssets', 'Label', 'Accounting', 0, 'Lblcommacno', 'T'),
(12442, 'Lbldepracno', '@', 0, 'Y', 'Y', ' مصاريف الاستهلاك', 'Y', 'FrmAssets', 'Label', 'Accounting', 0, 'Lbldepracno', 'T'),
(12443, 'Lblastype', '@', 0, 'Y', 'Y', 'نــوع الاصــــل', 'Y', 'FrmAssets', 'Label', 'Accounting', 0, 'Lblastype', 'T'),
(12444, 'LblPlace', '@', 0, 'Y', 'Y', 'مكان وجود الأصل', 'Y', 'FrmAssets', 'Label', 'Accounting', 0, 'LblPlace', 'T'),
(12445, 'Lbldeprperc', '@', 0, 'Y', 'Y', 'نسبة الاستهلاك', 'Y', 'FrmAssets', 'Label', 'Accounting', 0, 'Lbldeprperc', 'T'),
(12446, 'Lblbuydate', '@', 0, 'Y', 'Y', 'تاريخ الشراء', 'Y', 'FrmAssets', 'Label', 'Accounting', 0, 'Lblbuydate', 'T'),
(12447, 'Lblasvalue', '@', 0, 'Y', 'Y', 'قيمة الاصــل', 'Y', 'FrmAssets', 'Label', 'Accounting', 0, 'Lblasvalue', 'T'),
(12448, 'Lblstopdepr', '@', 0, 'Y', 'Y', 'مبلغ التوقف عن الاستهلاك', 'Y', 'FrmAssets', 'Label', 'Accounting', 0, 'Lblstopdepr', 'T'),
(12449, 'Lblcommutative', '@', 0, 'Y', 'Y', 'الاستهلاك التراكمي للاصل', 'Y', 'FrmAssets', 'Label', 'Accounting', 0, 'Lblcommutative', 'T'),
(12450, 'Lbllastdeprdate', '@', 0, 'Y', 'Y', 'تاريخ اخر احتساب للاستهلاك', 'Y', 'FrmAssets', 'Label', 'Accounting', 0, 'Lbllastdeprdate', 'T'),
(12451, 'cmdEditFormProps', '@', 0, 'Y', 'Y', '-------------', 'Y', 'frmautodepr', 'Command', 'Accounting', 0, 'cmdEditFormProps', 'T'),
(12452, 'cmdFindAsto', '@', 0, 'Y', 'Y', '؟', 'Y', 'frmautodepr', 'Command', 'Accounting', 0, 'cmdFindAsto', 'T'),
(12453, 'CmdFindAsno', '@', 0, 'Y', 'Y', '؟', 'Y', 'frmautodepr', 'Command', 'Accounting', 0, 'CmdFindAsno', 'T'),
(12454, 'cmdPreview', '@', 0, 'Y', 'Y', 'معاينة', 'Y', 'frmautodepr', 'Command', 'Accounting', 0, 'cmdPreview', 'T'),
(12455, 'cmdok', '@', 0, 'Y', 'Y', 'موا&فق', 'Y', 'frmautodepr', 'Command', 'Accounting', 0, 'cmdok', 'T'),
(12456, 'Comdclose', '@', 0, 'Y', 'Y', 'إغلا&ق', 'Y', 'frmautodepr', 'Command', 'Accounting', 0, 'Comdclose', 'T'),
(12457, 'stastatus', '@', 0, 'Y', 'Y', 'stastatus', 'Y', 'frmautodepr', 'StatusBar', 'Accounting', 0, 'stastatus', 'T'),
(12458, 'txtdateto', '@', 10, 'Y', 'Y', 'txtdateto', 'Y', 'frmautodepr', 'Text', 'Accounting', 10, 'txtdateto', 'T'),
(12459, 'txtvchrdate', '@', 10, 'Y', 'Y', 'txtvchrdate', 'Y', 'frmautodepr', 'Text', 'Accounting', 10, 'txtvchrdate', 'T'),
(12460, 'txtdatetoOld', '@', 0, 'Y', 'Y', 'txtdatetoOld', 'Y', 'frmautodepr', 'dtPicker', 'Accounting', 0, 'txtdatetoOld', 'T'),
(12461, 'Text1', '@', 0, 'Y', 'Y', 'Text1', 'N', 'frmautodepr', 'Text', 'Accounting', 0, 'Text1', 'T'),
(12462, 'txtvchrno', '@', 10, 'Y', 'Y', 'txtvchrno', 'Y', 'frmautodepr', 'Text', 'Accounting', 10, 'txtvchrno', 'T'),
(12463, 'txtastdscto', '@', 40, 'Y', 'Y', 'txtastdscto', 'Y', 'frmautodepr', 'Text', 'Accounting', 40, 'txtastdscto', 'T'),
(12464, 'txtasto', '@', 10, 'Y', 'Y', 'txtasto', 'Y', 'frmautodepr', 'Text', 'Accounting', 10, 'txtasto', 'T'),
(12465, 'txtastdscfrom', '@', 40, 'Y', 'Y', 'txtastdscfrom', 'Y', 'frmautodepr', 'Text', 'Accounting', 40, 'txtastdscfrom', 'T'),
(12466, 'txtasfrom', '@', 10, 'Y', 'Y', 'txtasfrom', 'Y', 'frmautodepr', 'Text', 'Accounting', 10, 'txtasfrom', 'T'),
(12467, 'txtvchrdateOld', '@', 0, 'Y', 'Y', 'txtvchrdateOld', 'Y', 'frmautodepr', 'dtPicker', 'Accounting', 0, 'txtvchrdateOld', 'T'),
(12468, 'lblMesgs', '@', 0, 'Y', 'Y', '', 'Y', 'frmautodepr', 'Label', 'Accounting', 0, 'lblMesgs', 'T'),
(12469, 'Label6', '@', 0, 'Y', 'Y', 'قــــــــيــــــد', 'Y', 'frmautodepr', 'Label', 'Accounting', 0, 'Label6', 'T'),
(12470, 'Label4', '@', 0, 'Y', 'Y', 'نوع المستند', 'Y', 'frmautodepr', 'Label', 'Accounting', 0, 'Label4', 'T'),
(12471, 'lblvchrdate', '@', 0, 'Y', 'Y', 'تاريخ المستند', 'Y', 'frmautodepr', 'Label', 'Accounting', 0, 'lblvchrdate', 'T'),
(12472, 'Label5', '@', 0, 'Y', 'Y', 'رقم المستند', 'Y', 'frmautodepr', 'Label', 'Accounting', 0, 'Label5', 'T'),
(12473, 'Label3', '@', 0, 'Y', 'Y', 'احتساب حتى تاريخ', 'Y', 'frmautodepr', 'Label', 'Accounting', 0, 'Label3', 'T'),
(12474, 'Label2', '@', 0, 'Y', 'Y', 'الى النوع', 'Y', 'frmautodepr', 'Label', 'Accounting', 0, 'Label2', 'T'),
(12475, 'Label1', '@', 0, 'Y', 'Y', 'من النوع', 'Y', 'frmautodepr', 'Label', 'Accounting', 0, 'Label1', 'T'),
(12476, 'cmdEditFormProps', '@', 0, 'Y', 'Y', '-------------', 'Y', 'sfFinUserVals', 'Command', 'Accounting', 0, 'cmdEditFormProps', 'T'),
(12477, 'txtP2EBal', '@', 0, 'Y', 'Y', 'txtP2EBal', 'N', 'sfFinUserVals', 'Text', 'Accounting', 0, 'txtP2EBal', 'T'),
(12478, 'txtP2MCredit', '@', 0, 'Y', 'Y', 'txtP2MCredit', 'Y', 'sfFinUserVals', 'Text', 'Accounting', 0, 'txtP2MCredit', 'T'),
(12479, 'txtP2MDebit', '@', 0, 'Y', 'Y', 'txtP2MDebit', 'Y', 'sfFinUserVals', 'Text', 'Accounting', 0, 'txtP2MDebit', 'T'),
(12480, 'txtP2SBal', '@', 0, 'Y', 'Y', 'txtP2SBal', 'Y', 'sfFinUserVals', 'Text', 'Accounting', 0, 'txtP2SBal', 'T'),
(12481, 'txtP1EBal', '@', 0, 'Y', 'Y', 'txtP1EBal', 'N', 'sfFinUserVals', 'Text', 'Accounting', 0, 'txtP1EBal', 'T'),
(12482, 'txtP1MCredit', '@', 0, 'Y', 'Y', 'txtP1MCredit', 'Y', 'sfFinUserVals', 'Text', 'Accounting', 0, 'txtP1MCredit', 'T'),
(12483, 'txtP1MDebit', '@', 0, 'Y', 'Y', 'txtP1MDebit', 'Y', 'sfFinUserVals', 'Text', 'Accounting', 0, 'txtP1MDebit', 'T'),
(12484, 'txtP1SBal', '@', 0, 'Y', 'Y', 'txtP1SBal', 'Y', 'sfFinUserVals', 'Text', 'Accounting', 0, 'txtP1SBal', 'T'),
(12485, 'cmdFindCC', '@', 0, 'Y', 'Y', '؟', 'Y', 'sfFinUserVals', 'Command', 'Accounting', 0, 'cmdFindCC', 'T'),
(12486, 'cmdClose', '@', 0, 'Y', 'Y', 'إغلا&ق', 'Y', 'sfFinUserVals', 'Command', 'Accounting', 0, 'cmdClose', 'T'),
(12487, 'cmdDelete', '@', 0, 'Y', 'Y', 'ح&ذف', 'N', 'sfFinUserVals', 'Command', 'Accounting', 0, 'cmdDelete', 'T'),
(12488, 'cmdSave', '@', 0, 'Y', 'Y', '&حفظ', 'Y', 'sfFinUserVals', 'Command', 'Accounting', 0, 'cmdSave', 'T'),
(12489, 'txtDsc', '@', 59, 'Y', 'Y', 'txtDsc', 'Y', 'sfFinUserVals', 'Text', 'Accounting', 59, 'txtDsc', 'T'),
(12490, 'txtValId', '@', 8, 'Y', 'Y', 'txtValId', 'Y', 'sfFinUserVals', 'Text', 'Accounting', 8, 'txtValId', 'T'),
(12491, 'lblP2', '@', 1, 'Y', 'Y', 'الفترة الثانية', 'Y', 'sfFinUserVals', 'Label', 'Accounting', 0, 'lblP2', 'T'),
(12492, 'lblP1', '@', 1, 'Y', 'Y', 'الفترة الأولى', 'Y', 'sfFinUserVals', 'Label', 'Accounting', 0, 'lblP1', 'T'),
(12493, 'lblBal', '@', 1, 'Y', 'Y', 'الرصيد', 'Y', 'sfFinUserVals', 'Label', 'Accounting', 0, 'lblBal', 'T'),
(12494, 'lblMCredit', '@', 1, 'Y', 'Y', 'حركات دائنة', 'Y', 'sfFinUserVals', 'Label', 'Accounting', 0, 'lblMCredit', 'T'),
(12495, 'lblMDebit', '@', 1, 'Y', 'Y', 'حركات مدينة', 'Y', 'sfFinUserVals', 'Label', 'Accounting', 0, 'lblMDebit', 'T'),
(12496, 'lblSBal', '@', 1, 'Y', 'Y', 'رصيد مدور', 'Y', 'sfFinUserVals', 'Label', 'Accounting', 0, 'lblSBal', 'T'),
(12497, 'LblRep_No', '@', 1, 'Y', 'Y', 'الرقم', 'Y', 'sfFinUserVals', 'Label', 'Accounting', 0, 'LblRep_No', 'T'),
(12498, 'LblRepName', '@', 1, 'Y', 'Y', 'البيان', 'Y', 'sfFinUserVals', 'Label', 'Accounting', 0, 'LblRepName', 'T'),
(12499, 'txtAtt1', '@', 256, 'N', 'Y', 'أرقام القطع', 'N', 'SALESINV', 'Text', 'Inventory', 255, 'txtAtt1', 'T'),
(12500, 'txtFrnTotal', '@', 16, 'N', 'Y', '-', 'Y', 'SALESINV', 'Text', 'Inventory', 16, 'txtFrnTotal', 'T'),
(12501, 'txtExRate', '@', 12, 'N', 'Y', '-', 'Y', 'SALESINV', 'Text', 'Inventory', 12, 'txtExRate', 'T'),
(12502, 'cmdFindCurr', '@', 0, 'N', 'Y', '؟', 'Y', 'SALESINV', 'Command', 'Inventory', 0, 'cmdFindCurr', 'T'),
(12503, 'txtCurrDsc', '@', 40, 'N', 'Y', '-', 'Y', 'SALESINV', 'Text', 'Inventory', 40, 'txtCurrDsc', 'T'),
(12504, 'txtCurrNo', '@', 8, 'N', 'Y', '-', 'Y', 'SALESINV', 'Text', 'Inventory', 8, 'txtCurrNo', 'T'),
(12505, 'Operation', '@', 15, 'N', 'Y', 'Operation', 'N', 'SALESINV', 'GrdCol', 'Inventory', 494, 'Operation', 'T'),
(12506, 'ApsolutePosition', '@', 40, 'N', 'Y', 'ApsolutePosition', 'N', 'SALESINV', 'GrdCol', 'Inventory', 494, 'ApsolutePosition', 'T'),
(12507, 'INVOICE_BOND_SERIAL', '@', 15, 'N', 'Y', 'INVOICE_BOND_SERIAL', 'N', 'SALESINV', 'GrdCol', 'Inventory', 494, 'INVOICE_BOND_SERIAL', 'T'),
(12508, 'LINE_NO', '@', 15, 'N', 'Y', 'LINE_NO', 'N', 'SALESINV', 'GrdCol', 'Inventory', 494, 'LINE_NO', 'T'),
(12509, 'ITEM_NO', '@', 15, 'Y', 'Y', 'رقم المادة', 'Y', 'SALESINV', 'GrdCol', 'Inventory', 1755, 'ITEM_NO', 'T'),
(12510, 'Description', '@', 119, 'Y', 'Y', 'الوصف', 'N', 'SALESINV', 'GrdCol', 'Inventory', 4050, 'Description', 'T'),
(12511, 'cmdFindRep_No', '@', 0, 'N', 'Y', '؟', 'Y', 'PURCHRET', 'Command', 'Inventory', 0, NULL, 'T'),
(12512, 'QTY', '0.000', 15, 'Y', 'Y', 'الكمية', 'Y', 'SALESINV', 'GrdCol', 'Inventory', 1695, 'QTY', 'T'),
(12513, 'FRN_PRICE', '0.0000', 15, 'Y', 'Y', 'السعر بالاجنبي', 'Y', 'SALESINV', 'GrdCol', 'Inventory', 1695, 'FRN_PRICE', 'T'),
(12514, 'VATPrice', '0.00', 23, 'Y', 'Y', 'السعر شامل', 'Y', 'SALESINV', 'GrdCol', 'Inventory', 1695, 'VATPrice', 'T'),
(12515, 'Price', '0.00', 23, 'Y', 'Y', 'السعر', 'Y', 'SALESINV', 'GrdCol', 'Inventory', 1695, 'Price', 'T'),
(12516, 'ItemDiscount', '0.0000', 14, 'N', 'Y', 'الخصم %', 'Y', 'SALESINV', 'GrdCol', 'Inventory', 1695, 'ItemDiscount', 'T'),
(12517, 'Gift', '0', 12, 'Y', 'Y', 'هدية', 'Y', 'SALESINV', 'GrdCol', 'Inventory', 1695, 'Gift', 'T'),
(12518, 'Total', '0.00', 15, 'Y', 'Y', 'المجموع', 'N', 'SALESINV', 'GrdCol', 'Inventory', 1995, 'Total', 'T'),
(12519, 'Status', '@', 15, 'N', 'Y', 'Status', 'N', 'SALESINV', 'GrdCol', 'Inventory', 494, 'Status', 'T'),
(12520, 'MOVE_DATE', '@', 15, 'N', 'Y', 'MOVE_DATE', 'N', 'SALESINV', 'GrdCol', 'Inventory', 494, 'MOVE_DATE', 'T'),
(12521, 'MOVE_TYPE', '@', 15, 'N', 'Y', 'MOVE_TYPE', 'N', 'SALESINV', 'GrdCol', 'Inventory', 494, 'MOVE_TYPE', 'T'),
(12522, 'Tax', '0.00', 15, 'N', 'Y', 'Tax', 'N', 'SALESINV', 'GrdCol', 'Inventory', 494, 'Tax', 'T'),
(12523, 'TaxValue', '@', 15, 'N', 'Y', 'TaxValue', 'N', 'SALESINV', 'GrdCol', 'Inventory', 1005, 'TaxValue', 'T'),
(12524, 'DiscountValue', '0.00', 15, 'N', 'Y', 'DiscountValue', 'N', 'SALESINV', 'GrdCol', 'Inventory', 1005, 'DiscountValue', 'T'),
(12525, 'Cost', '0.000', 15, 'N', 'Y', 'Cost', 'N', 'SALESINV', 'GrdCol', 'Inventory', 1005, 'Cost', 'T'),
(12526, 'Size4', '0.000000', 15, 'N', 'Y', 'Size4', 'N', 'SALESINV', 'GrdCol', 'Inventory', 1005, 'Size4', 'T'),
(12527, 'NetPrice', '0.0000', 15, 'N', 'Y', 'صافي السعر', 'N', 'SALESINV', 'GrdCol', 'Inventory', 1005, 'NetPrice', 'T'),
(12528, 'ITEM_NO', '@', 12, 'Y', 'Y', 'رقم المادة', 'Y', 'mdRReciept', 'GrdCol', 'Inventory', 1500, 'ITEM_NO', 'T'),
(12529, 'Description', '@', 119, 'Y', 'Y', 'الوصف', 'N', 'mdRReciept', 'GrdCol', 'Inventory', 4394, 'Description', 'T'),
(12530, 'QTY', '0.000', 23, 'Y', 'Y', 'الكمية', 'Y', 'mdRReciept', 'GrdCol', 'Inventory', 1395, 'QTY', 'T'),
(12531, 'Cost', '0.000', 23, 'N', 'Y', 'الكلفة', 'N', 'mdRReciept', 'GrdCol', 'Inventory', 1200, 'Cost', 'T'),
(12532, 'Store_ID', '@', 11, 'N', 'Y', 'STORE_ID', 'N', 'mdRReciept', 'GrdCol', 'Inventory', 494, 'Store_ID', 'T'),
(12533, 'Status', '@', 1, 'N', 'Y', 'Status', 'N', 'mdRReciept', 'GrdCol', 'Inventory', 494, 'Status', 'T'),
(12534, 'MOVE_DATE', '@', 19, 'N', 'Y', 'MOVE_DATE', 'N', 'mdRReciept', 'GrdCol', 'Inventory', 494, 'MOVE_DATE', 'T'),
(12535, 'MOVE_TYPE', '@', 1, 'N', 'Y', 'MOVE_TYPE', 'N', 'mdRReciept', 'GrdCol', 'Inventory', 494, 'MOVE_TYPE', 'T'),
(12536, 'TAX', '0.000', 23, 'N', 'Y', 'Tax', 'N', 'mdRReciept', 'GrdCol', 'Inventory', 1005, 'TAX', 'T'),
(12537, 'Discount', '0.0000', 23, 'N', 'Y', 'Discount', 'N', 'mdRReciept', 'GrdCol', 'Inventory', 1005, 'Discount', 'T'),
(12538, 'Price', '0.000', 23, 'N', 'Y', 'Price', 'N', 'mdRReciept', 'GrdCol', 'Inventory', 1005, 'Price', 'T'),
(12539, 'Size4', '0.000000', 23, 'N', 'Y', 'Size4', 'N', 'mdRReciept', 'GrdCol', 'Inventory', 1005, 'Size4', 'T'),
(12540, 'txtNotes', '@', 0, 'Y', 'Y', 'mdRReciept', 'Y', 'mdRReciept', 'Text', 'Inventory', 0, 'txtNotes', 'T'),
(12541, 'txtRep_Name', '@', 40, 'N', 'Y', '-', 'N', 'PURCHRET', 'Text', 'Inventory', 40, NULL, 'T'),
(12542, 'cmdFindToStoreNo', '@', 0, 'Y', 'Y', '؟', 'N', 'mdRReciept', 'Command', 'Inventory', 0, 'cmdFindToStoreNo', 'T'),
(12543, 'txtToStoreName', '@', 40, 'Y', 'Y', 'mdRReciept', 'N', 'mdRReciept', 'Text', 'Inventory', 40, 'txtToStoreName', 'T'),
(12544, 'txtToStoreNo', '@', 8, 'Y', 'Y', 'mdRReciept', 'N', 'mdRReciept', 'Text', 'Inventory', 8, 'txtToStoreNo', 'T'),
(12545, 'CmdClose', '@', 0, 'Y', 'Y', 'إغلا&ق', 'Y', 'mdRReciept', 'Command', 'Inventory', 0, 'CmdClose', 'T'),
(12546, 'cmdPast', '@', 0, 'Y', 'Y', 'لصـق', 'N', 'mdRReciept', 'Command', 'Inventory', 0, 'cmdPast', 'T'),
(12547, 'cmdCopy', '@', 0, 'Y', 'Y', 'نســخ', 'N', 'mdRReciept', 'Command', 'Inventory', 0, 'cmdCopy', 'T'),
(12548, 'cmdDelete', '@', 0, 'Y', 'Y', 'ح&ذف', 'N', 'mdRReciept', 'Command', 'Inventory', 0, 'cmdDelete', 'T'),
(12549, 'cmdSave', '@', 0, 'Y', 'Y', '&حفظ', 'Y', 'mdRReciept', 'Command', 'Inventory', 0, 'cmdSave', 'T'),
(12550, 'txtSuppInvNo', '@', 20, 'N', 'Y', 'mdRReciept', 'Y', 'mdRReciept', 'Text', 'Inventory', 20, 'txtSuppInvNo', 'T'),
(12551, 'txtSuppNo', '@', 8, 'N', 'Y', 'mdRReciept', 'Y', 'mdRReciept', 'Text', 'Inventory', 8, 'txtSuppNo', 'T'),
(12552, 'txtSuppName', '@', 40, 'N', 'Y', 'mdRReciept', 'N', 'mdRReciept', 'Text', 'Inventory', 40, 'txtSuppName', 'T'),
(12553, 'cmdFindSuppNo', '@', 0, 'N', 'Y', '؟', 'Y', 'mdRReciept', 'Command', 'Inventory', 0, 'cmdFindSuppNo', 'T'),
(12554, 'cmdEditFormProps', '@', 0, 'Y', 'Y', '-------------', 'Y', 'sfPrivligesDsc', 'Command', 'Accounting', 0, 'cmdEditFormProps', 'T'),
(12555, 'cmdSave', '@', 0, 'Y', 'Y', '&حفظ', 'Y', 'sfPrivligesDsc', 'Command', 'Accounting', 0, 'cmdSave', 'T'),
(12556, 'cmdCancel', '@', 0, 'Y', 'Y', '&إغلاق', 'Y', 'sfPrivligesDsc', 'Command', 'Accounting', 0, 'cmdCancel', 'T'),
(12557, 'txtPrivDsc', '@', 40, 'Y', 'Y', 'txtPrivDsc', 'Y', 'sfPrivligesDsc', 'Text', 'Accounting', 40, 'txtPrivDsc', 'T'),
(12558, 'lblMesgs', '@', 0, 'Y', 'Y', '', 'Y', 'sfPrivligesDsc', 'Label', 'Accounting', 0, 'lblMesgs', 'T'),
(12559, 'txtBondNo', '@', 8, 'Y', 'Y', 'mdRReciept', 'Y', 'mdRReciept', 'Text', 'Inventory', 8, 'txtBondNo', 'T'),
(12560, 'txtDate', '@', 0, 'Y', 'Y', 'mdRReciept', 'Y', 'mdRReciept', 'Text', 'Inventory', 0, 'txtDate', 'T'),
(12561, 'txtStoreNo', '@', 8, 'Y', 'Y', 'mdRReciept', 'N', 'mdRReciept', 'Text', 'Inventory', 8, 'txtStoreNo', 'T'),
(12562, 'txtStoreName', '@', 40, 'Y', 'Y', 'mdRReciept', 'N', 'mdRReciept', 'Text', 'Inventory', 40, 'txtStoreName', 'T'),
(12563, 'cmdFindStoreNo', '@', 0, 'Y', 'Y', '؟', 'N', 'mdRReciept', 'Command', 'Inventory', 0, 'cmdFindStoreNo', 'T'),
(12564, 'txtUserID', '@', 0, 'N', 'Y', 'mdRReciept', 'N', 'mdRReciept', 'Text', 'Inventory', 0, 'txtUserID', 'T'),
(12565, 'txtStatus', '@', 0, 'N', 'Y', 'mdRReciept', 'N', 'mdRReciept', 'Text', 'Inventory', 0, 'txtStatus', 'T'),
(12566, 'txtBondType', '@', 0, 'N', 'Y', 'mdRReciept', 'N', 'mdRReciept', 'Text', 'Inventory', 0, 'txtBondType', 'T'),
(12567, 'cmdNew', '@', 0, 'Y', 'Y', '&جديد', 'Y', 'mdRReciept', 'Command', 'Inventory', 0, 'cmdNew', 'T'),
(12568, 'dtpDate', '@', 0, 'Y', 'Y', 'mdRReciept', 'Y', 'mdRReciept', 'dtPicker', 'Inventory', 0, 'dtpDate', 'T'),
(12569, 'lblMesgs', '@', 0, 'Y', 'Y', '', 'Y', 'mdRReciept', 'Label', 'Inventory', 0, 'lblMesgs', 'T'),
(12570, 'Label2', '@', 0, 'Y', 'Y', 'ملاحظات', 'Y', 'mdRReciept', 'Label', 'Inventory', 0, 'Label2', 'T'),
(12571, 'lblToStore', '@', 0, 'Y', 'Y', 'إلى مستودع', 'Y', 'mdRReciept', 'Label', 'Inventory', 0, 'lblToStore', 'T'),
(12572, 'Label3', '@', 0, 'N', 'Y', ' رقم فاتورة المورد', 'Y', 'mdRReciept', 'Label', 'Inventory', 0, 'Label3', 'T'),
(12573, 'LblStoreNo', '@', 0, 'Y', 'Y', 'من مستودع', 'Y', 'mdRReciept', 'Label', 'Inventory', 0, 'LblStoreNo', 'T'),
(12574, 'Label1', '@', 0, 'N', 'Y', 'UserID', 'Y', 'mdRReciept', 'Label', 'Inventory', 0, 'Label1', 'T'),
(12575, 'lblPosted', '@', 0, 'N', 'Y', 'Status', 'Y', 'mdRReciept', 'Label', 'Inventory', 0, 'lblPosted', 'T'),
(12576, 'lblBondType', '@', 0, 'N', 'Y', 'Bond Type', 'Y', 'mdRReciept', 'Label', 'Inventory', 0, 'lblBondType', 'T'),
(12577, 'LblInvoiceNo', '@', 0, 'Y', 'Y', 'رقم السند', 'Y', 'mdRReciept', 'Label', 'Inventory', 0, 'LblInvoiceNo', 'T'),
(12578, 'Lbdate', '@', 0, 'Y', 'Y', 'التاريخ', 'Y', 'mdRReciept', 'Label', 'Inventory', 0, 'Lbdate', 'T'),
(12579, 'LblSuppNo', '@', 0, 'N', 'Y', ' المورد', 'Y', 'mdRReciept', 'Label', 'Inventory', 0, 'LblSuppNo', 'T'),
(12580, 'cmdEditFormProps', '@', 0, 'N', 'Y', '-------------', 'N', 'mdPReciept', 'Command', 'Inventory', 0, 'cmdEditFormProps', 'T'),
(12581, 'cmdUpdates', '@', 0, 'Y', 'Y', 'التع&ديلات', 'Y', 'mdPReciept', 'Command', 'Inventory', 0, 'cmdUpdates', 'T'),
(12582, 'Operation', '@', 11, 'N', 'Y', 'Operation', 'N', 'mdPReciept', 'GrdCol', 'Inventory', 494, 'Operation', 'T'),
(12583, 'ApsolutePosition', '@', 11, 'N', 'Y', 'ApsolutePosition', 'N', 'mdPReciept', 'GrdCol', 'Inventory', 494, 'ApsolutePosition', 'T'),
(12584, 'INVOICE_BOND_SERIAL', '@', 11, 'N', 'Y', 'INVOICE_BOND_SERIAL', 'N', 'mdPReciept', 'GrdCol', 'Inventory', 494, 'INVOICE_BOND_SERIAL', 'T'),
(12585, 'LINE_NO', '@', 11, 'N', 'Y', 'LINE_NO', 'N', 'mdPReciept', 'GrdCol', 'Inventory', 494, 'LINE_NO', 'T'),
(12586, 'ITEM_NO', '@', 12, 'Y', 'Y', 'رقم المادة', 'Y', 'mdPReciept', 'GrdCol', 'Inventory', 1500, 'ITEM_NO', 'T'),
(12587, 'DeuTax', '0.000', 15, 'N', 'Y', 'DueTax', 'N', 'SALESINV', 'GrdCol', 'Inventory', 494, 'DeuTax', 'T'),
(12588, 'BATCHNO', '@', 40, 'N', 'Y', 'باتش', 'Y', 'SALESINV', 'GrdCol', 'Inventory', 1695, 'BATCHNO', 'T'),
(12589, 'BATCHDT', 'yyyy/mm/dd', 40, 'N', 'Y', 'الصلاحية', 'N', 'SALESINV', 'GrdCol', 'Inventory', 1695, 'BATCHDT', 'T'),
(12590, 'BATCHID', '@', 40, 'N', 'Y', 'BATCHID', 'N', 'SALESINV', 'GrdCol', 'Inventory', 1005, 'BATCHID', 'T'),
(12591, 'Store_ID', '@', 11, 'N', 'Y', 'STORE_ID', 'N', 'SALESINV', 'GrdCol', 'Inventory', 494, 'Store_ID', 'T'),
(12592, 'cmdConstraints', '@', 0, 'Y', 'Y', '#', 'Y', 'SALESINV', 'Command', 'Inventory', 0, 'cmdConstraints', 'T'),
(12593, 'cmdUpdates', '@', 0, 'Y', 'Y', 'تعديلات', 'Y', 'SALESINV', 'Command', 'Inventory', 0, 'cmdUpdates', 'T'),
(12594, 'txtSalesInvoiceNo', '@', 8, 'N', 'Y', 'txtSalesInvoiceNo', 'N', 'SALESINV', 'Text', 'Inventory', 8, 'txtSalesInvoiceNo', 'T'),
(12595, 'txtRep_Name', '@', 40, 'Y', 'Y', '-', 'N', 'SALESINV', 'Text', 'Inventory', 40, 'txtRep_Name', 'T'),
(12596, 'cmdFindRep_No', '@', 0, 'Y', 'Y', '؟', 'N', 'SALESINV', 'Command', 'Inventory', 0, 'cmdFindRep_No', 'T'),
(12597, 'txtRep_No', '@', 8, 'Y', 'Y', '-', 'N', 'SALESINV', 'Text', 'Inventory', 8, 'txtRep_No', 'T'),
(12598, 'txtReciept', '@', 0, 'Y', 'Y', '-', 'N', 'SALESINV', 'Text', 'Inventory', 0, 'txtReciept', 'T'),
(12599, 'LblAREA_nO', '@', 0, 'N', 'Y', 'المنطقة', '-', 'PURCHRET', 'Lable', 'Inventory', 0, NULL, 'T'),
(12600, 'txtArea_Name', '@', 0, 'Y', 'Y', '-', 'N', 'SALESINV', 'Text', 'Inventory', 40, 'txtArea_Name', 'T'),
(12601, 'txtInvClassName', '@', 0, 'Y', 'Y', '-', 'N', 'SALESINV', 'Text', 'Inventory', 40, 'txtInvClassName', 'T'),
(12602, 'txtInvClass', '@', 8, 'Y', 'Y', '-', 'N', 'SALESINV', 'Text', 'Inventory', 8, 'txtInvClass', 'T'),
(12603, 'txtDate', '@', 0, 'Y', 'Y', 'txtDate', 'Y', 'SALESINV', 'Text', 'Inventory', 0, 'txtDate', 'T'),
(12604, 'txtInvoiceNo', '@', 8, 'Y', 'Y', 'txtInvoiceNo', 'Y', 'SALESINV', 'Text', 'Inventory', 8, 'txtInvoiceNo', 'T'),
(12605, 'txtTransportation', '@', 10, 'N', 'Y', '-', 'N', 'SALESINV', 'Text', 'Inventory', 16, 'txtTransportation', 'T'),
(12606, 'txtDiscount', '@', 16, 'Y', 'Y', 'txtDiscount', 'Y', 'SALESINV', 'Text', 'Inventory', 16, 'txtDiscount', 'T'),
(12607, 'txtTax', '@', 16, 'Y', 'Y', 'txtTax', 'Y', 'SALESINV', 'Text', 'Inventory', 16, 'txtTax', 'T'),
(12608, 'txtInvoiceValue', '@', 16, 'Y', 'Y', 'txtInvoiceValue', 'Y', 'SALESINV', 'Text', 'Inventory', 16, 'txtInvoiceValue', 'T'),
(12609, 'cmdFindInvClass', '@', 0, 'Y', 'Y', '؟', 'N', 'SALESINV', 'Command', 'Inventory', 0, 'cmdFindInvClass', 'T'),
(12610, 'txtAccountNo', '@', 8, 'Y', 'Y', 'txtAccountNo', 'Y', 'SALESINV', 'Text', 'Inventory', 8, 'txtAccountNo', 'T'),
(12611, 'txtAccountName', '@', 59, 'Y', 'Y', 'txtAccountName', 'Y', 'SALESINV', 'Text', 'Inventory', 40, 'txtAccountName', 'T'),
(12612, 'cmdFindAccountNo', '@', 0, 'Y', 'Y', '؟', 'Y', 'SALESINV', 'Command', 'Inventory', 0, 'cmdFindAccountNo', 'T'),
(12613, 'txtCustomerName', '@', 59, 'Y', 'Y', 'txtCustomerName', 'Y', 'SALESINV', 'Text', 'Inventory', 59, 'txtCustomerName', 'T'),
(12614, 'cmdFindArea_No', '@', 0, 'Y', 'Y', '؟', 'Y', 'SALESINV', 'Command', 'Inventory', 0, 'cmdFindArea_No', 'T'),
(12615, 'txtArea_No', '@', 0, 'Y', 'Y', '-', 'N', 'SALESINV', 'Text', 'Inventory', 8, 'txtArea_No', 'T'),
(12616, 'chkTaxInclude', '@', 0, 'N', 'Y', 'خاضع للضريبة', 'Y', 'SALESINV', 'CheckBox', 'Inventory', 0, 'chkTaxInclude', 'T'),
(12617, 'txtSubTotal', '@', 16, 'Y', 'Y', 'txtSubTotal', 'Y', 'SALESINV', 'Text', 'Inventory', 16, 'txtSubTotal', 'T'),
(12618, 'txtStoreID', '@', 0, 'Y', 'Y', 'txtStoreID', 'Y', 'SALESINV', 'Text', 'Inventory', 0, 'txtStoreID', 'T'),
(12619, 'txtUserID', '@', 0, 'N', 'Y', 'txtUserID', 'N', 'SALESINV', 'Text', 'Inventory', 0, 'txtUserID', 'T'),
(12620, 'txtStatus', '@', 0, 'N', 'Y', 'txtStatus', 'N', 'SALESINV', 'Text', 'Inventory', 0, 'txtStatus', 'T'),
(12621, 'txtInvoiceType', '@', 0, 'N', 'Y', 'txtInvoiceType', 'N', 'SALESINV', 'Text', 'Inventory', 0, 'txtInvoiceType', 'T'),
(12622, 'cmdNew', '@', 0, 'Y', 'Y', '&جديد', 'Y', 'SALESINV', 'Command', 'Inventory', 0, 'cmdNew', 'T'),
(12623, 'cmdSave', '@', 0, 'Y', 'Y', '&حفظ', 'Y', 'SALESINV', 'Command', 'Inventory', 0, 'cmdSave', 'T'),
(12624, 'cmdDelete', '@', 0, 'N', 'Y', 'حذ&ف', 'N', 'SALESINV', 'Command', 'Inventory', 0, 'cmdDelete', 'T'),
(12625, 'cmdCopy', '@', 0, 'Y', 'Y', 'نســخ', 'Y', 'SALESINV', 'Command', 'Inventory', 0, 'cmdCopy', 'T'),
(12626, 'cmdPast', '@', 0, 'Y', 'Y', 'لصـق', 'Y', 'SALESINV', 'Command', 'Inventory', 0, 'cmdPast', 'T'),
(12627, 'CmdClose', '@', 0, 'Y', 'Y', 'إغلا&ق', 'Y', 'SALESINV', 'Command', 'Inventory', 0, 'CmdClose', 'T'),
(12628, 'cmdPostPrint', '@', 0, 'Y', 'Y', ' &ترحيل و طباعة', 'N', 'SALESINV', 'Command', 'Inventory', 0, 'cmdPostPrint', 'T'),
(12629, 'cmdPrint', '@', 0, 'Y', 'Y', '&طباعة', 'N', 'SALESINV', 'Command', 'Inventory', 0, 'cmdPrint', 'T'),
(12630, 'dtpDate', '@', 0, 'Y', 'Y', 'dtpDate', 'Y', 'SALESINV', 'dtPicker', 'Inventory', 0, 'dtpDate', 'T'),
(12632, 'Text1', '@', 0, 'Y', 'Y', 'Text1', 'Y', 'SALESINV', 'Text', 'Inventory', 0, 'Text1', 'T'),
(12633, 'lblMesgs', '@', 0, 'Y', 'Y', '', 'Y', 'SALESINV', 'Label', 'Inventory', 0, 'lblMesgs', 'T'),
(12634, 'lblCurr', '@', 0, 'N', 'Y', 'العملة', 'N', 'SALESINV', 'Label', 'Inventory', 0, 'lblCurr', 'T'),
(12635, 'lblAtt3', '@', 0, 'N', 'Y', 'مدة الكفالة', '-', 'SALESINV', 'Label', 'Inventory', 0, 'lblAtt3', 'T'),
(12636, 'lblAtt4', '@', 0, 'Y', 'Y', 'رقم العطاء', 'N', 'SALESINV', 'Label', 'Inventory', 0, 'lblAtt4', 'T'),
(12637, 'lblAtt2', '@', 0, 'N', 'Y', 'البيان الجمركي', '-', 'SALESINV', 'Label', 'Inventory', 0, 'lblAtt2', 'T'),
(12638, 'lblNotes', '@', 0, 'Y', 'Y', 'ملاحظات', 'Y', 'SALESINV', 'Label', 'Inventory', 0, 'lblNotes', 'T'),
(12639, 'lblAtt1', '@', 0, 'N', 'Y', 'أرقام القطع', '-', 'SALESINV', 'Label', 'Inventory', 0, 'lblAtt1', 'T'),
(12640, 'lblFrnTotal', '@', 0, 'N', 'Y', 'المجموع بالأجنبي', 'N', 'SALESINV', 'Label', 'Inventory', 0, 'lblFrnTotal', 'T'),
(12641, 'lblExRate', '@', 0, 'N', 'Y', 'سعر التحويل', 'N', 'SALESINV', 'Label', 'Inventory', 0, 'lblExRate', 'T'),
(12642, 'LblSalesInvoiceNo', '@', 0, 'N', 'Y', 'رقم فاتورة المبيعات', 'N', 'SALESINV', 'Label', 'Inventory', 0, 'LblSalesInvoiceNo', 'T'),
(12643, 'LblInvoiceValue', '@', 0, 'Y', 'Y', 'صافي الفاتورة', 'Y', 'SALESINV', 'Label', 'Inventory', 0, 'LblInvoiceValue', 'T'),
(12644, 'lblReceipt', '@', 0, 'Y', 'Y', 'سند التسليم', 'N', 'SALESINV', 'Label', 'Inventory', 0, 'lblReceipt', 'T'),
(12645, 'lblInvClass', '@', 0, 'Y', 'Y', 'فاتورة', 'Y', 'SALESINV', 'Label', 'Inventory', 0, 'lblInvClass', 'T'),
(12646, 'lblTransportation', '@', 0, 'N', 'Y', 'أجور نقل', 'Y', 'SALESINV', 'Label', 'Inventory', 0, 'lblTransportation', 'T'),
(12647, 'LblRep_No', '@', 0, 'Y', 'Y', 'المندوب', 'Y', 'SALESINV', 'Label', 'Inventory', 0, 'LblRep_No', 'T'),
(12648, 'LblAREA_nO', '@', 0, 'Y', 'Y', 'المنطقة', 'Y', 'SALESINV', 'Label', 'Inventory', 0, 'LblAREA_nO', 'T'),
(12649, 'lblStore', '@', 0, 'Y', 'Y', 'المستودع', 'Y', 'SALESINV', 'Label', 'Inventory', 0, 'lblStore', 'T'),
(12650, 'Label1', '@', 0, 'N', 'Y', 'UserID', 'N', 'SALESINV', 'Label', 'Inventory', 0, 'Label1', 'T'),
(12651, 'lblPosted', '@', 0, 'N', 'Y', 'Status', 'N', 'SALESINV', 'Label', 'Inventory', 0, 'lblPosted', 'T'),
(12652, 'lblInvoiceType', '@', 0, 'N', 'Y', 'InvoiceType', 'N', 'SALESINV', 'Label', 'Inventory', 0, 'lblInvoiceType', 'T'),
(12653, 'LblInvoiceNo', '@', 0, 'Y', 'Y', 'رقم الفاتورة', 'Y', 'SALESINV', 'Label', 'Inventory', 0, 'LblInvoiceNo', 'T'),
(12654, 'Lbdate', '@', 0, 'Y', 'Y', 'التاريخ', 'Y', 'SALESINV', 'Label', 'Inventory', 0, 'Lbdate', 'T'),
(12655, 'LblAcNo', '@', 0, 'Y', 'Y', 'رقم الحساب', 'Y', 'SALESINV', 'Label', 'Inventory', 0, 'LblAcNo', 'T'),
(12656, 'LblCustomerName', '@', 0, 'Y', 'Y', 'العميل', 'Y', 'SALESINV', 'Label', 'Inventory', 0, 'LblCustomerName', 'T'),
(12657, 'LblSubTotal', '@', 0, 'Y', 'Y', 'المجموع الكلي', 'Y', 'SALESINV', 'Label', 'Inventory', 0, 'LblSubTotal', 'T'),
(12658, 'LblDiscount', '@', 0, 'Y', 'Y', 'الخصم', 'Y', 'SALESINV', 'Label', 'Inventory', 0, 'LblDiscount', 'T'),
(12659, 'LblTax', '@', 0, 'Y', 'Y', 'ضريبة المبيعات', 'Y', 'SALESINV', 'Label', 'Inventory', 0, 'LblTax', 'T'),
(12660, 'cmdFindStore', '@', 0, 'N', 'Y', '؟', 'Y', 'OFFERS', 'Command', 'Inventory', 0, 'cmdFindStore', 'T'),
(12661, 'txtStoreName', '@', 40, 'N', 'Y', 'frmSales', 'N', 'OFFERS', 'Text', 'Inventory', 40, 'txtStoreName', 'T'),
(12662, 'cmdEditFormProps', '@', 0, 'N', 'Y', '-------------', 'N', 'OFFERS', 'Command', 'Inventory', 0, 'cmdEditFormProps', 'T'),
(12663, 'cmdFindAtt2', '@', 0, 'N', 'Y', '؟', 'N', 'OFFERS', 'Command', 'Inventory', 0, 'cmdFindAtt2', 'T'),
(12664, 'txtAtt2', '@', 8, 'N', 'Y', 'رقم البيان', 'Y', 'OFFERS', 'Text', 'Inventory', 8, 'txtAtt2', 'T'),
(12665, 'txtAtt3', '@', 3, 'Y', 'Y', 'مدة الكفالة', 'Y', 'OFFERS', 'Text', 'Inventory', 255, 'txtAtt3', 'T'),
(12666, 'txtAtt4', '@', 80, 'Y', 'Y', 'طريقة الدفع', 'Y', 'OFFERS', 'Text', 'Inventory', 255, 'txtAtt4', 'T'),
(12667, 'txtAtt2Dsc', '@', 80, 'N', 'Y', 'البيان الجمركي', 'N', 'OFFERS', 'Text', 'Inventory', 255, 'txtAtt2Dsc', 'T'),
(12668, 'txtTaxb4Disc', '@', 0, 'N', 'Y', 'txtTaxb4Disc', 'Y', 'OFFERS', 'Text', 'Inventory', 0, 'txtTaxb4Disc', 'T'),
(12669, 'txtNotes', '@', 255, 'Y', 'Y', 'frmSales', 'Y', 'OFFERS', 'Text', 'Inventory', 255, 'txtNotes', 'T'),
(12670, 'txtAtt1', '@', 256, 'Y', 'Y', 'ملاحظات', 'Y', 'OFFERS', 'Text', 'Inventory', 255, 'txtAtt1', 'T'),
(12671, 'txtFrnTotal', '@', 16, 'N', 'Y', '-', 'Y', 'OFFERS', 'Text', 'Inventory', 16, 'txtFrnTotal', 'T'),
(12672, 'txtExRate', '@', 12, 'N', 'Y', '-', 'Y', 'OFFERS', 'Text', 'Inventory', 12, 'txtExRate', 'T'),
(12673, 'cmdFindCurr', '@', 0, 'N', 'Y', '؟', 'Y', 'OFFERS', 'Command', 'Inventory', 0, 'cmdFindCurr', 'T'),
(12674, 'txtCurrDsc', '@', 40, 'N', 'Y', '-', 'Y', 'OFFERS', 'Text', 'Inventory', 40, 'txtCurrDsc', 'T'),
(12675, 'txtCurrNo', '@', 8, 'N', 'Y', '-', 'Y', 'OFFERS', 'Text', 'Inventory', 8, 'txtCurrNo', 'T'),
(12676, 'Operation', '@', 11, 'N', 'Y', 'Operation', 'N', 'OFFERS', 'GrdCol', 'Inventory', 494, 'Operation', 'T'),
(12677, 'ApsolutePosition', '@', 11, 'N', 'Y', 'ApsolutePosition', 'N', 'OFFERS', 'GrdCol', 'Inventory', 494, 'ApsolutePosition', 'T'),
(12678, 'INVOICE_BOND_SERIAL', '@', 11, 'N', 'Y', 'INVOICE_BOND_SERIAL', 'N', 'OFFERS', 'GrdCol', 'Inventory', 494, 'INVOICE_BOND_SERIAL', 'T'),
(12679, 'LINE_NO', '@', 11, 'N', 'Y', 'LINE_NO', 'N', 'OFFERS', 'GrdCol', 'Inventory', 494, 'LINE_NO', 'T'),
(12680, 'ITEM_NO', '@', 15, 'Y', 'Y', 'رقم المادة', 'Y', 'OFFERS', 'GrdCol', 'Inventory', 1755, 'ITEM_NO', 'T'),
(12681, 'Description', '@', 119, 'Y', 'Y', 'الوصـــــــــــــــف', 'N', 'OFFERS', 'GrdCol', 'Inventory', 4050, 'Description', 'T'),
(12682, 'Operation', '@', 11, 'N', 'N', 'Operation', 'Y', 'mdMoveItems', 'GrdCol', 'Inventory', 494, 'Operation', 'T'),
(12683, 'FRN_PRICE', '0.0000', 15, 'N', 'Y', 'بالأجنبي*', 'Y', 'OFFERS', 'GrdCol', 'Inventory', 1695, 'FRN_PRICE', 'T'),
(12684, 'ApsolutePosition', '@', 11, 'N', 'N', 'ApsolutePosition', 'Y', 'mdMoveItems', 'GrdCol', 'Inventory', 494, 'ApsolutePosition', 'T'),
(12685, 'INVOICE_BOND_SERIAL', '@', 11, 'N', 'N', 'INVOICE_BOND_SERIAL', 'Y', 'mdMoveItems', 'GrdCol', 'Inventory', 494, 'INVOICE_BOND_SERIAL', 'T'),
(12686, 'Gift', '0', 15, 'N', 'Y', 'هدية', 'Y', 'OFFERS', 'GrdCol', 'Inventory', 1695, 'Gift', 'T'),
(12687, 'LINE_NO', '@', 11, 'N', 'N', 'LINE_NO', 'Y', 'mdMoveItems', 'GrdCol', 'Inventory', 494, 'LINE_NO', 'T'),
(12688, 'ITEM_NO', '@', 12, 'Y', 'N', 'رقم المادة', 'Y', 'mdMoveItems', 'GrdCol', 'Inventory', 1695, 'ITEM_NO', 'T'),
(12689, 'Description', '@', 50, 'Y', 'N', 'الوصف', 'N', 'mdMoveItems', 'GrdCol', 'Inventory', 4199, 'Description', 'T'),
(12690, 'QTY', '0.000', 23, 'Y', 'N', 'الكمية', 'Y', 'mdMoveItems', 'GrdCol', 'Inventory', 1695, 'QTY', 'T'),
(12691, 'Cost', '0.000', 23, 'N', 'N', ' الكلفة', 'Y', 'mdMoveItems', 'GrdCol', 'Inventory', 1695, 'Cost', 'T'),
(12692, 'Store_ID', '@', 11, 'N', 'N', 'Store_ID', 'Y', 'mdMoveItems', 'GrdCol', 'Inventory', 494, 'Store_ID', 'T'),
(12693, 'Status', '@', 1, 'N', 'N', 'Status', 'Y', 'mdMoveItems', 'GrdCol', 'Inventory', 494, 'Status', 'T'),
(12694, 'MOVE_DATE', '@', 19, 'N', 'N', 'MOVE_DATE', 'Y', 'mdMoveItems', 'GrdCol', 'Inventory', 494, 'MOVE_DATE', 'T'),
(12695, 'MOVE_TYPE', '@', 1, 'N', 'N', 'MOVE_TYPE', 'Y', 'mdMoveItems', 'GrdCol', 'Inventory', 494, 'MOVE_TYPE', 'T'),
(12696, 'TAX', '0.000', 23, 'N', 'N', 'Tax', 'Y', 'mdMoveItems', 'GrdCol', 'Inventory', 1005, 'TAX', 'T'),
(12697, 'Discount', '0.0000', 23, 'N', 'N', 'Discount', 'Y', 'mdMoveItems', 'GrdCol', 'Inventory', 1005, 'Discount', 'T'),
(12698, 'Price', '0.000', 23, 'N', 'N', 'Price', 'Y', 'mdMoveItems', 'GrdCol', 'Inventory', 1005, 'Price', 'T'),
(12699, 'Size4', '0.000000', 23, 'N', 'Y', 'Size4', 'Y', 'mdMoveItems', 'GrdCol', 'Inventory', 1005, 'Size4', 'T'),
(12700, 'BATCHNO', '@', 40, 'N', 'Y', 'رقم الخلطة', 'Y', 'mdMoveItems', 'GrdCol', 'Inventory', 1695, 'BATCHNO', 'T'),
(12701, 'cmdConstraints', '@', 0, 'Y', 'Y', '#', 'N', 'OFFERS', 'Command', 'Inventory', 0, 'cmdConstraints', 'T'),
(12702, 'cmdUpdates', '@', 0, 'Y', 'Y', 'التع&ديلات', 'Y', 'OFFERS', 'Command', 'Inventory', 0, 'cmdUpdates', 'T'),
(12703, 'txtSalesInvoiceNo', '@', 0, 'Y', 'Y', 'مدة العرض / يوم', 'Y', 'OFFERS', 'Text', 'Inventory', 8, 'txtSalesInvoiceNo', 'T'),
(12704, 'txtRep_Name', '@', 40, 'N', 'Y', 'frmSales', 'N', 'OFFERS', 'Text', 'Inventory', 40, 'txtRep_Name', 'T'),
(12705, 'cmdFindRep_No', '@', 0, 'N', 'Y', '؟', 'Y', 'OFFERS', 'Command', 'Inventory', 0, 'cmdFindRep_No', 'T'),
(12706, 'txtRep_No', '@', 8, 'N', 'Y', 'frmSales', 'Y', 'OFFERS', 'Text', 'Inventory', 8, 'txtRep_No', 'T'),
(12707, 'txtReciept', '@', 0, 'N', 'Y', 'frmSales', 'Y', 'OFFERS', 'Text', 'Inventory', 0, 'txtReciept', 'T'),
(12708, 'txtArea_Name', '@', 40, 'N', 'Y', 'frmSales', 'N', 'OFFERS', 'Text', 'Inventory', 40, 'txtArea_Name', 'T'),
(12709, 'txtInvClassName', '@', 40, 'N', 'Y', 'frmSales', 'N', 'OFFERS', 'Text', 'Inventory', 40, 'txtInvClassName', 'T'),
(12710, 'txtInvClass', '@', 8, 'N', 'Y', 'frmSales', 'Y', 'OFFERS', 'Text', 'Inventory', 8, 'txtInvClass', 'T'),
(12711, 'txtDate', '@', 0, 'Y', 'Y', 'txtDate', 'Y', 'OFFERS', 'Text', 'Inventory', 0, 'txtDate', 'T'),
(12712, 'txtInvoiceNo', '@', 8, 'Y', 'Y', 'txtInvoiceNo', 'Y', 'OFFERS', 'Text', 'Inventory', 8, 'txtInvoiceNo', 'T'),
(12713, 'txtTransportation', '@', 10, 'N', 'Y', '-', 'Y', 'OFFERS', 'Text', 'Inventory', 16, 'txtTransportation', 'T'),
(12714, 'txtArea_No', '@', 0, 'N', 'Y', '-', 'Y', 'PURCHRET', 'Text', 'Inventory', 0, NULL, 'T'),
(12715, 'txtDiscount', '@', 16, 'Y', 'Y', 'txtDiscount', 'Y', 'OFFERS', 'Text', 'Inventory', 16, 'txtDiscount', 'T'),
(12716, 'txtTax', '@', 16, 'Y', 'Y', 'txtTax', 'Y', 'OFFERS', 'Text', 'Inventory', 16, 'txtTax', 'T'),
(12717, 'txtInvoiceValue', '@', 16, 'Y', 'Y', 'txtInvoiceValue', 'Y', 'OFFERS', 'Text', 'Inventory', 16, 'txtInvoiceValue', 'T'),
(12718, 'cmdFindInvClass', '@', 0, 'N', 'Y', '؟', 'Y', 'OFFERS', 'Command', 'Inventory', 0, 'cmdFindInvClass', 'T'),
(12719, 'txtAccountNo', '@', 8, 'Y', 'Y', 'txtAccountNo', 'Y', 'OFFERS', 'Text', 'Inventory', 8, 'txtAccountNo', 'T'),
(12720, 'txtAccountName', '@', 59, 'Y', 'Y', 'txtAccountName', 'Y', 'OFFERS', 'Text', 'Inventory', 40, 'txtAccountName', 'T'),
(12721, 'cmdFindAccountNo', '@', 0, 'Y', 'Y', '؟', 'Y', 'OFFERS', 'Command', 'Inventory', 0, 'cmdFindAccountNo', 'T'),
(12722, 'txtCustomerName', '@', 59, 'N', 'Y', 'txtCustomerName', 'Y', 'OFFERS', 'Text', 'Inventory', 59, 'txtCustomerName', 'T'),
(12723, 'cmdFindArea_No', '@', 0, 'Y', 'Y', '؟', 'Y', 'OFFERS', 'Command', 'Inventory', 0, 'cmdFindArea_No', 'T'),
(12724, 'txtArea_No', '@', 8, 'N', 'Y', 'frmSales', 'Y', 'OFFERS', 'Text', 'Inventory', 8, 'txtArea_No', 'T'),
(12725, 'chkTaxInclude', '@', 0, 'N', 'Y', 'طباعة الترويسة', 'Y', 'OFFERS', 'CheckBox', 'Inventory', 0, 'chkTaxInclude', 'T'),
(12726, 'txtSubTotal', '@', 16, 'Y', 'Y', 'txtSubTotal', 'Y', 'OFFERS', 'Text', 'Inventory', 16, 'txtSubTotal', 'T'),
(12727, 'txtStoreID', '@', 0, 'N', 'Y', 'txtStoreID', 'N', 'OFFERS', 'Text', 'Inventory', 0, 'txtStoreID', 'T'),
(12728, 'txtUserID', '@', 0, 'N', 'Y', 'txtUserID', 'N', 'OFFERS', 'Text', 'Inventory', 0, 'txtUserID', 'T'),
(12729, 'txtStatus', '@', 0, 'N', 'Y', 'txtStatus', 'N', 'OFFERS', 'Text', 'Inventory', 0, 'txtStatus', 'T'),
(12730, 'txtInvoiceType', '@', 0, 'N', 'Y', 'txtInvoiceType', 'N', 'OFFERS', 'Text', 'Inventory', 0, 'txtInvoiceType', 'T'),
(12731, 'cmdNew', '@', 0, 'Y', 'Y', '&جديد', 'Y', 'OFFERS', 'Command', 'Inventory', 0, 'cmdNew', 'T'),
(12732, 'cmdSave', '@', 0, 'Y', 'Y', '&حفظ', 'Y', 'OFFERS', 'Command', 'Inventory', 0, 'cmdSave', 'T'),
(12733, 'cmdDelete', '@', 0, 'Y', 'Y', 'حذ&ف', 'Y', 'OFFERS', 'Command', 'Inventory', 0, 'cmdDelete', 'T'),
(12734, 'cmdCopy', '@', 0, 'Y', 'Y', 'نســخ', 'Y', 'OFFERS', 'Command', 'Inventory', 0, 'cmdCopy', 'T'),
(12735, 'cmdPast', '@', 0, 'Y', 'Y', 'لصـق', 'Y', 'OFFERS', 'Command', 'Inventory', 0, 'cmdPast', 'T'),
(12736, 'CmdClose', '@', 0, 'Y', 'Y', 'إغلا&ق', 'Y', 'OFFERS', 'Command', 'Inventory', 0, 'CmdClose', 'T'),
(12737, 'cmdPostPrint', '@', 0, 'Y', 'Y', '&ترحيل و طباعة', 'Y', 'OFFERS', 'Command', 'Inventory', 0, 'cmdPostPrint', 'T'),
(12738, 'cmdPrint', '@', 0, 'Y', 'Y', '&طباعة', 'Y', 'OFFERS', 'Command', 'Inventory', 0, 'cmdPrint', 'T'),
(12739, 'dtpDate', '@', 0, 'Y', 'Y', 'dtpDate', 'Y', 'OFFERS', 'dtPicker', 'Inventory', 0, 'dtpDate', 'T'),
(12741, 'Text1', '@', 0, 'Y', 'Y', 'Text1', 'Y', 'OFFERS', 'Text', 'Inventory', 0, 'Text1', 'T'),
(12742, 'lblMesgs', '@', 0, 'Y', 'Y', '', 'Y', 'OFFERS', 'Label', 'Inventory', 0, 'lblMesgs', 'T'),
(12743, 'lblCurr', '@', 0, 'N', 'Y', 'العملة', 'Y', 'OFFERS', 'Label', 'Inventory', 0, 'lblCurr', 'T'),
(12744, 'lblAtt3', '@', 0, 'Y', 'Y', 'مدة الكفالة', '-', 'OFFERS', 'Label', 'Inventory', 0, 'lblAtt3', 'T'),
(12745, 'lblAtt4', '@', 0, 'Y', 'Y', 'طريقة الدفع', '-', 'OFFERS', 'Label', 'Inventory', 0, 'lblAtt4', 'T'),
(12746, 'lblAtt2', '@', 0, 'Y', 'Y', '', '-', 'OFFERS', 'Label', 'Inventory', 0, 'lblAtt2', 'T'),
(12747, 'lblNotes', '@', 0, 'N', 'Y', 'ملاحظات', 'Y', 'OFFERS', 'Label', 'Inventory', 0, 'lblNotes', 'T'),
(12748, 'lblAtt1', '@', 0, 'Y', 'Y', 'ملاحظات', 'Y', 'OFFERS', 'Label', 'Inventory', 0, 'lblAtt1', 'T'),
(12749, 'lblFrnTotal', '@', 0, 'N', 'Y', 'المجموع بالأجنبي', 'Y', 'OFFERS', 'Label', 'Inventory', 0, 'lblFrnTotal', 'T'),
(12750, 'lblExRate', '@', 0, 'N', 'Y', 'سعر التحويل', 'Y', 'OFFERS', 'Label', 'Inventory', 0, 'lblExRate', 'T'),
(12751, 'LblSalesInvoiceNo', '@', 0, 'Y', 'Y', 'مدة العرض / يوم', 'Y', 'OFFERS', 'Label', 'Inventory', 0, 'LblSalesInvoiceNo', 'T'),
(12752, 'LblInvoiceValue', '@', 0, 'Y', 'Y', 'صافي الفاتورة', 'Y', 'OFFERS', 'Label', 'Inventory', 0, 'LblInvoiceValue', 'T'),
(12753, 'lblReceipt', '@', 0, 'N', 'Y', 'سند التسليم', 'Y', 'OFFERS', 'Label', 'Inventory', 0, 'lblReceipt', 'T'),
(12754, 'lblInvClass', '@', 0, 'Y', 'Y', 'فاتورة', 'Y', 'OFFERS', 'Label', 'Inventory', 0, 'lblInvClass', 'T'),
(12755, 'lblTransportation', '@', 0, 'N', 'Y', 'اجور نقل', 'Y', 'OFFERS', 'Label', 'Inventory', 0, 'lblTransportation', 'T'),
(12756, 'LblRep_No', '@', 0, 'Y', 'Y', 'المندوب', 'Y', 'OFFERS', 'Label', 'Inventory', 0, 'LblRep_No', 'T'),
(12757, 'LblAREA_nO', '@', 0, 'Y', 'Y', 'المنطقة', 'Y', 'OFFERS', 'Label', 'Inventory', 0, 'LblAREA_nO', 'T'),
(12758, 'lblStore', '@', 0, 'N', 'Y', 'المستودع', 'Y', 'OFFERS', 'Label', 'Inventory', 0, 'lblStore', 'T'),
(12759, 'Label1', '@', 0, 'N', 'Y', 'UserID', 'Y', 'OFFERS', 'Label', 'Inventory', 0, 'Label1', 'T'),
(12760, 'lblPosted', '@', 0, 'N', 'Y', 'Status', 'Y', 'OFFERS', 'Label', 'Inventory', 0, 'lblPosted', 'T'),
(12761, 'lblInvoiceType', '@', 0, 'N', 'Y', 'InvoiceType', 'Y', 'OFFERS', 'Label', 'Inventory', 0, 'lblInvoiceType', 'T'),
(12762, 'LblInvoiceNo', '@', 0, 'Y', 'Y', 'رقم العرض', 'Y', 'OFFERS', 'Label', 'Inventory', 0, 'LblInvoiceNo', 'T'),
(12763, 'Lbdate', '@', 0, 'Y', 'Y', 'التاريخ', 'Y', 'OFFERS', 'Label', 'Inventory', 0, 'Lbdate', 'T'),
(12764, 'LblAcNo', '@', 0, 'Y', 'Y', 'رقم الحساب', 'Y', 'OFFERS', 'Label', 'Inventory', 0, 'LblAcNo', 'T'),
(12765, 'LblCustomerName', '@', 0, 'Y', 'Y', 'العميل', 'Y', 'OFFERS', 'Label', 'Inventory', 0, 'LblCustomerName', 'T'),
(12766, 'LblSubTotal', '@', 0, 'Y', 'Y', 'المجموع الكلي', 'Y', 'OFFERS', 'Label', 'Inventory', 0, 'LblSubTotal', 'T'),
(12767, 'LblDiscount', '@', 0, 'Y', 'Y', 'الخصم', 'Y', 'OFFERS', 'Label', 'Inventory', 0, 'LblDiscount', 'T'),
(12768, 'LblTax', '@', 0, 'Y', 'Y', 'ضريبة المبيعات', 'Y', 'OFFERS', 'Label', 'Inventory', 0, 'LblTax', 'T'),
(12769, 'cmdFindStore', '@', 0, 'N', 'Y', '؟', 'Y', 'PURCHINV', 'Command', 'Inventory', 0, 'cmdFindStore', 'T'),
(12770, 'txtStoreName', '@', 40, 'N', 'Y', 'txtStoreName', 'N', 'PURCHINV', 'Text', 'Inventory', 40, 'txtStoreName', 'T'),
(12771, 'cmdEditFormProps', '@', 0, 'N', 'Y', '-------------', 'N', 'PURCHINV', 'Command', 'Inventory', 0, 'cmdEditFormProps', 'T'),
(12772, 'cmdFindAtt2', '@', 0, 'N', 'Y', '؟', 'Y', 'PURCHINV', 'Command', 'Inventory', 0, 'cmdFindAtt2', 'T'),
(12773, 'txtAtt2', '@', 8, 'N', 'Y', 'رقم البيان', 'Y', 'PURCHINV', 'Text', 'Inventory', 8, 'txtAtt2', 'T'),
(12774, 'txtAtt3', '@', 2, 'N', 'Y', 'مدة الكفالة', 'Y', 'PURCHINV', 'Text', 'Inventory', 255, 'txtAtt3', 'T'),
(12775, 'txtAtt4', '@', 25, 'Y', 'Y', 'سند التسليم', 'Y', 'PURCHINV', 'Text', 'Inventory', 255, 'txtAtt4', 'T'),
(12776, 'txtAtt2Dsc', '@', 80, 'N', 'Y', 'البيان الجمركي', 'N', 'PURCHINV', 'Text', 'Inventory', 255, 'txtAtt2Dsc', 'T'),
(12777, 'txtTaxb4Disc', '@', 0, 'N', 'Y', 'txtTaxb4Disc', 'N', 'PURCHINV', 'Text', 'Inventory', 0, 'txtTaxb4Disc', 'T'),
(12778, 'txtNotes', '@', 255, 'Y', 'Y', 'ملاحظات', 'Y', 'PURCHINV', 'Text', 'Inventory', 255, 'txtNotes', 'T'),
(12779, 'txtAtt1', '@', 256, 'N', 'Y', 'أرقام القطع', 'Y', 'PURCHINV', 'Text', 'Inventory', 255, 'txtAtt1', 'T'),
(12780, 'txtFrnTotal', '@', 16, 'Y', 'Y', '-', 'Y', 'PURCHINV', 'Text', 'Inventory', 16, 'txtFrnTotal', 'T'),
(12781, 'txtExRate', '@', 12, 'Y', 'Y', '-', 'Y', 'PURCHINV', 'Text', 'Inventory', 12, 'txtExRate', 'T'),
(12782, 'cmdFindCurr', '@', 0, 'Y', 'Y', '؟', 'Y', 'PURCHINV', 'Command', 'Inventory', 0, 'cmdFindCurr', 'T'),
(12783, 'txtCurrDsc', '@', 40, 'Y', 'Y', '-', 'Y', 'PURCHINV', 'Text', 'Inventory', 40, 'txtCurrDsc', 'T'),
(12784, 'txtCurrNo', '@', 8, 'Y', 'Y', '-', 'Y', 'PURCHINV', 'Text', 'Inventory', 8, 'txtCurrNo', 'T'),
(12785, 'Operation', '@', 15, 'N', 'Y', 'Operation', 'N', 'PURCHINV', 'GrdCol', 'Inventory', 494, 'Operation', 'T'),
(12786, 'ApsolutePosition', '@', 40, 'N', 'Y', 'ApsolutePosition', 'N', 'PURCHINV', 'GrdCol', 'Inventory', 494, 'ApsolutePosition', 'T'),
(12787, 'INVOICE_BOND_SERIAL', '@', 15, 'N', 'Y', 'INVOICE_BOND_SERIAL', 'N', 'PURCHINV', 'GrdCol', 'Inventory', 494, 'INVOICE_BOND_SERIAL', 'T'),
(12788, 'LINE_NO', '@', 15, 'N', 'Y', 'LINE_NO', 'N', 'PURCHINV', 'GrdCol', 'Inventory', 494, 'LINE_NO', 'T'),
(12789, 'Description', '@', 119, 'Y', 'Y', 'الوصف', 'N', 'mdPReciept', 'GrdCol', 'Inventory', 4394, 'Description', 'T'),
(12790, 'QTY', '0.000', 23, 'Y', 'Y', 'الكمية', 'Y', 'mdPReciept', 'GrdCol', 'Inventory', 1395, 'QTY', 'T'),
(12791, 'Cost', '0.000', 23, 'N', 'Y', 'الكلفة', 'N', 'mdPReciept', 'GrdCol', 'Inventory', 1200, 'Cost', 'T'),
(12792, 'Store_ID', '@', 11, 'N', 'Y', 'STORE_ID', 'N', 'mdPReciept', 'GrdCol', 'Inventory', 494, 'Store_ID', 'T'),
(12793, 'Status', '@', 1, 'N', 'Y', 'Status', 'N', 'mdPReciept', 'GrdCol', 'Inventory', 494, 'Status', 'T'),
(12794, 'MOVE_DATE', '@', 19, 'N', 'Y', 'MOVE_DATE', 'N', 'mdPReciept', 'GrdCol', 'Inventory', 494, 'MOVE_DATE', 'T'),
(12795, 'MOVE_TYPE', '@', 1, 'N', 'Y', 'MOVE_TYPE', 'N', 'mdPReciept', 'GrdCol', 'Inventory', 494, 'MOVE_TYPE', 'T'),
(12796, 'TAX', '0.000', 23, 'N', 'Y', 'Tax', 'N', 'mdPReciept', 'GrdCol', 'Inventory', 1005, 'TAX', 'T'),
(12797, 'Discount', '0.0000', 23, 'N', 'Y', 'Discount', 'N', 'mdPReciept', 'GrdCol', 'Inventory', 1005, 'Discount', 'T'),
(12798, 'Price', '0.000', 23, 'N', 'Y', 'Price', 'N', 'mdPReciept', 'GrdCol', 'Inventory', 1005, 'Price', 'T'),
(12799, 'Size4', '0.000000', 23, 'N', 'Y', 'Size4', 'N', 'mdPReciept', 'GrdCol', 'Inventory', 1005, 'Size4', 'T'),
(12800, 'txtNotes', '@', 0, 'Y', 'Y', 'mdPReciept', 'Y', 'mdPReciept', 'Text', 'Inventory', 0, 'txtNotes', 'T'),
(12801, 'cmdFindToStoreNo', '@', 0, 'N', 'Y', '؟', 'N', 'mdPReciept', 'Command', 'Inventory', 0, 'cmdFindToStoreNo', 'T'),
(12802, 'txtToStoreName', '@', 40, 'N', 'Y', 'mdPReciept', 'N', 'mdPReciept', 'Text', 'Inventory', 40, 'txtToStoreName', 'T'),
(12803, 'txtToStoreNo', '@', 8, 'N', 'Y', 'mdPReciept', 'N', 'mdPReciept', 'Text', 'Inventory', 8, 'txtToStoreNo', 'T'),
(12804, 'CmdClose', '@', 0, 'Y', 'Y', 'إغلا&ق', 'Y', 'mdPReciept', 'Command', 'Inventory', 0, 'CmdClose', 'T'),
(12805, 'cmdPast', '@', 0, 'Y', 'Y', 'لصـق', 'N', 'mdPReciept', 'Command', 'Inventory', 0, 'cmdPast', 'T'),
(12806, 'cmdCopy', '@', 0, 'Y', 'Y', 'نســخ', 'N', 'mdPReciept', 'Command', 'Inventory', 0, 'cmdCopy', 'T'),
(12807, 'cmdDelete', '@', 0, 'Y', 'Y', 'ح&ذف', 'N', 'mdPReciept', 'Command', 'Inventory', 0, 'cmdDelete', 'T'),
(12808, 'CmdClose', '@', 0, 'Y', 'Y', 'إغلا&ق', 'Y', 'sfFinReports', 'Command', 'Accounting', 0, 'CmdClose', 'T'),
(12809, 'cmdSave', '@', 0, 'Y', 'Y', '&حفظ', 'Y', 'sfFinReports', 'Command', 'Accounting', 0, 'cmdSave', 'T'),
(12810, 'cmdDelete', '@', 0, 'Y', 'Y', 'ح&ذف', 'N', 'sfFinReports', 'Command', 'Accounting', 0, 'cmdDelete', 'T'),
(12811, 'cmdEditFormProps', '@', 0, 'Y', 'Y', '----', 'Y', 'sfFinReports', 'Command', 'Accounting', 0, 'cmdEditFormProps', 'T'),
(12812, 'chkPageBrk', '@', 1, 'Y', 'Y', 'فاصل - صفحة', 'Y', 'sfFinReports', 'CheckBox', 'Accounting', 0, 'chkPageBrk', 'T'),
(12813, 'cmdBottomLine', '@', 0, 'Y', 'Y', '', 'Y', 'sfFinReports', 'Command', 'Accounting', 0, 'cmdBottomLine', 'T'),
(12814, 'cmdTopLine', '@', 0, 'Y', 'Y', '', 'Y', 'sfFinReports', 'Command', 'Accounting', 0, 'cmdTopLine', 'T'),
(12815, 'chkUline', '@', 1, 'Y', 'Y', 'مسطر', 'Y', 'sfFinReports', 'CheckBox', 'Accounting', 0, 'chkUline', 'T'),
(12816, 'frSide', '@', 0, 'Y', 'Y', 'الموضع', 'Y', 'sfFinReports', 'Frame', 'Accounting', 0, 'frSide', 'T'),
(12817, 'opRight', '@', 0, 'Y', 'Y', 'يمين', 'Y', 'sfFinReports', 'OptionButton', 'Accounting', 0, 'opRight', 'T'),
(12818, 'OpLeft', '@', 0, 'Y', 'Y', 'يسار', 'Y', 'sfFinReports', 'OptionButton', 'Accounting', 0, 'OpLeft', 'T'),
(12819, 'cmdFindGroup', '@', 0, 'Y', 'Y', '؟', 'Y', 'sfFinReports', 'Command', 'Accounting', 0, 'cmdFindGroup', 'T'),
(12820, 'txtGroupName', '@', 50, 'Y', 'Y', 'sfFinReports', 'N', 'sfFinReports', 'Text', 'Accounting', 50, 'txtGroupName', 'T'),
(12821, 'txtGroupNo', '@', 8, 'Y', 'Y', 'sfFinReports', 'Y', 'sfFinReports', 'Text', 'Accounting', 8, 'txtGroupNo', 'T'),
(12822, 'txtLineNo', '@', 8, 'Y', 'Y', 'sfFinReports', 'Y', 'sfFinReports', 'Text', 'Accounting', 8, 'txtLineNo', 'T'),
(12823, 'txtDsc', '@', 0, 'Y', 'Y', 'sfFinReports', 'Y', 'sfFinReports', 'Text', 'Accounting', 0, 'txtDsc', 'T'),
(12824, 'txtRepFileName', '@', 0, 'Y', 'Y', 'sfFinReports', 'Y', 'sfFinReports', 'Text', 'Accounting', 0, 'txtRepFileName', 'T'),
(12825, 'txtTitle', '@', 0, 'Y', 'Y', 'sfFinReports', 'Y', 'sfFinReports', 'Text', 'Accounting', 0, 'txtTitle', 'T'),
(12826, 'frAlign', '@', 0, 'Y', 'Y', 'المحاذاة', 'Y', 'sfFinReports', 'Frame', 'Accounting', 0, 'frAlign', 'T'),
(12827, 'opAlignLeft', '@', 0, 'Y', 'Y', 'يسار', 'Y', 'sfFinReports', 'OptionButton', 'Accounting', 0, 'opAlignLeft', 'T'),
(12828, 'opAlignCenter', '@', 0, 'Y', 'Y', 'وسط', 'Y', 'sfFinReports', 'OptionButton', 'Accounting', 0, 'opAlignCenter', 'T'),
(12829, 'opAlignRight', '@', 0, 'Y', 'Y', 'يمين', 'Y', 'sfFinReports', 'OptionButton', 'Accounting', 0, 'opAlignRight', 'T'),
(12830, 'frSuppress', '@', 0, 'Y', 'Y', 'الظهور', 'Y', 'sfFinReports', 'Frame', 'Accounting', 0, 'frSuppress', 'T'),
(12831, 'opSuppressVal', '@', 0, 'Y', 'Y', 'إخفاء القيمة', 'Y', 'sfFinReports', 'OptionButton', 'Accounting', 0, 'opSuppressVal', 'T'),
(12832, 'opSuppressLine', '@', 0, 'Y', 'Y', 'إخفاء الجميع', 'Y', 'sfFinReports', 'OptionButton', 'Accounting', 0, 'opSuppressLine', 'T'),
(12833, 'opNoSuppress', '@', 0, 'Y', 'Y', 'إظهار الجميع', 'Y', 'sfFinReports', 'OptionButton', 'Accounting', 0, 'opNoSuppress', 'T'),
(12834, 'opAddAllAcc', '@', 0, 'Y', 'Y', 'أو جميع الحسابات التي تبدأ بالرقم', 'Y', 'sfFinReports', 'OptionButton', 'Accounting', 0, 'opAddAllAcc', 'T'),
(12835, 'cmdUpdate', '@', 0, 'Y', 'Y', '<<', 'Y', 'sfFinReports', 'Command', 'Accounting', 0, 'cmdUpdate', 'T'),
(12836, 'Column0', '', 0, 'N', 'Y', 'الرقم', 'Y', 'sfFinReports', 'GrdCol', 'Accounting', 0, '', 'T'),
(12837, 'Column1', '', 0, 'Y', 'Y', 'البيان', 'Y', 'sfFinReports', 'GrdCol', 'Accounting', 0, '', 'T'),
(12838, 'Column2', '', 0, 'Y', 'Y', 'المجموعة', 'Y', 'sfFinReports', 'GrdCol', 'Accounting', 0, '', 'T'),
(12839, 'Column3', '', 0, 'Y', 'Y', ' إسم المجموعة', 'Y', 'sfFinReports', 'GrdCol', 'Accounting', 0, '', 'T'),
(12840, 'Column4', '', 0, 'Y', 'Y', 'الترتيب', 'Y', 'sfFinReports', 'GrdCol', 'Accounting', 0, '', 'T'),
(12841, 'Column5', '', 0, 'N', 'Y', 'الموضع', 'Y', 'sfFinReports', 'GrdCol', 'Accounting', 0, '', 'T'),
(12842, 'Column6', '', 0, 'N', 'Y', 'الظهور', 'Y', 'sfFinReports', 'GrdCol', 'Accounting', 0, '', 'T'),
(12843, 'Column7', '', 0, 'N', 'Y', 'المحاذاة', 'Y', 'sfFinReports', 'GrdCol', 'Accounting', 0, '', 'T'),
(12844, 'Column8', '', 0, 'N', 'Y', 'مميز', 'Y', 'sfFinReports', 'GrdCol', 'Accounting', 0, '', 'T'),
(12845, 'Column9', '', 0, 'N', 'Y', 'مسطر', 'Y', 'sfFinReports', 'GrdCol', 'Accounting', 0, '', 'T'),
(12846, 'Column10', '', 0, 'N', 'Y', 'فاصل', 'Y', 'sfFinReports', 'GrdCol', 'Accounting', 0, '', 'T'),
(12847, 'Column11', '', 0, 'N', 'Y', 'خط-فوق', 'Y', 'sfFinReports', 'GrdCol', 'Accounting', 0, '', 'T'),
(12848, 'Column12', '', 0, 'N', 'Y', 'خط-تحت', 'Y', 'sfFinReports', 'GrdCol', 'Accounting', 0, '', 'T');
INSERT INTO `sys_options` (`id`, `field_name`, `format`, `data_len`, `visible`, `nulluble`, `caption`, `enabled`, `form_id`, `field_type`, `sys_name`, `view_len`, `ecaption`, `trial595`) VALUES
(12849, 'chkBold', '@', 1, 'Y', 'Y', 'مميز (بولد)', 'Y', 'sfFinReports', 'CheckBox', 'Accounting', 0, 'chkBold', 'T'),
(12850, 'cmdDel', '@', 0, 'Y', 'Y', '-', 'Y', 'sfFinReports', 'Command', 'Accounting', 0, 'cmdDel', 'T'),
(12851, 'cmdAdd', '@', 0, 'Y', 'Y', '+', 'Y', 'sfFinReports', 'Command', 'Accounting', 0, 'cmdAdd', 'T'),
(12852, 'txtRepId', '@', 8, 'Y', 'Y', 'sfFinReports', 'Y', 'sfFinReports', 'Text', 'Accounting', 8, 'txtRepId', 'T'),
(12853, 'txtRepName', '@', 0, 'Y', 'Y', 'sfFinReports', 'Y', 'sfFinReports', 'Text', 'Accounting', 0, 'txtRepName', 'T'),
(12854, 'cmdfindRep', '@', 0, 'Y', 'Y', '؟', 'Y', 'sfFinReports', 'Command', 'Accounting', 0, 'cmdfindRep', 'T'),
(12855, 'lblMesgs', '@', 0, 'Y', 'Y', '', 'Y', 'sfFinReports', 'Label', 'Accounting', 0, 'lblMesgs', 'T'),
(12856, 'lblBottomLine', '@', 1, 'Y', 'Y', 'خط تحت', 'Y', 'sfFinReports', 'Label', 'Accounting', 0, 'lblBottomLine', 'T'),
(12857, 'lblTopLine', '@', 1, 'Y', 'Y', 'خط - فوق', 'Y', 'sfFinReports', 'Label', 'Accounting', 0, 'lblTopLine', 'T'),
(12858, 'lblGroup', '@', 1, 'Y', 'Y', 'المجموعة', 'Y', 'sfFinReports', 'Label', 'Accounting', 0, 'lblGroup', 'T'),
(12859, 'lblLineNo', '@', 1, 'Y', 'Y', 'الترتيب', 'Y', 'sfFinReports', 'Label', 'Accounting', 0, 'lblLineNo', 'T'),
(12860, 'lblDsc', '@', 1, 'Y', 'Y', 'البيان', 'Y', 'sfFinReports', 'Label', 'Accounting', 0, 'lblDsc', 'T'),
(12861, 'lblRepFileName', '@', 1, 'Y', 'Y', 'إسم الملف', 'Y', 'sfFinReports', 'Label', 'Accounting', 0, 'lblRepFileName', 'T'),
(12862, 'lblTitle', '@', 1, 'Y', 'Y', 'العنوان', 'Y', 'sfFinReports', 'Label', 'Accounting', 0, 'lblTitle', 'T'),
(12863, 'lblReport', '@', 1, 'Y', 'Y', 'التقرير', 'Y', 'sfFinReports', 'Label', 'Accounting', 0, 'lblReport', 'T'),
(12864, 'cmdSave', '@', 0, 'Y', 'Y', '&حفظ', 'Y', 'mdPReciept', 'Command', 'Inventory', 0, 'cmdSave', 'T'),
(12865, 'txtSuppInvNo', '@', 20, 'N', 'Y', 'mdPReciept', 'Y', 'mdPReciept', 'Text', 'Inventory', 20, 'txtSuppInvNo', 'T'),
(12866, 'txtSuppNo', '@', 8, 'N', 'Y', 'mdPReciept', 'Y', 'mdPReciept', 'Text', 'Inventory', 8, 'txtSuppNo', 'T'),
(12867, 'txtSuppName', '@', 40, 'N', 'Y', 'mdPReciept', 'N', 'mdPReciept', 'Text', 'Inventory', 40, 'txtSuppName', 'T'),
(12868, 'cmdFindSuppNo', '@', 0, 'N', 'Y', '؟', 'Y', 'mdPReciept', 'Command', 'Inventory', 0, 'cmdFindSuppNo', 'T'),
(12869, 'txtBondNo', '@', 8, 'Y', 'Y', 'mdPReciept', 'Y', 'mdPReciept', 'Text', 'Inventory', 8, 'txtBondNo', 'T'),
(12870, 'txtDate', '@', 0, 'Y', 'Y', 'mdPReciept', 'Y', 'mdPReciept', 'Text', 'Inventory', 0, 'txtDate', 'T'),
(12871, 'txtStoreNo', '@', 8, 'N', 'Y', 'mdPReciept', 'N', 'mdPReciept', 'Text', 'Inventory', 8, 'txtStoreNo', 'T'),
(12872, 'txtStoreName', '@', 40, 'N', 'Y', 'mdPReciept', 'N', 'mdPReciept', 'Text', 'Inventory', 40, 'txtStoreName', 'T'),
(12873, 'cmdFindStoreNo', '@', 0, 'N', 'Y', '؟', 'N', 'mdPReciept', 'Command', 'Inventory', 0, 'cmdFindStoreNo', 'T'),
(12874, 'txtUserID', '@', 0, 'N', 'Y', 'mdPReciept', 'N', 'mdPReciept', 'Text', 'Inventory', 0, 'txtUserID', 'T'),
(12875, 'ITEM_NO', '@', 15, 'Y', 'Y', 'رقم المادة', 'Y', 'PURCHINV', 'GrdCol', 'Inventory', 1755, 'ITEM_NO', 'T'),
(12876, 'Description', '@', 119, 'Y', 'Y', 'الوصف', 'N', 'PURCHINV', 'GrdCol', 'Inventory', 4050, 'Description', 'T'),
(12877, 'QTY', '0.000', 15, 'Y', 'Y', 'الكمية', 'Y', 'PURCHINV', 'GrdCol', 'Inventory', 1695, 'QTY', 'T'),
(12878, 'FRN_PRICE', '0.0000', 15, 'Y', 'Y', 'بالاجنبي', 'Y', 'PURCHINV', 'GrdCol', 'Inventory', 1695, 'FRN_PRICE', 'T'),
(12879, 'VATPrice', '0.000', 23, 'N', 'Y', 'السعر شامل', 'Y', 'PURCHINV', 'GrdCol', 'Inventory', 1695, 'VATPrice', 'T'),
(12880, 'Price', '0.0000', 23, 'Y', 'Y', 'السعر', 'Y', 'PURCHINV', 'GrdCol', 'Inventory', 1695, 'Price', 'T'),
(12881, 'ItemDiscount', '0.00', 14, 'Y', 'N', 'الخصم %', 'Y', 'PURCHINV', 'GrdCol', 'Inventory', 1695, 'ItemDiscount', 'T'),
(12882, 'Gift', '0', 15, 'N', 'Y', 'هدية', 'N', 'PURCHINV', 'GrdCol', 'Inventory', 1695, 'Gift', 'T'),
(12883, 'Total', '0.000', 15, 'Y', 'Y', 'المجموع', 'N', 'PURCHINV', 'GrdCol', 'Inventory', 1995, 'Total', 'T'),
(12884, 'Status', '@', 15, 'N', 'Y', 'Status', 'N', 'PURCHINV', 'GrdCol', 'Inventory', 494, 'Status', 'T'),
(12885, 'MOVE_DATE', '@', 15, 'N', 'Y', 'MOVE_DATE', 'N', 'PURCHINV', 'GrdCol', 'Inventory', 494, 'MOVE_DATE', 'T'),
(12886, 'MOVE_TYPE', '@', 15, 'N', 'Y', 'MOVE_TYPE', 'N', 'PURCHINV', 'GrdCol', 'Inventory', 494, 'MOVE_TYPE', 'T'),
(12887, 'Tax', '0.0000', 15, 'N', 'Y', 'Tax', 'N', 'PURCHINV', 'GrdCol', 'Inventory', 494, 'Tax', 'T'),
(12888, 'TaxValue', '@', 15, 'N', 'Y', 'TaxValue', 'N', 'PURCHINV', 'GrdCol', 'Inventory', 1005, 'TaxValue', 'T'),
(12889, 'DiscountValue', '0.0000', 15, 'N', 'Y', 'DiscountValue', 'N', 'PURCHINV', 'GrdCol', 'Inventory', 1005, 'DiscountValue', 'T'),
(12890, 'Cost', '0.000', 15, 'N', 'Y', 'Cost', 'N', 'PURCHINV', 'GrdCol', 'Inventory', 1005, 'Cost', 'T'),
(12891, 'Size4', '0.000000', 15, 'N', 'Y', 'Size4', 'N', 'PURCHINV', 'GrdCol', 'Inventory', 1005, 'Size4', 'T'),
(12892, 'NetPrice', '0.0000', 15, 'N', 'Y', 'صافي السعر', 'N', 'PURCHINV', 'GrdCol', 'Inventory', 1005, 'NetPrice', 'T'),
(12893, 'cmdFindId', '@', 0, 'Y', 'Y', '؟', 'Y', 'sfCustom', 'Command', 'Inventory', 0, 'cmdFindId', 'T'),
(12894, 'cmdNew', '@', 0, 'Y', 'Y', '&جديد', 'Y', 'sfCustom', 'Command', 'Inventory', 0, 'cmdNew', 'T'),
(12895, 'cmdClose', '@', 0, 'Y', 'Y', 'إغلا&ق', 'Y', 'sfCustom', 'Command', 'Inventory', 0, 'cmdClose', 'T'),
(12896, 'cmdDelete', '@', 0, 'Y', 'Y', 'ح&ذف', 'N', 'sfCustom', 'Command', 'Inventory', 0, 'cmdDelete', 'T'),
(12897, 'cmdSave', '@', 0, 'Y', 'Y', '&حفظ', 'Y', 'sfCustom', 'Command', 'Inventory', 0, 'cmdSave', 'T'),
(12898, 'txtDsc', '@', 80, 'Y', 'Y', 'sfCustom', 'Y', 'sfCustom', 'Text', 'Inventory', 80, 'txtDsc', 'T'),
(12899, 'cmdClose', '@', 1, 'Y', 'Y', 'إغلا&ق', 'Y', 'sfFinUserVals', 'CommandButton', 'ACCOUNTING', 1, '', 'T'),
(12900, 'cmdDelete', '@', 1, 'Y', 'Y', 'ح&ذف', 'Y', 'sfFinUserVals', 'CommandButton', 'ACCOUNTING', 1, '', 'T'),
(12901, 'cmdSave', '@', 1, 'Y', 'Y', '&حفظ', 'Y', 'sfFinUserVals', 'CommandButton', 'ACCOUNTING', 1, '', 'T'),
(12902, 'txtDsc', '@', 59, 'Y', 'Y', '', 'Y', 'sfFinUserVals', 'TextBox', 'ACCOUNTING', 59, '', 'T'),
(12903, 'txtValId', '@', 8, 'Y', 'Y', '', 'Y', 'sfFinUserVals', 'TextBox', 'ACCOUNTING', 8, '', 'T'),
(12904, 'BATCHDT', 'yyyy/mm/dd', 19, 'N', 'Y', 'الصلاحية', 'N', 'mdMoveItems', 'GrdCol', 'Inventory', 1695, 'BATCHDT', 'T'),
(12905, 'BATCHID', '@', 11, 'N', 'Y', 'BATCHID', 'Y', 'mdMoveItems', 'GrdCol', 'Inventory', 794, 'BATCHID', 'T'),
(12906, 'Label2', '@', 0, 'Y', 'N', 'ملاحظات', 'Y', 'mdMoveItems', 'Label', 'Inventory', 0, 'Label2', 'T'),
(12907, 'lblToStore', '@', 0, 'Y', 'N', 'إلى مستودع', 'Y', 'mdMoveItems', 'Label', 'Inventory', 0, 'lblToStore', 'T'),
(12908, 'LblStoreNo', '@', 0, 'Y', 'N', 'من مستودع', 'Y', 'mdMoveItems', 'Label', 'Inventory', 0, 'LblStoreNo', 'T'),
(12909, 'LblInvoiceNo', '@', 0, 'Y', 'N', 'رقم السند', 'Y', 'mdMoveItems', 'Label', 'Inventory', 0, 'LblInvoiceNo', 'T'),
(12910, 'txtAccName', '@', 50, 'Y', 'Y', '', 'Y', 'sfAccGroups', 'TextBox', 'ACCOUNTING', 50, '', 'T'),
(12911, 'txtAccNo', '@', 8, 'Y', 'Y', '', 'Y', 'sfAccGroups', 'TextBox', 'ACCOUNTING', 8, '', 'T'),
(12912, 'txtAllAcc', '@', 0, 'Y', 'Y', '', 'Y', 'sfAccGroups', 'TextBox', 'ACCOUNTING', 0, '', 'T'),
(12913, 'txtOnHand', '@', 0, 'Y', 'Y', '', 'Y', 'sfBatchInfo', 'TextBox', 'INVENTORY', 0, '', 'T'),
(12914, 'txtAWC', '@', 0, 'Y', 'Y', '', 'Y', 'sfBatchInfo', 'TextBox', 'INVENTORY', 0, '', 'T'),
(12915, 'cmdNew', '@', 1, 'Y', 'Y', '&جديد', 'Y', 'sfBatchInfo', 'CommandButton', 'INVENTORY', 1, '', 'T'),
(12916, 'txtDt', '@', 10, 'Y', 'Y', '', 'Y', 'sfBatchInfo', 'TextBox', 'INVENTORY', 10, '', 'T'),
(12917, 'txtMfgDt', '@', 10, 'Y', 'Y', '', 'Y', 'sfBatchInfo', 'TextBox', 'INVENTORY', 10, '', 'T'),
(12918, 'cmdFindItemNo', '@', 1, 'Y', 'Y', '؟', 'Y', 'sfBatchInfo', 'CommandButton', 'INVENTORY', 1, '', 'T'),
(12919, 'opCROnly', '@', 1, 'Y', 'Y', 'الدائن فقط', 'Y', 'sfAccGroups', 'OptionButton', 'ACCOUNTING', 1, '', 'T'),
(12920, 'opDBOnly', '@', 1, 'Y', 'Y', 'المدين فقط', 'Y', 'sfAccGroups', 'OptionButton', 'ACCOUNTING', 1, '', 'T'),
(12921, 'opDBCR', '@', 1, 'Y', 'Y', 'الدائن والمدين', 'Y', 'sfAccGroups', 'OptionButton', 'ACCOUNTING', 1, '', 'T'),
(12922, 'txtItemNo', '@', 24, 'Y', 'Y', '', 'Y', 'sfBatchInfo', 'TextBox', 'INVENTORY', 24, '', 'T'),
(12923, 'txtItemDsc', '@', 119, 'Y', 'Y', '', 'N', 'sfBatchInfo', 'TextBox', 'INVENTORY', 39, '', 'T'),
(12924, 'txtRemarks', '@', 60, 'Y', 'Y', '', 'Y', 'sfBatchInfo', 'TextBox', 'INVENTORY', 60, '', 'T'),
(12925, 'txtVal', '@', 12, 'Y', 'Y', '', 'Y', 'sfBatchInfo', 'TextBox', 'INVENTORY', 12, '', 'T'),
(12926, 'txtQtyIn', '@', 0, 'Y', 'Y', '', 'Y', 'sfBatchInfo', 'TextBox', 'INVENTORY', 0, '', 'T'),
(12927, 'txtQtyOut', '@', 0, 'Y', 'Y', '', 'Y', 'sfBatchInfo', 'TextBox', 'INVENTORY', 0, '', 'T'),
(12928, 'txtNotes', '@', 250, 'Y', 'Y', '', 'Y', 'sfBatchInfo', 'TextBox', 'INVENTORY', 250, '', 'T'),
(12929, 'txtBatchNo', '@', 29, 'Y', 'Y', '', 'Y', 'sfBatchInfo', 'TextBox', 'INVENTORY', 29, '', 'T'),
(12930, 'cmdClose', '@', 1, 'Y', 'Y', 'إغلا&ق', 'Y', 'sfBatchInfo', 'CommandButton', 'INVENTORY', 1, '', 'T'),
(12931, 'CmdDelete', '@', 1, 'Y', 'Y', 'ح&ذف', 'Y', 'sfBatchInfo', 'CommandButton', 'INVENTORY', 1, '', 'T'),
(12932, 'CmdSave', '@', 1, 'Y', 'Y', '&حفظ', 'Y', 'sfBatchInfo', 'CommandButton', 'INVENTORY', 1, '', 'T'),
(12933, 'BATCHID', '', 11, 'N', 'Y', 'BATCHID', 'N', 'sfBatchInfo', 'Column', 'INVENTORY', 11, '', 'T'),
(12934, 'BATCHNO', '', 13, 'N', 'Y', 'رقم الباتش', 'Y', 'sfBatchInfo', 'Column', 'INVENTORY', 13, '', 'T'),
(12935, 'DT', '@', 19, 'Y', 'Y', 'الصلاحية', 'Y', 'sfBatchInfo', 'Column', 'INVENTORY', 19, '', 'T'),
(12936, 'ITEM_NO', '', 13, 'N', 'Y', 'ITEM_NO', 'N', 'sfBatchInfo', 'Column', 'INVENTORY', 13, '', 'T'),
(12937, 'MFG_DT', '@', 19, 'Y', 'Y', 'الإنتاج', 'Y', 'sfBatchInfo', 'Column', 'INVENTORY', 19, '', 'T'),
(12938, 'REMARK', '', 65, 'Y', 'Y', 'فعال', 'Y', 'sfBatchInfo', 'Column', 'INVENTORY', 65, '', 'T'),
(12939, 'VAL', '', 23, 'Y', 'Y', 'عدديا', 'Y', 'sfBatchInfo', 'Column', 'INVENTORY', 23, '', 'T'),
(12940, 'QTY_IN', '@', 23, 'Y', 'Y', 'وارد', 'Y', 'sfBatchInfo', 'Column', 'INVENTORY', 23, '', 'T'),
(12941, 'QTY_OUT', '@', 23, 'Y', 'Y', 'صادر', 'Y', 'sfBatchInfo', 'Column', 'INVENTORY', 23, '', 'T'),
(12942, 'AWC', '@', 23, 'Y', 'Y', 'معدل الكلفة', 'Y', 'sfBatchInfo', 'Column', 'INVENTORY', 23, '', 'T'),
(12943, 'NOTE', '', 257, 'Y', 'Y', 'ملاحظات', 'Y', 'sfBatchInfo', 'Column', 'INVENTORY', 257, '', 'T'),
(12944, 'lblQtyOut', '@', 1, 'Y', 'Y', 'صادر', 'Y', 'sfBatchInfo', 'Label', 'INVENTORY', 1, '', 'T'),
(12945, 'lblOnHand', '@', 1, 'Y', 'Y', 'موجود', 'Y', 'sfBatchInfo', 'Label', 'INVENTORY', 1, '', 'T'),
(12946, 'cmdFindAcc', '@', 1, 'Y', 'Y', '؟', 'Y', 'sfAccGroups', 'CommandButton', 'ACCOUNTING', 1, '', 'T'),
(12947, 'cmdFindUserVal', '@', 1, 'Y', 'Y', '؟', 'Y', 'sfAccGroups', 'CommandButton', 'ACCOUNTING', 1, '', 'T'),
(12948, 'opAddAcc', '@', 1, 'Y', 'Y', 'إضافة الحساب', 'Y', 'sfAccGroups', 'OptionButton', 'ACCOUNTING', 1, '', 'T'),
(12949, 'opAddGroup', '@', 1, 'Y', 'Y', 'أو المجموعة', 'Y', 'sfAccGroups', 'OptionButton', 'ACCOUNTING', 1, '', 'T'),
(12950, 'opAddUserVal', '@', 1, 'Y', 'Y', 'إو المبالغ المعرفة', 'Y', 'sfAccGroups', 'OptionButton', 'ACCOUNTING', 1, '', 'T'),
(12951, 'opAddAllAcc', '@', 1, 'Y', 'Y', 'أو جميع الحسابات التي تبدأ بالرقم', 'Y', 'sfAccGroups', 'OptionButton', 'ACCOUNTING', 1, '', 'T'),
(12952, 'cmdUpdate', '@', 1, 'Y', 'Y', '<<', 'Y', 'sfAccGroups', 'CommandButton', 'ACCOUNTING', 1, '', 'T'),
(12953, 'Column0', '', 0, 'Y', 'Y', 'الرقم', 'Y', 'sfAccGroups', 'Column', 'ACCOUNTING', 0, '', 'T'),
(12954, 'Column1', '', 0, 'Y', 'Y', 'البيان', 'Y', 'sfAccGroups', 'Column', 'ACCOUNTING', 0, '', 'T'),
(12955, 'Column2', '', 0, 'Y', 'Y', 'النوع', 'Y', 'sfAccGroups', 'Column', 'ACCOUNTING', 0, '', 'T'),
(12956, 'Column3', '', 0, 'N', 'Y', 'النوع', 'N', 'sfAccGroups', 'Column', 'ACCOUNTING', 0, '', 'T'),
(12957, 'Column4', '', 0, 'Y', 'Y', '+/-', 'Y', 'sfAccGroups', 'Column', 'ACCOUNTING', 0, '', 'T'),
(12958, 'Column5', '', 0, 'N', 'Y', 'DBCR', 'N', 'sfAccGroups', 'Column', 'ACCOUNTING', 0, '', 'T'),
(12959, 'Column6', '', 0, 'Y', 'Y', 'مدين/دائن', 'Y', 'sfAccGroups', 'Column', 'ACCOUNTING', 0, '', 'T'),
(12960, 'chkAddSub', '@', 1, 'Y', 'Y', 'يطرح الرصيد من رصيد المجموعة', 'Y', 'sfAccGroups', 'CheckBox', 'ACCOUNTING', 1, '', 'T'),
(12961, 'cmdDelete', '@', 1, 'Y', 'Y', 'ح&ذف', 'Y', 'sfAccGroups', 'CommandButton', 'ACCOUNTING', 1, '', 'T'),
(12962, 'cmdSave', '@', 1, 'Y', 'Y', '&حفظ', 'Y', 'sfAccGroups', 'CommandButton', 'ACCOUNTING', 1, '', 'T'),
(12963, 'cmdDel', '@', 1, 'Y', 'Y', '-', 'Y', 'sfAccGroups', 'CommandButton', 'ACCOUNTING', 1, '', 'T'),
(12964, 'CmdClose', '@', 1, 'Y', 'Y', 'إغلا&ق', 'Y', 'sfAccGroups', 'CommandButton', 'ACCOUNTING', 1, '', 'T'),
(12965, 'cmdAdd', '@', 1, 'Y', 'Y', '+', 'Y', 'sfAccGroups', 'CommandButton', 'ACCOUNTING', 1, '', 'T'),
(12966, 'txtGroupId', '@', 8, 'Y', 'Y', '', 'Y', 'sfAccGroups', 'TextBox', 'ACCOUNTING', 8, '', 'T'),
(12967, 'txtGroupName', '@', 50, 'Y', 'Y', '', 'Y', 'sfAccGroups', 'TextBox', 'ACCOUNTING', 50, '', 'T'),
(12968, 'cmdFindGroup', '@', 1, 'Y', 'Y', '؟', 'Y', 'sfAccGroups', 'CommandButton', 'ACCOUNTING', 1, '', 'T'),
(12969, 'Label4', '@', 1, 'Y', 'Y', 'المجموعة', 'Y', 'sfAccGroups', 'Label', 'ACCOUNTING', 1, '', 'T'),
(12970, 'txtId', '@', 8, 'Y', 'Y', 'sfCustom', 'Y', 'sfCustom', 'Text', 'Inventory', 8, 'txtId', 'T'),
(12971, 'lblMesgs', '@', 0, 'Y', 'Y', '', 'Y', 'sfCustom', 'Label', 'Inventory', 0, 'lblMesgs', 'T'),
(12972, 'LblId', '@', 0, 'Y', 'Y', 'الرقم', 'Y', 'sfCustom', 'Label', 'Inventory', 0, 'LblId', 'T'),
(12973, 'LblDsc', '@', 0, 'Y', 'Y', 'الاسم', 'Y', 'sfCustom', 'Label', 'Inventory', 0, 'LblDsc', 'T'),
(12974, 'cmdEditFormProps', '@', 0, 'N', 'Y', '-------------', 'N', 'sfStores', 'Command', 'Inventory', 0, 'cmdEditFormProps', 'T'),
(12975, 'cmdDataKeys', '@', 0, 'Y', 'Y', 'مفا&تيح البيانات', 'Y', 'sfStores', 'Command', 'Inventory', 0, 'cmdDataKeys', 'T'),
(12976, 'cmbStoreType', '@', 0, 'Y', 'Y', 'sfStores', 'Y', 'sfStores', 'ComboBox', 'Inventory', 0, 'cmbStoreType', 'T'),
(12977, 'txtNotes', '@', 250, 'Y', 'Y', 'sfStores', 'Y', 'sfStores', 'Text', 'Inventory', 250, 'txtNotes', 'T'),
(12978, 'txtStoreKeeper', '@', 11, 'Y', 'Y', 'sfStores', 'Y', 'sfStores', 'Text', 'Inventory', 11, 'txtStoreKeeper', 'T'),
(12979, 'txtTel', '@', 11, 'Y', 'Y', 'sfStores', 'Y', 'sfStores', 'Text', 'Inventory', 11, 'txtTel', 'T'),
(12980, 'txtStoreId', '@', 8, 'Y', 'Y', 'sfStores', 'Y', 'sfStores', 'Text', 'Inventory', 8, 'txtStoreId', 'T'),
(12981, 'cmdClose', '@', 0, 'Y', 'Y', 'إغلا&ق', 'Y', 'sfStores', 'Command', 'Inventory', 0, 'cmdClose', 'T'),
(12982, 'cmdDelete', '@', 0, 'Y', 'Y', 'ح&ذف', 'N', 'sfStores', 'Command', 'Inventory', 0, 'cmdDelete', 'T'),
(12983, 'cmdSave', '@', 0, 'Y', 'Y', '&حفظ', 'Y', 'sfStores', 'Command', 'Inventory', 0, 'cmdSave', 'T'),
(12984, 'txtStoreName', '@', 39, 'Y', 'Y', 'sfStores', 'Y', 'sfStores', 'Text', 'Inventory', 39, 'txtStoreName', 'T'),
(12985, 'txtLoc', '@', 30, 'Y', 'Y', 'sfStores', 'Y', 'sfStores', 'Text', 'Inventory', 30, 'txtLoc', 'T'),
(12986, 'lblAWC', '@', 1, 'Y', 'Y', 'معدل الكلفة', 'Y', 'sfBatchInfo', 'Label', 'INVENTORY', 1, '', 'T'),
(12987, 'lblDt', '@', 1, 'Y', 'Y', 'الصلاحية', 'Y', 'sfBatchInfo', 'Label', 'INVENTORY', 1, '', 'T'),
(12988, 'lblMfgDt', '@', 1, 'Y', 'Y', 'الإنتاج', 'Y', 'sfBatchInfo', 'Label', 'INVENTORY', 1, '', 'T'),
(12989, 'lblItemNo', '@', 1, 'Y', 'Y', 'الصنف', 'Y', 'sfBatchInfo', 'Label', 'INVENTORY', 1, '', 'T'),
(12990, 'lblBatchNo', '@', 1, 'Y', 'Y', 'رقم الباتش', 'Y', 'sfBatchInfo', 'Label', 'INVENTORY', 1, '', 'T'),
(12991, 'lblQtyIn', '@', 1, 'Y', 'Y', 'وارد', 'Y', 'sfBatchInfo', 'Label', 'INVENTORY', 1, '', 'T'),
(12992, 'lblNotes', '@', 1, 'Y', 'Y', 'ملاحظات', 'Y', 'sfBatchInfo', 'Label', 'INVENTORY', 1, '', 'T'),
(12993, 'lblVal', '@', 1, 'Y', 'Y', 'عدديا', 'Y', 'sfBatchInfo', 'Label', 'INVENTORY', 1, '', 'T'),
(12994, 'lblRemarks', '@', 1, 'Y', 'Y', 'فعال', 'Y', 'sfBatchInfo', 'Label', 'INVENTORY', 1, '', 'T'),
(12995, 'lblMesgs', '@', 1, 'Y', 'Y', '', 'Y', 'sfBatchInfo', 'Label', 'INVENTORY', 1, '', 'T'),
(12996, 'txtAddGroupNo', '@', 8, 'Y', 'Y', '', 'Y', 'sfAccGroups', 'TextBox', 'ACCOUNTING', 8, '', 'T'),
(12997, 'txtAddGroupName', '@', 0, 'Y', 'Y', '', 'Y', 'sfAccGroups', 'TextBox', 'ACCOUNTING', 0, '', 'T'),
(12998, 'cmdFindAddGroup', '@', 1, 'Y', 'Y', '؟', 'Y', 'sfAccGroups', 'CommandButton', 'ACCOUNTING', 1, '', 'T'),
(12999, 'txtUserVal', '@', 8, 'Y', 'Y', '', 'Y', 'sfAccGroups', 'TextBox', 'ACCOUNTING', 8, '', 'T'),
(13000, 'txtUserValName', '@', 0, 'Y', 'Y', '', 'Y', 'sfAccGroups', 'TextBox', 'ACCOUNTING', 0, '', 'T'),
(13001, 'cmdUpdates', '@', 1, 'Y', 'Y', 'التع&ديلات', 'Y', 'frmSales', 'CommandButton', 'INVENTORY', 1, 'Changes', 'T'),
(13002, 'cmdFindAtt2', '@', 1, 'Y', 'Y', '؟', 'Y', 'frmSales', 'CommandButton', 'INVENTORY', 1, '?', 'T'),
(13003, 'cmdFindRep_No', '@', 1, 'Y', 'Y', '؟', 'Y', 'frmSales', 'CommandButton', 'INVENTORY', 1, '?', 'T'),
(13004, 'cmdFindInvClass', '@', 1, 'Y', 'Y', '؟', 'Y', 'frmSales', 'CommandButton', 'INVENTORY', 1, '?', 'T'),
(13005, 'cmdFindAccountNo', '@', 1, 'Y', 'Y', '؟', 'Y', 'frmSales', 'CommandButton', 'INVENTORY', 1, '?', 'T'),
(13006, 'cmdFindArea_No', '@', 1, 'Y', 'Y', '؟', 'Y', 'frmSales', 'CommandButton', 'INVENTORY', 1, '?', 'T'),
(13007, 'chkTaxInclude', '@', 1, 'N', 'Y', 'طباعة الترويسة', 'Y', 'frmSales', 'CheckBox', 'INVENTORY', 1, 'Under Tax', 'T'),
(13008, 'cmdNew', '@', 1, 'Y', 'Y', '&جديد', 'Y', 'frmSales', 'CommandButton', 'INVENTORY', 1, 'New', 'T'),
(13009, 'cmdSave', '@', 1, 'Y', 'Y', '&حفظ', 'Y', 'frmSales', 'CommandButton', 'INVENTORY', 1, 'Save', 'T'),
(13010, 'cmdDelete', '@', 1, 'N', 'Y', 'ح&ذف', 'Y', 'frmSales', 'CommandButton', 'INVENTORY', 1, 'Delete', 'T'),
(13011, 'CmdClose', '@', 1, 'Y', 'Y', 'إغلا&ق', 'Y', 'frmSales', 'CommandButton', 'INVENTORY', 1, 'Close', 'T'),
(13012, 'DeuTax', '0.000', 15, 'N', 'Y', 'DueTax', 'N', 'PURCHINV', 'GrdCol', 'Inventory', 494, 'DeuTax', 'T'),
(13013, 'BATCHNO', '@', 40, 'N', 'Y', 'باتش', 'Y', 'PURCHINV', 'GrdCol', 'Inventory', 1695, 'BATCHNO', 'T'),
(13014, 'BATCHDT', 'yyyy/mm/dd', 40, 'N', 'Y', 'الصلاحية', 'Y', 'PURCHINV', 'GrdCol', 'Inventory', 1695, 'BATCHDT', 'T'),
(13015, 'BATCHID', '@', 40, 'N', 'Y', 'BATCHID', 'Y', 'PURCHINV', 'GrdCol', 'Inventory', 1005, 'BATCHID', 'T'),
(13016, 'Store_ID', '@', 11, 'N', 'Y', 'STORE_ID', 'N', 'PURCHINV', 'GrdCol', 'Inventory', 494, 'Store_ID', 'T'),
(13017, 'cmdConstraints', '@', 0, 'Y', 'Y', '#', 'Y', 'PURCHINV', 'Command', 'Inventory', 0, 'cmdConstraints', 'T'),
(13018, 'cmdUpdates', '@', 0, 'Y', 'Y', 'التع&ديلات', 'Y', 'PURCHINV', 'Command', 'Inventory', 0, 'cmdUpdates', 'T'),
(13019, 'txtSalesInvoiceNo', '@', 8, 'Y', 'Y', 'txtSalesInvoiceNo', 'Y', 'PURCHINV', 'Text', 'Inventory', 8, 'txtSalesInvoiceNo', 'T'),
(13020, 'txtRep_Name', '@', 40, 'N', 'Y', '-', 'N', 'PURCHINV', 'Text', 'Inventory', 40, 'txtRep_Name', 'T'),
(13021, 'cmdFindRep_No', '@', 0, 'N', 'Y', '؟', 'Y', 'PURCHINV', 'Command', 'Inventory', 0, 'cmdFindRep_No', 'T'),
(13022, 'txtRep_No', '@', 8, 'N', 'Y', '-', 'Y', 'PURCHINV', 'Text', 'Inventory', 8, 'txtRep_No', 'T'),
(13023, 'txtReciept', '@', 0, 'Y', 'Y', '-', 'Y', 'PURCHINV', 'Text', 'Inventory', 0, 'txtReciept', 'T'),
(13024, 'txtArea_Name', '@', 0, 'N', 'Y', '-', 'N', 'PURCHINV', 'Text', 'Inventory', 40, 'txtArea_Name', 'T'),
(13025, 'txtInvClassName', '@', 0, 'Y', 'Y', '-', 'N', 'PURCHINV', 'Text', 'Inventory', 40, 'txtInvClassName', 'T'),
(13026, 'txtInvClass', '@', 8, 'Y', 'Y', '-', 'Y', 'PURCHINV', 'Text', 'Inventory', 8, 'txtInvClass', 'T'),
(13027, 'txtDate', '@', 0, 'Y', 'Y', 'txtDate', 'Y', 'PURCHINV', 'Text', 'Inventory', 0, 'txtDate', 'T'),
(13028, 'txtInvoiceNo', '@', 8, 'Y', 'Y', 'رقم السند', 'Y', 'PURCHINV', 'Text', 'Inventory', 8, 'txtInvoiceNo', 'T'),
(13029, 'txtTransportation', '@', 10, 'N', 'Y', '-', 'Y', 'PURCHINV', 'Text', 'Inventory', 16, 'txtTransportation', 'T'),
(13030, 'txtDiscount', '@', 16, 'Y', 'Y', 'txtDiscount', 'Y', 'PURCHINV', 'Text', 'Inventory', 16, 'txtDiscount', 'T'),
(13031, 'txtTax', '@', 12, 'Y', 'Y', 'الضريبة', 'Y', 'PURCHINV', 'Text', 'Inventory', 16, 'txtTax', 'T'),
(13032, 'txtInvoiceValue', '@', 16, 'Y', 'Y', 'txtInvoiceValue', 'Y', 'PURCHINV', 'Text', 'Inventory', 16, 'txtInvoiceValue', 'T'),
(13033, 'cmdFindInvClass', '@', 0, 'Y', 'Y', '؟', 'Y', 'PURCHINV', 'Command', 'Inventory', 0, 'cmdFindInvClass', 'T'),
(13034, 'txtAccountNo', '@', 8, 'Y', 'Y', 'frmSales', 'Y', 'PURCHINV', 'Text', 'Inventory', 8, 'txtAccountNo', 'T'),
(13035, 'txtAccountName', '@', 59, 'Y', 'Y', 'frmSales', 'N', 'PURCHINV', 'Text', 'Inventory', 40, 'txtAccountName', 'T'),
(13036, 'cmdFindAccountNo', '@', 0, 'Y', 'Y', '؟', 'Y', 'PURCHINV', 'Command', 'Inventory', 0, 'cmdFindAccountNo', 'T'),
(13037, 'txtCustomerName', '@', 59, 'Y', 'Y', 'frmSales', 'Y', 'PURCHINV', 'Text', 'Inventory', 59, 'txtCustomerName', 'T'),
(13038, 'cmdFindArea_No', '@', 0, 'N', 'Y', '؟', 'Y', 'PURCHINV', 'Command', 'Inventory', 0, 'cmdFindArea_No', 'T'),
(13039, 'txtArea_No', '@', 0, 'N', 'Y', '-', 'Y', 'PURCHINV', 'Text', 'Inventory', 8, 'txtArea_No', 'T'),
(13040, 'chkTaxInclude', '@', 0, 'N', 'Y', 'طباعة الترويسة', 'N', 'PURCHINV', 'CheckBox', 'Inventory', 0, 'chkTaxInclude', 'T'),
(13041, 'txtSubTotal', '@', 16, 'Y', 'Y', 'frmSales', 'Y', 'PURCHINV', 'Text', 'Inventory', 16, 'txtSubTotal', 'T'),
(13042, 'txtStoreID', '@', 0, 'N', 'Y', 'txtStoreID', 'N', 'PURCHINV', 'Text', 'Inventory', 0, 'txtStoreID', 'T'),
(13043, 'txtUserID', '@', 0, 'N', 'Y', 'txtUserID', 'N', 'PURCHINV', 'Text', 'Inventory', 0, 'txtUserID', 'T'),
(13044, 'txtStatus', '@', 0, 'N', 'Y', 'txtStatus', 'N', 'PURCHINV', 'Text', 'Inventory', 0, 'txtStatus', 'T'),
(13045, 'txtInvoiceType', '@', 0, 'N', 'Y', 'txtInvoiceType', 'N', 'PURCHINV', 'Text', 'Inventory', 0, 'txtInvoiceType', 'T'),
(13046, 'cmdNew', '@', 0, 'Y', 'Y', '&جديد', 'Y', 'PURCHINV', 'Command', 'Inventory', 0, 'cmdNew', 'T'),
(13047, 'cmdSave', '@', 0, 'Y', 'Y', '&حفظ', 'Y', 'PURCHINV', 'Command', 'Inventory', 0, 'cmdSave', 'T'),
(13048, 'cmdDelete', '@', 0, 'Y', 'Y', 'حذ&ف', 'Y', 'PURCHINV', 'Command', 'Inventory', 0, 'cmdDelete', 'T'),
(13049, 'cmdCopy', '@', 0, 'Y', 'Y', 'نســخ', 'Y', 'PURCHINV', 'Command', 'Inventory', 0, 'cmdCopy', 'T'),
(13050, 'cmdPast', '@', 0, 'Y', 'Y', 'لصـق', 'Y', 'PURCHINV', 'Command', 'Inventory', 0, 'cmdPast', 'T'),
(13051, 'CmdClose', '@', 0, 'Y', 'Y', 'إغلا&ق', 'Y', 'PURCHINV', 'Command', 'Inventory', 0, 'CmdClose', 'T'),
(13052, 'cmdPostPrint', '@', 0, 'Y', 'Y', ' &ترحيل و طباعة', 'Y', 'PURCHINV', 'Command', 'Inventory', 0, 'cmdPostPrint', 'T'),
(13053, 'cmdPrint', '@', 0, 'Y', 'Y', '&طباعة', 'Y', 'PURCHINV', 'Command', 'Inventory', 0, 'cmdPrint', 'T'),
(13054, 'dtpDate', '@', 0, 'Y', 'Y', 'dtpDate', 'Y', 'PURCHINV', 'dtPicker', 'Inventory', 0, 'dtpDate', 'T'),
(13056, 'Text1', '@', 0, 'Y', 'Y', 'Text1', 'Y', 'PURCHINV', 'Text', 'Inventory', 0, 'Text1', 'T'),
(13057, 'lblMesgs', '@', 0, 'Y', 'Y', '', 'Y', 'PURCHINV', 'Label', 'Inventory', 0, 'lblMesgs', 'T'),
(13058, 'lblCurr', '@', 0, 'Y', 'Y', 'العملة', 'N', 'PURCHINV', 'Label', 'Inventory', 0, 'lblCurr', 'T'),
(13059, 'lblAtt3', '@', 0, 'N', 'Y', 'مدة الكفالة', '-', 'PURCHINV', 'Label', 'Inventory', 0, 'lblAtt3', 'T'),
(13060, 'lblAtt4', '@', 0, 'Y', 'Y', 'سند التسليم', 'N', 'PURCHINV', 'Label', 'Inventory', 0, 'lblAtt4', 'T'),
(13061, 'lblAtt2', '@', 0, 'N', 'Y', 'البيان الجمركي', '-', 'PURCHINV', 'Label', 'Inventory', 0, 'lblAtt2', 'T'),
(13062, 'lblNotes', '@', 0, 'Y', 'Y', 'ملاحظات', '-', 'PURCHINV', 'Label', 'Inventory', 0, 'lblNotes', 'T'),
(13063, 'lblAtt1', '@', 0, 'N', 'Y', 'أرقام القطع', '-', 'PURCHINV', 'Label', 'Inventory', 0, 'lblAtt1', 'T'),
(13064, 'lblFrnTotal', '@', 0, 'Y', 'Y', 'المجموع بالأجنبي', 'N', 'PURCHINV', 'Label', 'Inventory', 0, 'lblFrnTotal', 'T'),
(13065, 'lblExRate', '@', 0, 'Y', 'Y', 'سعر التحويل', 'N', 'PURCHINV', 'Label', 'Inventory', 0, 'lblExRate', 'T'),
(13066, 'LblSalesInvoiceNo', '@', 0, 'Y', 'Y', 'رقم المورد', 'Y', 'PURCHINV', 'Label', 'Inventory', 0, 'LblSalesInvoiceNo', 'T'),
(13067, 'LblInvoiceValue', '@', 0, 'Y', 'Y', 'صافي الفاتورة', 'Y', 'PURCHINV', 'Label', 'Inventory', 0, 'LblInvoiceValue', 'T'),
(13068, 'cmdFindArea_No', '@', 0, 'N', 'Y', '؟', 'Y', 'PURCHRET', 'Command', 'Inventory', 0, NULL, 'T'),
(13069, 'lblReceipt', '@', 0, 'Y', 'Y', 'فاتورة المورد', 'N', 'PURCHINV', 'Label', 'Inventory', 0, 'lblReceipt', 'T'),
(13070, 'lblInvClass', '@', 0, 'Y', 'Y', 'النوع', '-', 'PURCHINV', 'Label', 'Inventory', 0, 'lblInvClass', 'T'),
(13071, 'lblTransportation', '@', 0, 'N', 'Y', 'أجور نقل', 'N', 'PURCHINV', 'Label', 'Inventory', 0, 'lblTransportation', 'T'),
(13072, 'LblRep_No', '@', 0, 'N', 'Y', 'المندوب', '-', 'PURCHINV', 'Label', 'Inventory', 0, 'LblRep_No', 'T'),
(13073, 'LblAREA_nO', '@', 0, 'N', 'Y', 'المنطقة', '-', 'PURCHINV', 'Label', 'Inventory', 0, 'LblAREA_nO', 'T'),
(13074, 'lblStore', '@', 0, 'N', 'Y', 'المستودع', 'Y', 'PURCHINV', 'Label', 'Inventory', 0, 'lblStore', 'T'),
(13075, 'Label1', '@', 0, 'N', 'Y', 'UserID', 'N', 'PURCHINV', 'Label', 'Inventory', 0, 'Label1', 'T'),
(13076, 'lblPosted', '@', 0, 'N', 'Y', 'Status', 'N', 'PURCHINV', 'Label', 'Inventory', 0, 'lblPosted', 'T'),
(13077, 'lblInvoiceType', '@', 0, 'N', 'Y', 'InvoiceType', 'N', 'PURCHINV', 'Label', 'Inventory', 0, 'lblInvoiceType', 'T'),
(13078, 'LblInvoiceNo', '@', 0, 'Y', 'Y', 'رقم الفاتورة', 'Y', 'PURCHINV', 'Label', 'Inventory', 0, 'LblInvoiceNo', 'T'),
(13079, 'Lbdate', '@', 0, 'Y', 'Y', 'التاريخ', 'Y', 'PURCHINV', 'Label', 'Inventory', 0, 'Lbdate', 'T'),
(13080, 'LblAcNo', '@', 0, 'Y', 'Y', 'رقم الحساب', 'Y', 'PURCHINV', 'Label', 'Inventory', 0, 'LblAcNo', 'T'),
(13081, 'LblCustomerName', '@', 0, 'Y', 'Y', 'العميل', 'Y', 'PURCHINV', 'Label', 'Inventory', 0, 'LblCustomerName', 'T'),
(13082, 'LblSubTotal', '@', 0, 'Y', 'Y', 'المجموع الكلي', 'Y', 'PURCHINV', 'Label', 'Inventory', 0, 'LblSubTotal', 'T'),
(13083, 'LblDiscount', '@', 0, 'Y', 'Y', 'الخصم', 'Y', 'PURCHINV', 'Label', 'Inventory', 0, 'LblDiscount', 'T'),
(13084, 'LblTax', '@', 0, 'Y', 'Y', 'ضريبة المبيعات', 'Y', 'PURCHINV', 'Label', 'Inventory', 0, 'LblTax', 'T'),
(13085, 'cmdFindStore', '@', 0, 'N', 'Y', '؟', 'Y', 'PURCHRET', 'Command', 'Inventory', 0, 'cmdFindStore', 'T'),
(13086, 'txtStoreName', '@', 40, 'N', 'Y', 'txtStoreName', 'N', 'PURCHRET', 'Text', 'Inventory', 40, 'txtStoreName', 'T'),
(13087, 'cmdEditFormProps', '@', 0, 'N', 'Y', '-------------', 'N', 'PURCHRET', 'Command', 'Inventory', 0, 'cmdEditFormProps', 'T'),
(13088, 'cmdFindAtt2', '@', 0, 'N', 'Y', '؟', 'Y', 'PURCHRET', 'Command', 'Inventory', 0, 'cmdFindAtt2', 'T'),
(13089, 'txtAtt2', '@', 8, 'N', 'Y', 'رقم البيان', 'Y', 'PURCHRET', 'Text', 'Inventory', 8, 'txtAtt2', 'T'),
(13090, 'txtAtt3', '@', 2, 'N', 'Y', 'مدة الكفالة', 'Y', 'PURCHRET', 'Text', 'Inventory', 255, 'txtAtt3', 'T'),
(13091, 'txtAtt4', '@', 25, 'Y', 'Y', 'سند التسليم', 'Y', 'PURCHRET', 'Text', 'Inventory', 255, 'txtAtt4', 'T'),
(13092, 'txtAtt2Dsc', '@', 80, 'N', 'Y', 'البيان الجمركي', 'N', 'PURCHRET', 'Text', 'Inventory', 255, 'txtAtt2Dsc', 'T'),
(13093, 'txtTaxb4Disc', '@', 0, 'N', 'Y', 'txtTaxb4Disc', 'N', 'PURCHRET', 'Text', 'Inventory', 0, 'txtTaxb4Disc', 'T'),
(13094, 'txtNotes', '@', 255, 'Y', 'Y', 'ملاحظات', 'Y', 'PURCHRET', 'Text', 'Inventory', 255, 'txtNotes', 'T'),
(13095, 'txtAtt1', '@', 256, 'N', 'Y', 'أرقام القطع', 'Y', 'PURCHRET', 'Text', 'Inventory', 255, 'txtAtt1', 'T'),
(13096, 'txtFrnTotal', '@', 16, 'Y', 'Y', '-', 'Y', 'PURCHRET', 'Text', 'Inventory', 16, 'txtFrnTotal', 'T'),
(13097, 'txtExRate', '@', 12, 'Y', 'Y', '-', 'Y', 'PURCHRET', 'Text', 'Inventory', 12, 'txtExRate', 'T'),
(13098, 'cmdFindCurr', '@', 0, 'Y', 'Y', '؟', 'Y', 'PURCHRET', 'Command', 'Inventory', 0, 'cmdFindCurr', 'T'),
(13099, 'txtCurrDsc', '@', 40, 'Y', 'Y', '-', 'Y', 'PURCHRET', 'Text', 'Inventory', 40, 'txtCurrDsc', 'T'),
(13100, 'txtCurrNo', '@', 8, 'Y', 'Y', '-', 'Y', 'PURCHRET', 'Text', 'Inventory', 8, 'txtCurrNo', 'T'),
(13101, 'Operation', '@', 15, 'N', 'Y', 'Operation', 'N', 'PURCHRET', 'GrdCol', 'Inventory', 494, 'Operation', 'T'),
(13102, 'ApsolutePosition', '@', 40, 'N', 'Y', 'ApsolutePosition', 'N', 'PURCHRET', 'GrdCol', 'Inventory', 494, 'ApsolutePosition', 'T'),
(13103, 'INVOICE_BOND_SERIAL', '@', 15, 'N', 'Y', 'INVOICE_BOND_SERIAL', 'N', 'PURCHRET', 'GrdCol', 'Inventory', 494, 'INVOICE_BOND_SERIAL', 'T'),
(13104, 'LINE_NO', '@', 15, 'N', 'Y', 'LINE_NO', 'N', 'PURCHRET', 'GrdCol', 'Inventory', 494, 'LINE_NO', 'T'),
(13105, 'ITEM_NO', '@', 15, 'Y', 'Y', 'رقم المادة', 'Y', 'PURCHRET', 'GrdCol', 'Inventory', 1755, 'ITEM_NO', 'T'),
(13106, 'Description', '@', 119, 'Y', 'Y', 'الوصف', 'N', 'PURCHRET', 'GrdCol', 'Inventory', 4050, 'Description', 'T'),
(13107, 'QTY', '0.000', 15, 'Y', 'Y', 'الكمية', 'Y', 'PURCHRET', 'GrdCol', 'Inventory', 1695, 'QTY', 'T'),
(13108, 'FRN_PRICE', '0.0000', 15, 'Y', 'Y', 'بالاجنبي', 'Y', 'PURCHRET', 'GrdCol', 'Inventory', 1695, 'FRN_PRICE', 'T'),
(13109, 'VATPrice', '0.000', 23, 'N', 'Y', 'السعر شامل', 'Y', 'PURCHRET', 'GrdCol', 'Inventory', 1695, 'VATPrice', 'T'),
(13110, 'Price', '0.0000', 23, 'Y', 'Y', 'السعر', 'Y', 'PURCHRET', 'GrdCol', 'Inventory', 1695, 'Price', 'T'),
(13111, 'ItemDiscount', '0.0000', 14, 'Y', 'Y', 'الخصم %', 'Y', 'PURCHRET', 'GrdCol', 'Inventory', 1695, 'ItemDiscount', 'T'),
(13112, 'Gift', '0', 15, 'N', 'Y', 'هدية', 'N', 'PURCHRET', 'GrdCol', 'Inventory', 1695, 'Gift', 'T'),
(13113, 'Total', '0.000', 15, 'Y', 'Y', 'المجموع', 'N', 'PURCHRET', 'GrdCol', 'Inventory', 1995, 'Total', 'T'),
(13114, 'Status', '@', 15, 'N', 'Y', 'Status', 'N', 'PURCHRET', 'GrdCol', 'Inventory', 494, 'Status', 'T'),
(13115, 'MOVE_DATE', '@', 15, 'N', 'Y', 'MOVE_DATE', 'N', 'PURCHRET', 'GrdCol', 'Inventory', 494, 'MOVE_DATE', 'T'),
(13116, 'MOVE_TYPE', '@', 15, 'N', 'Y', 'MOVE_TYPE', 'N', 'PURCHRET', 'GrdCol', 'Inventory', 494, 'MOVE_TYPE', 'T'),
(13117, 'Tax', '0.0000', 15, 'N', 'Y', 'Tax', 'N', 'PURCHRET', 'GrdCol', 'Inventory', 494, 'Tax', 'T'),
(13118, 'TaxValue', '@', 15, 'N', 'Y', 'TaxValue', 'N', 'PURCHRET', 'GrdCol', 'Inventory', 1005, 'TaxValue', 'T'),
(13119, 'DiscountValue', '0.0000', 15, 'N', 'Y', 'DiscountValue', 'N', 'PURCHRET', 'GrdCol', 'Inventory', 1005, 'DiscountValue', 'T'),
(13120, 'Cost', '0.000', 15, 'N', 'Y', 'Cost', 'N', 'PURCHRET', 'GrdCol', 'Inventory', 1005, 'Cost', 'T'),
(13121, 'Size4', '0.000000', 15, 'N', 'Y', 'Size4', 'N', 'PURCHRET', 'GrdCol', 'Inventory', 1005, 'Size4', 'T'),
(13122, 'NetPrice', '0.0000', 15, 'N', 'Y', 'صافي السعر', 'N', 'PURCHRET', 'GrdCol', 'Inventory', 1005, 'NetPrice', 'T'),
(13123, 'DeuTax', '0.000', 15, 'N', 'Y', 'DueTax', 'N', 'PURCHRET', 'GrdCol', 'Inventory', 494, 'DeuTax', 'T'),
(13124, 'BATCHNO', '@', 40, 'N', 'Y', 'باتش', 'Y', 'PURCHRET', 'GrdCol', 'Inventory', 1695, 'BATCHNO', 'T'),
(13125, 'BATCHDT', 'yyyy/mm/dd', 40, 'N', 'Y', 'الصلاحية', 'N', 'PURCHRET', 'GrdCol', 'Inventory', 1695, 'BATCHDT', 'T'),
(13126, 'BATCHID', '@', 40, 'N', 'Y', 'BATCHID', 'Y', 'PURCHRET', 'GrdCol', 'Inventory', 1005, 'BATCHID', 'T'),
(13127, 'Store_ID', '@', 11, 'N', 'Y', 'STORE_ID', 'N', 'PURCHRET', 'GrdCol', 'Inventory', 494, 'Store_ID', 'T'),
(13128, 'cmdConstraints', '@', 0, 'Y', 'Y', '#', 'Y', 'PURCHRET', 'Command', 'Inventory', 0, 'cmdConstraints', 'T'),
(13129, 'cmdUpdates', '@', 0, 'Y', 'Y', 'التع&ديلات', 'Y', 'PURCHRET', 'Command', 'Inventory', 0, 'cmdUpdates', 'T'),
(13130, 'txtSalesInvoiceNo', '@', 8, 'Y', 'Y', 'txtSalesInvoiceNo', 'Y', 'PURCHRET', 'Text', 'Inventory', 8, 'txtSalesInvoiceNo', 'T'),
(13131, 'Lbdate', '@', 0, 'Y', 'N', 'التاريخ', 'Y', 'mdMoveItems', 'Label', 'Inventory', 0, 'Lbdate', 'T'),
(13132, 'Operation', '@', 11, 'N', 'Y', 'Operation', 'Y', 'mdIssueItems', 'GrdCol', 'Inventory', 494, 'Operation', 'T'),
(13133, 'txtRep_No', '@', 8, 'N', 'Y', '-', 'Y', 'PURCHRET', 'Text', 'Inventory', 8, 'txtRep_No', 'T'),
(13134, 'txtReciept', '@', 0, 'Y', 'Y', '-', 'Y', 'PURCHRET', 'Text', 'Inventory', 0, 'txtReciept', 'T'),
(13135, 'txtArea_Name', '@', 0, 'N', 'Y', '-', 'N', 'PURCHRET', 'Text', 'Inventory', 40, 'txtArea_Name', 'T'),
(13136, 'txtInvClassName', '@', 0, 'Y', 'Y', '-', 'N', 'PURCHRET', 'Text', 'Inventory', 40, 'txtInvClassName', 'T'),
(13137, 'txtInvClass', '@', 8, 'Y', 'Y', '-', 'Y', 'PURCHRET', 'Text', 'Inventory', 8, 'txtInvClass', 'T'),
(13138, 'txtDate', '@', 0, 'Y', 'Y', 'txtDate', 'Y', 'PURCHRET', 'Text', 'Inventory', 0, 'txtDate', 'T'),
(13139, 'txtInvoiceNo', '@', 8, 'Y', 'Y', 'رقم السند', 'Y', 'PURCHRET', 'Text', 'Inventory', 8, 'txtInvoiceNo', 'T'),
(13140, 'txtTransportation', '@', 10, 'N', 'Y', '-', 'Y', 'PURCHRET', 'Text', 'Inventory', 16, 'txtTransportation', 'T'),
(13141, 'txtDiscount', '@', 16, 'Y', 'Y', 'txtDiscount', 'Y', 'PURCHRET', 'Text', 'Inventory', 16, 'txtDiscount', 'T'),
(13142, 'txtTax', '@', 12, 'Y', 'Y', 'الضريبة', 'Y', 'PURCHRET', 'Text', 'Inventory', 16, 'txtTax', 'T'),
(13143, 'txtInvoiceValue', '@', 16, 'Y', 'Y', 'txtInvoiceValue', 'Y', 'PURCHRET', 'Text', 'Inventory', 16, 'txtInvoiceValue', 'T'),
(13144, 'cmdFindInvClass', '@', 0, 'Y', 'Y', '؟', 'Y', 'PURCHRET', 'Command', 'Inventory', 0, 'cmdFindInvClass', 'T'),
(13145, 'txtAccountNo', '@', 8, 'Y', 'Y', 'frmSales', 'Y', 'PURCHRET', 'Text', 'Inventory', 8, 'txtAccountNo', 'T'),
(13146, 'txtAccountName', '@', 59, 'Y', 'Y', 'frmSales', 'N', 'PURCHRET', 'Text', 'Inventory', 40, 'txtAccountName', 'T'),
(13147, 'cmdFindAccountNo', '@', 0, 'Y', 'Y', '؟', 'Y', 'PURCHRET', 'Command', 'Inventory', 0, 'cmdFindAccountNo', 'T'),
(13148, 'txtCustomerName', '@', 59, 'Y', 'Y', 'frmSales', 'Y', 'PURCHRET', 'Text', 'Inventory', 59, 'txtCustomerName', 'T'),
(13149, 'chkTaxInclude', '@', 0, 'N', 'Y', 'طباعة الترويسة', 'N', 'PURCHRET', 'CheckBox', 'Inventory', 0, 'chkTaxInclude', 'T'),
(13150, 'txtSubTotal', '@', 16, 'Y', 'Y', 'frmSales', 'Y', 'PURCHRET', 'Text', 'Inventory', 16, 'txtSubTotal', 'T'),
(13151, 'txtStoreID', '@', 0, 'N', 'Y', 'txtStoreID', 'N', 'PURCHRET', 'Text', 'Inventory', 0, 'txtStoreID', 'T'),
(13152, 'txtUserID', '@', 0, 'N', 'Y', 'txtUserID', 'N', 'PURCHRET', 'Text', 'Inventory', 0, 'txtUserID', 'T'),
(13153, 'txtStatus', '@', 0, 'N', 'Y', 'txtStatus', 'N', 'PURCHRET', 'Text', 'Inventory', 0, 'txtStatus', 'T'),
(13154, 'txtInvoiceType', '@', 0, 'N', 'Y', 'txtInvoiceType', 'N', 'PURCHRET', 'Text', 'Inventory', 0, 'txtInvoiceType', 'T'),
(13155, 'cmdNew', '@', 0, 'Y', 'Y', '&جديد', 'Y', 'PURCHRET', 'Command', 'Inventory', 0, 'cmdNew', 'T'),
(13156, 'cmdSave', '@', 0, 'Y', 'Y', '&حفظ', 'Y', 'PURCHRET', 'Command', 'Inventory', 0, 'cmdSave', 'T'),
(13157, 'cmdDelete', '@', 0, 'N', 'Y', 'حذ&ف', 'Y', 'PURCHRET', 'Command', 'Inventory', 0, 'cmdDelete', 'T'),
(13158, 'cmdCopy', '@', 0, 'Y', 'Y', 'نســخ', 'Y', 'PURCHRET', 'Command', 'Inventory', 0, 'cmdCopy', 'T'),
(13159, 'cmdPast', '@', 0, 'Y', 'Y', 'لصـق', 'Y', 'PURCHRET', 'Command', 'Inventory', 0, 'cmdPast', 'T'),
(13160, 'CmdClose', '@', 0, 'Y', 'Y', 'إغلا&ق', 'Y', 'PURCHRET', 'Command', 'Inventory', 0, 'CmdClose', 'T'),
(13161, 'cmdPostPrint', '@', 0, 'Y', 'Y', ' &ترحيل و طباعة', 'Y', 'PURCHRET', 'Command', 'Inventory', 0, 'cmdPostPrint', 'T'),
(13162, 'cmdPrint', '@', 0, 'Y', 'Y', '&طباعة', 'Y', 'PURCHRET', 'Command', 'Inventory', 0, 'cmdPrint', 'T'),
(13163, 'dtpDate', '@', 0, 'Y', 'Y', 'dtpDate', 'Y', 'PURCHRET', 'dtPicker', 'Inventory', 0, 'dtpDate', 'T'),
(13165, 'Text1', '@', 0, 'Y', 'Y', 'Text1', 'Y', 'PURCHRET', 'Text', 'Inventory', 0, 'Text1', 'T'),
(13166, 'lblMesgs', '@', 0, 'Y', 'Y', '', 'Y', 'PURCHRET', 'Label', 'Inventory', 0, 'lblMesgs', 'T'),
(13167, 'lblCurr', '@', 0, 'Y', 'Y', 'العملة', 'N', 'PURCHRET', 'Label', 'Inventory', 0, 'lblCurr', 'T'),
(13168, 'lblAtt3', '@', 0, 'N', 'Y', 'مدة الكفالة', '-', 'PURCHRET', 'Label', 'Inventory', 0, 'lblAtt3', 'T'),
(13169, 'lblAtt4', '@', 0, 'Y', 'Y', 'سند التسليم', 'N', 'PURCHRET', 'Label', 'Inventory', 0, 'lblAtt4', 'T'),
(13170, 'lblAtt2', '@', 0, 'N', 'Y', 'البيان الجمركي', '-', 'PURCHRET', 'Label', 'Inventory', 0, 'lblAtt2', 'T'),
(13171, 'lblNotes', '@', 0, 'Y', 'Y', 'ملاحظات', '-', 'PURCHRET', 'Label', 'Inventory', 0, 'lblNotes', 'T'),
(13172, 'lblAtt1', '@', 0, 'N', 'Y', 'أرقام القطع', '-', 'PURCHRET', 'Label', 'Inventory', 0, 'lblAtt1', 'T'),
(13173, 'lblFrnTotal', '@', 0, 'Y', 'Y', 'المجموع بالأجنبي', 'N', 'PURCHRET', 'Label', 'Inventory', 0, 'lblFrnTotal', 'T'),
(13174, 'lblExRate', '@', 0, 'Y', 'Y', 'سعر التحويل', 'N', 'PURCHRET', 'Label', 'Inventory', 0, 'lblExRate', 'T'),
(13175, 'LblSalesInvoiceNo', '@', 0, 'Y', 'Y', 'رقم المورد', 'Y', 'PURCHRET', 'Label', 'Inventory', 0, 'LblSalesInvoiceNo', 'T'),
(13176, 'LblInvoiceValue', '@', 0, 'Y', 'Y', 'صافي الفاتورة', 'Y', 'PURCHRET', 'Label', 'Inventory', 0, 'LblInvoiceValue', 'T'),
(13177, 'lblReceipt', '@', 0, 'Y', 'Y', 'فاتورة المورد', 'N', 'PURCHRET', 'Label', 'Inventory', 0, 'lblReceipt', 'T'),
(13178, 'lblInvClass', '@', 0, 'Y', 'Y', 'النوع', '-', 'PURCHRET', 'Label', 'Inventory', 0, 'lblInvClass', 'T'),
(13179, 'lblTransportation', '@', 0, 'N', 'Y', 'أجور نقل', 'N', 'PURCHRET', 'Label', 'Inventory', 0, 'lblTransportation', 'T'),
(13180, 'LblRep_No', '@', 0, 'N', 'Y', 'المندوب', '-', 'PURCHRET', 'Label', 'Inventory', 0, 'LblRep_No', 'T'),
(13181, 'LblAREA_nO', '@', 0, 'N', 'Y', 'المنطقة', '-', 'PURCHRET', 'Label', 'Inventory', 0, 'LblAREA_nO', 'T'),
(13182, 'lblStore', '@', 0, 'N', 'Y', 'المستودع', 'Y', 'PURCHRET', 'Label', 'Inventory', 0, 'lblStore', 'T'),
(13183, 'Label1', '@', 0, 'N', 'Y', 'UserID', 'N', 'PURCHRET', 'Label', 'Inventory', 0, 'Label1', 'T'),
(13184, 'lblPosted', '@', 0, 'N', 'Y', 'Status', 'N', 'PURCHRET', 'Label', 'Inventory', 0, 'lblPosted', 'T'),
(13185, 'lblInvoiceType', '@', 0, 'N', 'Y', 'InvoiceType', 'N', 'PURCHRET', 'Label', 'Inventory', 0, 'lblInvoiceType', 'T'),
(13186, 'LblInvoiceNo', '@', 0, 'Y', 'Y', 'رقم الفاتورة', 'Y', 'PURCHRET', 'Label', 'Inventory', 0, 'LblInvoiceNo', 'T'),
(13187, 'Lbdate', '@', 0, 'Y', 'Y', 'التاريخ', 'Y', 'PURCHRET', 'Label', 'Inventory', 0, 'Lbdate', 'T'),
(13188, 'LblAcNo', '@', 0, 'Y', 'Y', 'رقم الحساب', 'Y', 'PURCHRET', 'Label', 'Inventory', 0, 'LblAcNo', 'T'),
(13189, 'LblCustomerName', '@', 0, 'Y', 'Y', 'العميل', 'Y', 'PURCHRET', 'Label', 'Inventory', 0, 'LblCustomerName', 'T'),
(13190, 'LblSubTotal', '@', 0, 'Y', 'Y', 'المجموع الكلي', 'Y', 'PURCHRET', 'Label', 'Inventory', 0, 'LblSubTotal', 'T'),
(13191, 'LblDiscount', '@', 0, 'Y', 'Y', 'الخصم', 'Y', 'PURCHRET', 'Label', 'Inventory', 0, 'LblDiscount', 'T'),
(13192, 'LblTax', '@', 0, 'Y', 'Y', 'ضريبة المبيعات', 'Y', 'PURCHRET', 'Label', 'Inventory', 0, 'LblTax', 'T'),
(13193, 'cmdFindStore', '@', 0, 'Y', 'Y', '؟', 'Y', 'RETURNSINV', 'Command', 'Inventory', 0, 'cmdFindStore', 'T'),
(13194, 'txtStoreName', '@', 40, 'Y', 'Y', 'txtStoreName', 'N', 'RETURNSINV', 'Text', 'Inventory', 40, 'txtStoreName', 'T'),
(13195, 'cmdEditFormProps', '@', 0, 'N', 'Y', '-------------', 'N', 'RETURNSINV', 'Command', 'Inventory', 0, 'cmdEditFormProps', 'T'),
(13196, 'txtStatus', '@', 0, 'N', 'Y', 'mdPReciept', 'N', 'mdPReciept', 'Text', 'Inventory', 0, 'txtStatus', 'T'),
(13197, 'txtBondType', '@', 0, 'N', 'Y', 'mdPReciept', 'N', 'mdPReciept', 'Text', 'Inventory', 0, 'txtBondType', 'T'),
(13198, 'cmdNew', '@', 0, 'Y', 'Y', '&جديد', 'Y', 'mdPReciept', 'Command', 'Inventory', 0, 'cmdNew', 'T'),
(13199, 'dtpDate', '@', 0, 'Y', 'Y', 'mdPReciept', 'Y', 'mdPReciept', 'dtPicker', 'Inventory', 0, 'dtpDate', 'T'),
(13200, 'lblMesgs', '@', 0, 'Y', 'Y', '', 'Y', 'mdPReciept', 'Label', 'Inventory', 0, 'lblMesgs', 'T'),
(13201, 'Label2', '@', 0, 'Y', 'Y', 'ملاحظات', 'Y', 'mdPReciept', 'Label', 'Inventory', 0, 'Label2', 'T'),
(13202, 'lblToStore', '@', 0, 'N', 'Y', 'إلى مستودع', 'Y', 'mdPReciept', 'Label', 'Inventory', 0, 'lblToStore', 'T'),
(13203, 'Label3', '@', 0, 'N', 'Y', ' رقم فاتورة المورد', 'Y', 'mdPReciept', 'Label', 'Inventory', 0, 'Label3', 'T'),
(13204, 'LblStoreNo', '@', 0, 'N', 'Y', 'من مستودع', 'Y', 'mdPReciept', 'Label', 'Inventory', 0, 'LblStoreNo', 'T'),
(13205, 'Label1', '@', 0, 'N', 'Y', 'UserID', 'Y', 'mdPReciept', 'Label', 'Inventory', 0, 'Label1', 'T'),
(13206, 'lblPosted', '@', 0, 'N', 'Y', 'Status', 'Y', 'mdPReciept', 'Label', 'Inventory', 0, 'lblPosted', 'T'),
(13207, 'lblBondType', '@', 0, 'N', 'Y', 'Bond Type', 'Y', 'mdPReciept', 'Label', 'Inventory', 0, 'lblBondType', 'T'),
(13208, 'LblInvoiceNo', '@', 0, 'Y', 'Y', 'رقم السند', 'Y', 'mdPReciept', 'Label', 'Inventory', 0, 'LblInvoiceNo', 'T'),
(13209, 'Lbdate', '@', 0, 'Y', 'Y', 'التاريخ', 'Y', 'mdPReciept', 'Label', 'Inventory', 0, 'Lbdate', 'T'),
(13210, 'LblSuppNo', '@', 0, 'N', 'Y', ' المورد', 'Y', 'mdPReciept', 'Label', 'Inventory', 0, 'LblSuppNo', 'T'),
(13211, 'cmdEditFormProps', '@', 0, 'N', 'Y', '-------------', 'N', 'mdProductionSheet', 'Command', 'Inventory', 0, 'cmdEditFormProps', 'T'),
(13212, 'cmdEditFormProps', '@', 0, 'Y', 'Y', '-------------', 'Y', 'frmFindAcc', 'Command', 'Accounting', 0, 'cmdEditFormProps', 'T'),
(13213, 'Cmdok', '@', 0, 'Y', 'Y', '&موافق', 'Y', 'frmFindAcc', 'Command', 'Accounting', 0, 'Cmdok', 'T'),
(13214, 'Cmdcancel', '@', 0, 'Y', 'Y', 'إغلا&ق', 'Y', 'frmFindAcc', 'Command', 'Accounting', 0, 'Cmdcancel', 'T'),
(13215, 'opFind', '@', 0, 'Y', 'Y', '', 'Y', 'frmFindAcc', 'OptionButton', 'Accounting', 0, 'opFind', 'T'),
(13216, 'opFilter', '@', 0, 'Y', 'Y', '', 'Y', 'frmFindAcc', 'OptionButton', 'Accounting', 0, 'opFilter', 'T'),
(13217, 'txtName', '@', 40, 'Y', 'Y', 'frmFindAcc', 'Y', 'frmFindAcc', 'Text', 'Accounting', 40, 'txtName', 'T'),
(13218, 'txtAcNo', '@', 8, 'Y', 'Y', 'frmFindAcc', 'Y', 'frmFindAcc', 'Text', 'Accounting', 8, 'txtAcNo', 'T'),
(13219, 'AC_NO', '', 8, 'Y', 'Y', 'رقم الحساب', 'N', 'frmFindAcc', 'GrdCol', 'Accounting', 8, '', 'T'),
(13220, 'NAME', '', 60, 'Y', 'Y', 'اسم الحساب', 'N', 'frmFindAcc', 'GrdCol', 'Accounting', 60, '', 'T'),
(13221, 'BALANCE', '', 24, 'Y', 'Y', 'الرصيد', 'N', 'frmFindAcc', 'GrdCol', 'Accounting', 24, '', 'T'),
(13222, 'CURR_NO', '', 11, 'N', 'Y', 'العملة', 'N', 'frmFindAcc', 'GrdCol', 'Accounting', 11, '', 'T'),
(13223, 'lblMesgs', '@', 0, 'Y', 'Y', '', 'Y', 'frmFindAcc', 'Label', 'Accounting', 0, 'lblMesgs', 'T'),
(13224, 'cmdFindAtt2', '@', 0, 'N', 'Y', '؟', 'N', 'RETURNSINV', 'Command', 'Inventory', 0, 'cmdFindAtt2', 'T'),
(13225, 'txtAtt2', '@', 8, 'N', 'Y', 'رقم البيان', 'N', 'RETURNSINV', 'Text', 'Inventory', 8, 'txtAtt2', 'T'),
(13226, 'txtAtt3', '@', 255, 'N', 'Y', 'مدة الكفالة', 'N', 'RETURNSINV', 'Text', 'Inventory', 255, 'txtAtt3', 'T'),
(13227, 'txtAtt4', '@', 255, 'N', 'Y', 'رقم السيارة', 'N', 'RETURNSINV', 'Text', 'Inventory', 255, 'txtAtt4', 'T'),
(13228, 'txtAtt2Dsc', '@', 255, 'N', 'Y', 'البيان الجمركي', 'N', 'RETURNSINV', 'Text', 'Inventory', 255, 'txtAtt2Dsc', 'T'),
(13229, 'txtTaxb4Disc', '@', 0, 'N', 'Y', 'txtTaxb4Disc', 'N', 'RETURNSINV', 'Text', 'Inventory', 0, 'txtTaxb4Disc', 'T'),
(13230, 'txtNotes', '@', 255, 'Y', 'Y', 'ملاحظات', 'N', 'RETURNSINV', 'Text', 'Inventory', 255, 'txtNotes', 'T'),
(13231, 'txtAtt1', '@', 255, 'N', 'Y', 'أرقام القطع', 'N', 'RETURNSINV', 'Text', 'Inventory', 255, 'txtAtt1', 'T'),
(13232, 'txtFrnTotal', '@', 16, 'N', 'Y', '-', 'Y', 'RETURNSINV', 'Text', 'Inventory', 16, 'txtFrnTotal', 'T'),
(13233, 'txtExRate', '@', 12, 'N', 'Y', '-', 'Y', 'RETURNSINV', 'Text', 'Inventory', 12, 'txtExRate', 'T'),
(13234, 'cmdFindCurr', '@', 0, 'N', 'Y', '؟', 'Y', 'RETURNSINV', 'Command', 'Inventory', 0, 'cmdFindCurr', 'T'),
(13235, 'txtCurrDsc', '@', 40, 'N', 'Y', '-', 'Y', 'RETURNSINV', 'Text', 'Inventory', 40, 'txtCurrDsc', 'T'),
(13236, 'txtCurrNo', '@', 8, 'N', 'Y', '-', 'Y', 'RETURNSINV', 'Text', 'Inventory', 8, 'txtCurrNo', 'T'),
(13237, 'Operation', '@', 15, 'N', 'Y', 'Operation', 'N', 'RETURNSINV', 'GrdCol', 'Inventory', 494, 'Operation', 'T'),
(13238, 'ApsolutePosition', '@', 40, 'N', 'Y', 'ApsolutePosition', 'N', 'RETURNSINV', 'GrdCol', 'Inventory', 494, 'ApsolutePosition', 'T'),
(13239, 'INVOICE_BOND_SERIAL', '@', 15, 'N', 'Y', 'INVOICE_BOND_SERIAL', 'N', 'RETURNSINV', 'GrdCol', 'Inventory', 494, 'INVOICE_BOND_SERIAL', 'T'),
(13240, 'LINE_NO', '@', 15, 'N', 'Y', 'LINE_NO', 'N', 'RETURNSINV', 'GrdCol', 'Inventory', 494, 'LINE_NO', 'T'),
(13241, 'ITEM_NO', '@', 15, 'Y', 'Y', 'رقم المادة', 'Y', 'RETURNSINV', 'GrdCol', 'Inventory', 1755, 'ITEM_NO', 'T'),
(13242, 'Description', '@', 119, 'Y', 'Y', 'الوصف', 'N', 'RETURNSINV', 'GrdCol', 'Inventory', 4050, 'Description', 'T'),
(13243, 'QTY', '0.000', 15, 'Y', 'Y', 'الكمية', 'Y', 'RETURNSINV', 'GrdCol', 'Inventory', 1695, 'QTY', 'T'),
(13244, 'FRN_PRICE', '0.0000', 15, 'N', 'Y', 'السعر بالاجنبي', 'Y', 'RETURNSINV', 'GrdCol', 'Inventory', 1695, 'FRN_PRICE', 'T'),
(13245, 'VATPrice', '0.000', 23, 'N', 'Y', 'السعر شامل', 'Y', 'RETURNSINV', 'GrdCol', 'Inventory', 1695, 'VATPrice', 'T'),
(13246, 'Price', '0.0000', 23, 'Y', 'Y', 'السعر', 'Y', 'RETURNSINV', 'GrdCol', 'Inventory', 1695, 'Price', 'T'),
(13247, 'ItemDiscount', '0.0000', 14, 'N', 'Y', 'الخصم %', 'N', 'RETURNSINV', 'GrdCol', 'Inventory', 1695, 'ItemDiscount', 'T'),
(13248, 'Gift', '0', 15, 'Y', 'Y', 'هدية', 'Y', 'RETURNSINV', 'GrdCol', 'Inventory', 1695, 'Gift', 'T'),
(13249, 'Total', '0.000', 15, 'Y', 'Y', 'المجموع', 'N', 'RETURNSINV', 'GrdCol', 'Inventory', 1995, 'Total', 'T'),
(13250, 'Status', '@', 15, 'N', 'Y', 'Status', 'N', 'RETURNSINV', 'GrdCol', 'Inventory', 494, 'Status', 'T'),
(13251, 'MOVE_DATE', '@', 15, 'N', 'Y', 'MOVE_DATE', 'N', 'RETURNSINV', 'GrdCol', 'Inventory', 494, 'MOVE_DATE', 'T'),
(13252, 'MOVE_TYPE', '@', 15, 'N', 'Y', 'MOVE_TYPE', 'N', 'RETURNSINV', 'GrdCol', 'Inventory', 494, 'MOVE_TYPE', 'T'),
(13253, 'Tax', '0.0000', 15, 'N', 'Y', 'Tax', 'N', 'RETURNSINV', 'GrdCol', 'Inventory', 494, 'Tax', 'T'),
(13254, 'TaxValue', '@', 15, 'N', 'Y', 'TaxValue', 'N', 'RETURNSINV', 'GrdCol', 'Inventory', 1005, 'TaxValue', 'T'),
(13255, 'DiscountValue', '0.0000', 15, 'N', 'Y', 'DiscountValue', 'N', 'RETURNSINV', 'GrdCol', 'Inventory', 1005, 'DiscountValue', 'T'),
(13256, 'Cost', '0.000', 15, 'N', 'Y', 'Cost', 'N', 'RETURNSINV', 'GrdCol', 'Inventory', 1005, 'Cost', 'T'),
(13257, 'Size4', '0.000000', 15, 'N', 'Y', 'Size4', 'N', 'RETURNSINV', 'GrdCol', 'Inventory', 1005, 'Size4', 'T'),
(13258, 'NetPrice', '0.0000', 15, 'N', 'Y', 'صافي السعر', 'N', 'RETURNSINV', 'GrdCol', 'Inventory', 1005, 'NetPrice', 'T'),
(13259, 'DeuTax', '0.000', 15, 'N', 'Y', 'DueTax', 'N', 'RETURNSINV', 'GrdCol', 'Inventory', 494, 'DeuTax', 'T'),
(13260, 'BATCHNO', '@', 40, 'N', 'Y', 'باتش', 'Y', 'RETURNSINV', 'GrdCol', 'Inventory', 1695, 'BATCHNO', 'T'),
(13261, 'BATCHDT', 'yyyy/mm/dd', 40, 'N', 'Y', 'الصلاحية', 'N', 'RETURNSINV', 'GrdCol', 'Inventory', 1695, 'BATCHDT', 'T'),
(13262, 'BATCHID', '@', 40, 'N', 'Y', 'BATCHID', 'Y', 'RETURNSINV', 'GrdCol', 'Inventory', 1005, 'BATCHID', 'T'),
(13263, 'Store_ID', '@', 11, 'N', 'Y', 'STORE_ID', 'N', 'RETURNSINV', 'GrdCol', 'Inventory', 494, 'Store_ID', 'T'),
(13264, 'cmdConstraints', '@', 0, 'Y', 'Y', '&#', 'N', 'RETURNSINV', 'Command', 'Inventory', 0, 'cmdConstraints', 'T'),
(13265, 'cmdUpdates', '@', 0, 'Y', 'Y', 'تعديلات', 'Y', 'RETURNSINV', 'Command', 'Inventory', 0, 'cmdUpdates', 'T'),
(13266, 'txtSalesInvoiceNo', '@', 8, 'Y', 'Y', 'رقم فاتورة المبعات', 'Y', 'RETURNSINV', 'Text', 'Inventory', 8, 'txtSalesInvoiceNo', 'T'),
(13267, 'txtRep_Name', '@', 40, 'Y', 'Y', '-', 'N', 'RETURNSINV', 'Text', 'Inventory', 40, 'txtRep_Name', 'T'),
(13268, 'cmdFindRep_No', '@', 0, 'Y', 'Y', '؟', 'N', 'RETURNSINV', 'Command', 'Inventory', 0, 'cmdFindRep_No', 'T'),
(13269, 'txtRep_No', '@', 8, 'Y', 'Y', '-', 'N', 'RETURNSINV', 'Text', 'Inventory', 8, 'txtRep_No', 'T'),
(13270, 'txtReciept', '@', 0, 'N', 'Y', '-', 'N', 'RETURNSINV', 'Text', 'Inventory', 0, 'txtReciept', 'T'),
(13271, 'txtArea_Name', '@', 0, 'Y', 'Y', '-', 'N', 'RETURNSINV', 'Text', 'Inventory', 40, 'txtArea_Name', 'T'),
(13272, 'txtInvClassName', '@', 0, 'Y', 'Y', '-', 'N', 'RETURNSINV', 'Text', 'Inventory', 40, 'txtInvClassName', 'T'),
(13273, 'txtInvClass', '@', 8, 'Y', 'Y', '-', 'N', 'RETURNSINV', 'Text', 'Inventory', 8, 'txtInvClass', 'T'),
(13274, 'txtDate', '@', 0, 'Y', 'Y', 'txtDate', 'Y', 'RETURNSINV', 'Text', 'Inventory', 0, 'txtDate', 'T'),
(13275, 'txtInvoiceNo', '@', 8, 'Y', 'Y', 'txtInvoiceNo', 'Y', 'RETURNSINV', 'Text', 'Inventory', 8, 'txtInvoiceNo', 'T'),
(13276, 'txtTransportation', '@', 16, 'N', 'Y', '-', 'N', 'RETURNSINV', 'Text', 'Inventory', 16, 'txtTransportation', 'T'),
(13277, 'txtDiscount', '@', 16, 'Y', 'Y', 'txtDiscount', 'Y', 'RETURNSINV', 'Text', 'Inventory', 16, 'txtDiscount', 'T'),
(13278, 'txtTax', '@', 16, 'Y', 'Y', 'txtTax', 'Y', 'RETURNSINV', 'Text', 'Inventory', 16, 'txtTax', 'T'),
(13279, 'txtInvoiceValue', '@', 16, 'Y', 'Y', 'txtInvoiceValue', 'Y', 'RETURNSINV', 'Text', 'Inventory', 16, 'txtInvoiceValue', 'T'),
(13280, 'cmdFindInvClass', '@', 0, 'Y', 'Y', '؟', 'N', 'RETURNSINV', 'Command', 'Inventory', 0, 'cmdFindInvClass', 'T'),
(13281, 'txtAccountNo', '@', 8, 'Y', 'Y', 'txtAccountNo', 'Y', 'RETURNSINV', 'Text', 'Inventory', 8, 'txtAccountNo', 'T'),
(13282, 'txtAccountName', '@', 59, 'Y', 'Y', 'txtAccountName', 'Y', 'RETURNSINV', 'Text', 'Inventory', 40, 'txtAccountName', 'T'),
(13283, 'cmdFindAccountNo', '@', 0, 'Y', 'Y', '؟', 'Y', 'RETURNSINV', 'Command', 'Inventory', 0, 'cmdFindAccountNo', 'T'),
(13284, 'txtCustomerName', '@', 59, 'Y', 'Y', 'txtCustomerName', 'N', 'RETURNSINV', 'Text', 'Inventory', 59, 'txtCustomerName', 'T'),
(13285, 'cmdFindArea_No', '@', 0, 'Y', 'Y', '؟', 'Y', 'RETURNSINV', 'Command', 'Inventory', 0, 'cmdFindArea_No', 'T'),
(13286, 'txtArea_No', '@', 0, 'Y', 'Y', '-', 'N', 'RETURNSINV', 'Text', 'Inventory', 8, 'txtArea_No', 'T'),
(13287, 'chkTaxInclude', '@', 0, 'N', 'Y', 'طباعة الترويسة', 'N', 'RETURNSINV', 'CheckBox', 'Inventory', 0, 'chkTaxInclude', 'T'),
(13288, 'txtSubTotal', '@', 16, 'Y', 'Y', 'txtSubTotal', 'Y', 'RETURNSINV', 'Text', 'Inventory', 16, 'txtSubTotal', 'T'),
(13289, 'txtStoreID', '@', 0, 'Y', 'Y', 'txtStoreID', 'Y', 'RETURNSINV', 'Text', 'Inventory', 0, 'txtStoreID', 'T'),
(13290, 'txtUserID', '@', 0, 'N', 'Y', 'txtUserID', 'N', 'RETURNSINV', 'Text', 'Inventory', 0, 'txtUserID', 'T'),
(13291, 'txtStatus', '@', 0, 'N', 'Y', 'txtStatus', 'N', 'RETURNSINV', 'Text', 'Inventory', 0, 'txtStatus', 'T'),
(13292, 'txtInvoiceType', '@', 0, 'N', 'Y', 'txtInvoiceType', 'N', 'RETURNSINV', 'Text', 'Inventory', 0, 'txtInvoiceType', 'T'),
(13293, 'cmdNew', '@', 0, 'Y', 'Y', '&جديد', 'Y', 'RETURNSINV', 'Command', 'Inventory', 0, 'cmdNew', 'T'),
(13294, 'cmdSave', '@', 0, 'Y', 'Y', '&حفظ', 'Y', 'RETURNSINV', 'Command', 'Inventory', 0, 'cmdSave', 'T'),
(13295, 'cmdDelete', '@', 0, 'N', 'Y', 'حذ&ف', 'N', 'RETURNSINV', 'Command', 'Inventory', 0, 'cmdDelete', 'T');
INSERT INTO `sys_options` (`id`, `field_name`, `format`, `data_len`, `visible`, `nulluble`, `caption`, `enabled`, `form_id`, `field_type`, `sys_name`, `view_len`, `ecaption`, `trial595`) VALUES
(13296, 'cmdCopy', '@', 0, 'Y', 'Y', 'نســخ', 'Y', 'RETURNSINV', 'Command', 'Inventory', 0, 'cmdCopy', 'T'),
(13297, 'cmdPast', '@', 0, 'Y', 'Y', 'لصـق', 'Y', 'RETURNSINV', 'Command', 'Inventory', 0, 'cmdPast', 'T'),
(13298, 'lblReceipt', '@', 0, 'Y', 'Y', 'فاتورة المورد', '-', 'PURCHRET', 'Lable', 'Inventory', 0, NULL, 'T'),
(13299, 'CmdClose', '@', 0, 'Y', 'Y', 'إغلا&ق', 'Y', 'RETURNSINV', 'Command', 'Inventory', 0, 'CmdClose', 'T'),
(13300, 'cmdPostPrint', '@', 0, 'Y', 'Y', ' &ترحيل و طباعة', 'N', 'RETURNSINV', 'Command', 'Inventory', 0, 'cmdPostPrint', 'T'),
(13301, 'cmdPrint', '@', 0, 'Y', 'Y', '&طباعة', 'N', 'RETURNSINV', 'Command', 'Inventory', 0, 'cmdPrint', 'T'),
(13302, 'dtpDate', '@', 0, 'Y', 'Y', 'dtpDate', 'Y', 'RETURNSINV', 'dtPicker', 'Inventory', 0, 'dtpDate', 'T'),
(13304, 'Text1', '@', 0, 'N', 'Y', 'Text1', 'Y', 'RETURNSINV', 'Text', 'Inventory', 0, 'Text1', 'T'),
(13305, 'lblMesgs', '@', 0, 'Y', 'Y', '', 'Y', 'RETURNSINV', 'Label', 'Inventory', 0, 'lblMesgs', 'T'),
(13306, 'lblCurr', '@', 0, 'N', 'Y', 'العملة', 'N', 'RETURNSINV', 'Label', 'Inventory', 0, 'lblCurr', 'T'),
(13307, 'lblAtt3', '@', 0, 'N', 'Y', 'الكفالة', 'Y', 'RETURNSINV', 'Label', 'Inventory', 0, 'lblAtt3', 'T'),
(13308, 'lblAtt4', '@', 0, 'N', 'Y', 'رقم السيارة', 'Y', 'RETURNSINV', 'Label', 'Inventory', 0, 'lblAtt4', 'T'),
(13309, 'lblAtt2', '@', 0, 'N', 'Y', 'سبب الارجاع', 'Y', 'RETURNSINV', 'Label', 'Inventory', 0, 'lblAtt2', 'T'),
(13310, 'txtSuppInvNo', '@', 20, 'Y', 'Y', 'mdProductionSheet', 'Y', 'mdProductionSheet', 'Text', 'Inventory', 20, 'txtSuppInvNo', 'T'),
(13311, 'txtCost', '@', 24, 'N', 'Y', 'mdProductionSheet', 'Y', 'mdProductionSheet', 'Text', 'Inventory', 24, 'txtCost', 'T'),
(13312, 'Operation', '@', 11, 'N', 'Y', 'Operation', 'Y', 'mdProductionSheet', 'GrdCol', 'Inventory', 494, 'Operation', 'T'),
(13313, 'ApsolutePosition', '@', 11, 'N', 'Y', 'ApsolutePosition', 'Y', 'mdProductionSheet', 'GrdCol', 'Inventory', 494, 'ApsolutePosition', 'T'),
(13314, 'INVOICE_BOND_SERIAL', '@', 11, 'N', 'Y', 'INVOICE_BOND_SERIAL', 'Y', 'mdProductionSheet', 'GrdCol', 'Inventory', 494, 'INVOICE_BOND_SERIAL', 'T'),
(13315, 'LINE_NO', '@', 11, 'N', 'Y', 'LINE_NO', 'Y', 'mdProductionSheet', 'GrdCol', 'Inventory', 494, 'LINE_NO', 'T'),
(13316, 'ITEM_NO', '@', 12, 'Y', 'Y', 'رقم المادة', 'Y', 'mdProductionSheet', 'GrdCol', 'Inventory', 1500, 'ITEM_NO', 'T'),
(13317, 'Description', '@', 119, 'Y', 'Y', 'الوصف', 'N', 'mdProductionSheet', 'GrdCol', 'Inventory', 4500, 'Description', 'T'),
(13318, 'QTY', '0.000', 23, 'Y', 'Y', 'الكمية', 'Y', 'mdProductionSheet', 'GrdCol', 'Inventory', 1500, 'QTY', 'T'),
(13319, 'Cost', '0.000', 23, 'N', 'Y', ' الكلفة', 'Y', 'mdProductionSheet', 'GrdCol', 'Inventory', 1184, 'Cost', 'T'),
(13320, 'Total', '0.000', 23, 'N', 'Y', 'المجموع', 'Y', 'mdProductionSheet', 'GrdCol', 'Inventory', 1200, 'Total', 'T'),
(13321, 'Store_ID', '@', 11, 'N', 'Y', 'Store_ID', 'Y', 'mdProductionSheet', 'GrdCol', 'Inventory', 494, 'Store_ID', 'T'),
(13322, 'Status', '@', 1, 'N', 'Y', 'Status', 'Y', 'mdProductionSheet', 'GrdCol', 'Inventory', 494, 'Status', 'T'),
(13323, 'MOVE_DATE', '@', 19, 'N', 'Y', 'MOVE_DATE', 'Y', 'mdProductionSheet', 'GrdCol', 'Inventory', 494, 'MOVE_DATE', 'T'),
(13324, 'MOVE_TYPE', '@', 1, 'N', 'Y', 'MOVE_TYPE', 'Y', 'mdProductionSheet', 'GrdCol', 'Inventory', 494, 'MOVE_TYPE', 'T'),
(13325, 'TAX', '0.000', 23, 'N', 'Y', 'Tax', 'Y', 'mdProductionSheet', 'GrdCol', 'Inventory', 1005, 'TAX', 'T'),
(13326, 'Discount', '0.0000', 23, 'N', 'Y', 'Discount', 'Y', 'mdProductionSheet', 'GrdCol', 'Inventory', 1005, 'Discount', 'T'),
(13327, 'Price', '0.000', 23, 'N', 'Y', 'Price', 'Y', 'mdProductionSheet', 'GrdCol', 'Inventory', 1005, 'Price', 'T'),
(13328, 'Size4', '0.000000', 23, 'N', 'Y', 'Size4', 'Y', 'mdProductionSheet', 'GrdCol', 'Inventory', 1005, 'Size4', 'T'),
(13329, 'cmdUpdates', '@', 0, 'Y', 'Y', 'التع&ديلات', 'Y', 'mdProductionSheet', 'Command', 'Inventory', 0, 'cmdUpdates', 'T'),
(13330, 'txtTax', '@', 40, 'N', 'Y', 'mdProductionSheet', 'N', 'mdProductionSheet', 'Text', 'Inventory', 40, 'txtTax', 'T'),
(13331, 'txtAddCost', '@', 40, 'Y', 'Y', 'mdProductionSheet', 'Y', 'mdProductionSheet', 'Text', 'Inventory', 40, 'txtAddCost', 'T'),
(13332, 'txtLineNo', '@', 40, 'N', 'Y', 'mdProductionSheet', 'N', 'mdProductionSheet', 'Text', 'Inventory', 40, 'txtLineNo', 'T'),
(13333, 'txtQty', '@', 24, 'Y', 'Y', 'mdProductionSheet', 'Y', 'mdProductionSheet', 'Text', 'Inventory', 24, 'txtQty', 'T'),
(13334, 'txtItemNo', '@', 12, 'Y', 'Y', 'mdProductionSheet', 'Y', 'mdProductionSheet', 'Text', 'Inventory', 12, 'txtItemNo', 'T'),
(13335, 'cmdEditFormProps', '@', 0, 'Y', 'Y', '-------------', 'Y', 'frmInsertVoucher', 'Command', 'Accounting', 0, 'cmdEditFormProps', 'T'),
(13336, 'cmdSave', '@', 0, 'Y', 'Y', '&حفظ', 'Y', 'frmInsertVoucher', 'Command', 'Accounting', 0, 'cmdSave', 'T'),
(13337, 'cmdDelete', '@', 0, 'Y', 'Y', 'ح&ذف', 'N', 'frmInsertVoucher', 'Command', 'Accounting', 0, 'cmdDelete', 'T'),
(13338, 'cmdclose', '@', 0, 'Y', 'Y', 'إغلا&ق', 'Y', 'frmInsertVoucher', 'Command', 'Accounting', 0, 'cmdclose', 'T'),
(13339, 'cmdPostPrint', '@', 0, 'N', 'Y', ' &ترحيل و طباعة', 'Y', 'frmInsertVoucher', 'Command', 'Accounting', 0, 'cmdPostPrint', 'T'),
(13340, 'cmdPrint', '@', 0, 'Y', 'Y', 'حفظ و &طباعة', 'Y', 'frmInsertVoucher', 'Command', 'Accounting', 0, 'cmdPrint', 'T'),
(13341, 'txtDiff', '@', 0, 'Y', 'N', 'frmInsertVoucher', 'Y', 'frmInsertVoucher', 'Text', 'Accounting', 0, 'txtDiff', 'T'),
(13342, 'cmdUpdates', '@', 0, 'Y', 'Y', 'التع&ديلات', 'Y', 'frmInsertVoucher', 'Command', 'Accounting', 0, 'cmdUpdates', 'T'),
(13343, 'txtVoucherNo', '@', 10, 'Y', 'N', 'frmInsertVoucher', 'Y', 'frmInsertVoucher', 'Text', 'Accounting', 10, 'txtVoucherNo', 'T'),
(13344, 'txtVoucherDate', '@', 10, 'Y', 'N', 'frmInsertVoucher', 'Y', 'frmInsertVoucher', 'Text', 'Accounting', 10, 'txtVoucherDate', 'T'),
(13345, 'cmdFindRepNo', '@', 0, 'Y', 'Y', '؟', 'Y', 'frmInsertVoucher', 'Command', 'Accounting', 0, 'cmdFindRepNo', 'T'),
(13346, 'txtVoucherType', '@', 0, 'Y', 'Y', 'frmInsertVoucher', 'Y', 'frmInsertVoucher', 'ComboBox', 'Accounting', 0, 'txtVoucherType', 'T'),
(13347, 'Operation', '####', 11, 'N', 'Y', 'Operation', 'Y', 'frmInsertVoucher', 'GrdCol', 'Accounting', 59, '', 'T'),
(13348, 'Position', '####', 11, 'N', 'N', 'ApsolutePosition', 'Y', 'frmInsertVoucher', 'GrdCol', 'Accounting', 79, '', 'T'),
(13349, 'LINE_NO', '####', 11, 'N', 'Y', 'LINE_NO', 'Y', 'frmInsertVoucher', 'GrdCol', 'Accounting', 100, '', 'T'),
(13350, 'VoucherNo', '######', 10, 'N', 'Y', 'رقم السند', 'Y', 'frmInsertVoucher', 'GrdCol', 'Accounting', 150, '', 'T'),
(13351, 'Account', '', 8, 'Y', 'Y', 'رقم الحساب', 'Y', 'frmInsertVoucher', 'GrdCol', 'Accounting', 118, '', 'T'),
(13352, 'AccName', '', 60, 'Y', 'Y', 'اسم الحساب', 'N', 'frmInsertVoucher', 'GrdCol', 'Accounting', 280, '', 'T'),
(13353, 'Description', '', 39, 'Y', 'Y', 'البيان', 'Y', 'frmInsertVoucher', 'GrdCol', 'Accounting', 289, '', 'T'),
(13354, 'Debit', '0.000', 22, 'Y', 'Y', 'مدين', 'Y', 'frmInsertVoucher', 'GrdCol', 'Accounting', 120, '', 'T'),
(13355, 'Credit', '0.000', 22, 'Y', 'Y', 'دائن', 'Y', 'frmInsertVoucher', 'GrdCol', 'Accounting', 120, '', 'T'),
(13356, 'Foreign', 'currency', 22, 'Y', 'Y', 'اجنبي', 'Y', 'frmInsertVoucher', 'GrdCol', 'Accounting', 109, '', 'T'),
(13357, 'Date', '', 19, 'N', 'Y', 'التاريخ', 'Y', 'frmInsertVoucher', 'GrdCol', 'Accounting', 150, '', 'T'),
(13358, 'cmdPostPrint', '@', 1, 'Y', 'Y', '&ترحيل و طباعة', 'Y', 'frmSales', 'CommandButton', 'INVENTORY', 1, 'Trans. Print', 'T'),
(13359, 'cmdPrint', '@', 1, 'N', 'Y', '&طباعة', 'Y', 'frmSales', 'CommandButton', 'INVENTORY', 1, 'Print', 'T'),
(13361, 'LblSalesInvoiceNo', '@', 1, 'Y', 'Y', 'رقم فاتورة المبيعات', 'Y', 'frmSales', 'Label', 'INVENTORY', 1, 'Sales Inv. No', 'T'),
(13362, 'lblAtt3', '@', 1, 'Y', 'Y', 'الكفالة', 'Y', 'frmSales', 'Label', 'INVENTORY', 1, 'Warranty', 'T'),
(13363, 'lblAtt4', '@', 1, 'Y', 'Y', 'رقم السيارة', 'Y', 'frmSales', 'Label', 'INVENTORY', 1, 'Car No', 'T'),
(13364, 'lblAtt2', '@', 1, 'Y', 'Y', 'رقم البيان', 'Y', 'frmSales', 'Label', 'INVENTORY', 1, 'Trip Tickit No', 'T'),
(13365, 'LblInvoiceValue', '@', 1, 'Y', 'Y', 'صافي الفاتورة', 'Y', 'frmSales', 'Label', 'INVENTORY', 1, 'Net Invoice', 'T'),
(13366, 'lblReceipt', '@', 1, 'Y', 'Y', 'سند التسليم', 'Y', 'frmSales', 'Label', 'INVENTORY', 1, 'Deliver Voucher', 'T'),
(13367, 'lblInvClass', '@', 1, 'Y', 'Y', 'فاتورة', 'Y', 'frmSales', 'Label', 'INVENTORY', 1, 'Invoice', 'T'),
(13368, 'lblTransportation', '@', 1, 'N', 'Y', 'اجور نقل', 'Y', 'frmSales', 'Label', 'INVENTORY', 1, 'Transfer Cost', 'T'),
(13369, 'LblRep_No', '@', 1, 'Y', 'Y', 'المندوب', 'Y', 'frmSales', 'Label', 'INVENTORY', 1, 'Saleman', 'T'),
(13370, 'LblAREA_nO', '@', 1, 'Y', 'Y', 'المنطقة', 'Y', 'frmSales', 'Label', 'INVENTORY', 1, 'Area', 'T'),
(13371, 'LblInvoiceNo', '@', 1, 'Y', 'Y', 'رقم الفاتورة', 'Y', 'frmSales', 'Label', 'INVENTORY', 1, 'Inv. No', 'T'),
(13372, 'Lbdate', '@', 1, 'Y', 'Y', 'التاريخ', 'Y', 'frmSales', 'Label', 'INVENTORY', 1, 'Date', 'T'),
(13373, 'LblAcNo', '@', 1, 'Y', 'Y', 'رقم الحساب', 'Y', 'frmSales', 'Label', 'INVENTORY', 1, 'Account', 'T'),
(13374, 'LblCustomerName', '@', 1, 'Y', 'Y', 'العميل', 'Y', 'frmSales', 'Label', 'INVENTORY', 1, 'Customer', 'T'),
(13375, 'LblSubTotal', '@', 1, 'Y', 'Y', 'المجموع الكلي', 'Y', 'frmSales', 'Label', 'INVENTORY', 1, 'Total Amount', 'T'),
(13376, 'LblDiscount', '@', 1, 'Y', 'Y', 'الخصم', 'Y', 'frmSales', 'Label', 'INVENTORY', 1, 'Discount', 'T'),
(13377, 'LblTax', '@', 1, 'Y', 'Y', 'ضريبة المبيعات', 'Y', 'frmSales', 'Label', 'INVENTORY', 1, 'Sales Tax', 'T'),
(13378, 'lblNotes', '@', 1, 'Y', 'Y', 'ملاحظات', 'Y', 'frmSales', 'Label', 'INVENTORY', 1, 'Remarks', 'T'),
(13379, 'lblAtt1', '@', 1, 'Y', 'Y', 'أرقام القطع', 'Y', 'frmSales', 'Label', 'INVENTORY', 1, 'Parts No', 'T'),
(13380, 'ApsolutePosition', '@', 11, 'N', 'Y', 'ApsolutePosition', 'Y', 'mdIssueItems', 'GrdCol', 'Inventory', 494, 'ApsolutePosition', 'T'),
(13381, 'cmdFindSuppNo', '@', 0, 'N', 'N', '؟', 'Y', 'frmMovementsReport', 'Command', 'Inventory', 0, 'cmdFindSuppNo', 'T'),
(13382, 'INVOICE_BOND_SERIAL', '@', 11, 'N', 'Y', 'INVOICE_BOND_SERIAL', 'Y', 'mdIssueItems', 'GrdCol', 'Inventory', 494, 'INVOICE_BOND_SERIAL', 'T'),
(13383, 'LINE_NO', '@', 11, 'N', 'Y', 'LINE_NO', 'Y', 'mdIssueItems', 'GrdCol', 'Inventory', 494, 'LINE_NO', 'T'),
(13384, 'ITEM_NO', '@', 12, 'Y', 'Y', 'رقم المادة', 'Y', 'mdIssueItems', 'GrdCol', 'Inventory', 1695, 'ITEM_NO', 'T'),
(13385, 'Description', '@', 50, 'Y', 'Y', 'الوصف', 'N', 'mdIssueItems', 'GrdCol', 'Inventory', 4199, 'Description', 'T'),
(13386, 'QTY', '0.000', 23, 'Y', 'Y', 'الكمية', 'Y', 'mdIssueItems', 'GrdCol', 'Inventory', 1695, 'QTY', 'T'),
(13387, 'Cost', '0.000', 23, 'N', 'Y', ' الكلفة', 'Y', 'mdIssueItems', 'GrdCol', 'Inventory', 1695, 'Cost', 'T'),
(13388, 'txtQtyIn', '@', 0, 'Y', 'Y', 'sfBatchInfo', 'N', 'sfBatchInfo', 'Text', 'Inventory', 0, 'txtQtyIn', 'T'),
(13389, 'Store_ID', '@', 11, 'N', 'Y', 'Store_ID', 'Y', 'mdIssueItems', 'GrdCol', 'Inventory', 494, 'Store_ID', 'T'),
(13390, 'Status', '@', 1, 'N', 'Y', 'Status', 'Y', 'mdIssueItems', 'GrdCol', 'Inventory', 494, 'Status', 'T'),
(13391, 'MOVE_DATE', '@', 19, 'N', 'Y', 'MOVE_DATE', 'Y', 'mdIssueItems', 'GrdCol', 'Inventory', 494, 'MOVE_DATE', 'T'),
(13392, 'MOVE_TYPE', '@', 1, 'N', 'Y', 'MOVE_TYPE', 'Y', 'mdIssueItems', 'GrdCol', 'Inventory', 494, 'MOVE_TYPE', 'T'),
(13393, 'TAX', '0.000', 23, 'N', 'Y', 'Tax', 'Y', 'mdIssueItems', 'GrdCol', 'Inventory', 1005, 'TAX', 'T'),
(13394, 'Discount', '0.0000', 23, 'N', 'Y', 'Discount', 'Y', 'mdIssueItems', 'GrdCol', 'Inventory', 1005, 'Discount', 'T'),
(13395, 'Price', '0.000', 23, 'N', 'Y', 'Price', 'Y', 'mdIssueItems', 'GrdCol', 'Inventory', 1005, 'Price', 'T'),
(13396, 'txtSalesInvoiceNo', '@', 8, 'N', 'Y', '', 'Y', 'frmSales', 'TextBox', 'INVENTORY', 8, '', 'T'),
(13397, 'txtAtt2', '@', 8, 'Y', 'Y', '', 'Y', 'frmSales', 'TextBox', 'INVENTORY', 8, '', 'T'),
(13398, 'txtAtt3', '@', 255, 'Y', 'Y', '', 'Y', 'frmSales', 'TextBox', 'INVENTORY', 255, '', 'T'),
(13399, 'txtAtt4', '@', 255, 'Y', 'Y', '', 'Y', 'frmSales', 'TextBox', 'INVENTORY', 255, '', 'T'),
(13400, 'txtAtt2Dsc', '@', 255, 'Y', 'Y', '', 'Y', 'frmSales', 'TextBox', 'INVENTORY', 255, '', 'T'),
(13401, 'txtTaxb4Disc', '@', 0, 'N', 'Y', '', 'Y', 'frmSales', 'TextBox', 'INVENTORY', 0, '', 'T'),
(13402, 'txtRep_Name', '@', 40, 'Y', 'Y', '', 'Y', 'frmSales', 'TextBox', 'INVENTORY', 40, '', 'T'),
(13403, 'txtRep_No', '@', 8, 'Y', 'Y', '', 'Y', 'frmSales', 'TextBox', 'INVENTORY', 8, '', 'T'),
(13404, 'txtReciept', '@', 0, 'Y', 'Y', '', 'Y', 'frmSales', 'TextBox', 'INVENTORY', 0, '', 'T'),
(13405, 'txtArea_Name', '@', 40, 'Y', 'Y', '', 'Y', 'frmSales', 'TextBox', 'INVENTORY', 40, '', 'T'),
(13406, 'txtInvClassName', '@', 40, 'Y', 'Y', '', 'Y', 'frmSales', 'TextBox', 'INVENTORY', 40, '', 'T'),
(13407, 'txtInvClass', '@', 8, 'Y', 'Y', '', 'Y', 'frmSales', 'TextBox', 'INVENTORY', 8, '', 'T'),
(13408, 'txtDate', '@', 0, 'Y', 'Y', '', 'Y', 'frmSales', 'TextBox', 'INVENTORY', 0, '', 'T'),
(13409, 'txtInvoiceNo', '@', 8, 'Y', 'Y', '', 'Y', 'frmSales', 'TextBox', 'INVENTORY', 8, '', 'T'),
(13410, 'txtTransportation', '@', 16, 'N', 'Y', '', 'Y', 'frmSales', 'TextBox', 'INVENTORY', 16, '', 'T'),
(13411, 'txtDiscount', '@', 16, 'Y', 'Y', '', 'Y', 'frmSales', 'TextBox', 'INVENTORY', 16, '', 'T'),
(13412, 'txtTax', '@', 16, 'Y', 'Y', '', 'Y', 'frmSales', 'TextBox', 'INVENTORY', 16, '', 'T'),
(13413, 'Size4', '0.000000', 23, 'N', 'Y', 'Size4', 'Y', 'mdIssueItems', 'GrdCol', 'Inventory', 1005, 'Size4', 'T'),
(13414, 'BATCHNO', '@', 12, 'N', 'Y', 'رقم الخلطة', 'Y', 'mdIssueItems', 'GrdCol', 'Inventory', 1695, 'BATCHNO', 'T'),
(13415, 'BATCHDT', 'yyyy/mm/dd', 19, 'N', 'Y', 'الصلاحية', 'Y', 'mdIssueItems', 'GrdCol', 'Inventory', 1695, 'BATCHDT', 'T'),
(13416, 'txtInvoiceValue', '@', 16, 'Y', 'Y', '', 'Y', 'frmSales', 'TextBox', 'INVENTORY', 16, '', 'T'),
(13417, 'txtAccountNo', '@', 8, 'Y', 'Y', '', 'Y', 'frmSales', 'TextBox', 'INVENTORY', 8, '', 'T'),
(13418, 'txtAccountName', '@', 59, 'Y', 'Y', '', 'Y', 'frmSales', 'TextBox', 'INVENTORY', 40, '', 'T'),
(13419, 'txtCustomerName', '@', 59, 'Y', 'Y', '', 'Y', 'frmSales', 'TextBox', 'INVENTORY', 59, '', 'T'),
(13420, 'txtArea_No', '@', 8, 'Y', 'Y', '', 'Y', 'frmSales', 'TextBox', 'INVENTORY', 8, '', 'T'),
(13421, 'txtSubTotal', '@', 16, 'Y', 'Y', '', 'Y', 'frmSales', 'TextBox', 'INVENTORY', 16, '', 'T'),
(13422, 'txtStoreID', '@', 0, 'N', 'Y', '', 'N', 'frmSales', 'TextBox', 'INVENTORY', 0, '', 'T'),
(13423, 'txtUserID', '@', 0, 'N', 'Y', '', 'N', 'frmSales', 'TextBox', 'INVENTORY', 0, '', 'T'),
(13424, 'txtStatus', '@', 0, 'N', 'Y', '', 'N', 'frmSales', 'TextBox', 'INVENTORY', 0, '', 'T'),
(13425, 'txtInvoiceType', '@', 0, 'N', 'Y', '', 'N', 'frmSales', 'TextBox', 'INVENTORY', 0, '', 'T'),
(13426, 'txtNotes', '@', 255, 'Y', 'Y', '', 'Y', 'frmSales', 'TextBox', 'INVENTORY', 255, '', 'T'),
(13427, 'txtAtt1', '@', 255, 'Y', 'Y', '', 'Y', 'frmSales', 'TextBox', 'INVENTORY', 255, '', 'T'),
(13428, 'BATCHID', '@', 11, 'N', 'Y', 'BATCHID', 'Y', 'mdIssueItems', 'GrdCol', 'Inventory', 794, 'BATCHID', 'T'),
(13429, 'Label3', '@', 0, 'Y', 'Y', ' رقم فاتورة المورد', 'Y', 'mdIssueItems', 'Label', 'Inventory', 0, 'Label3', 'T'),
(13430, 'LblStoreNo', '@', 0, 'Y', 'Y', 'المستودع', 'Y', 'mdIssueItems', 'Label', 'Inventory', 0, 'LblStoreNo', 'T'),
(13431, 'LblInvoiceNo', '@', 0, 'Y', 'Y', 'رقم السند', 'Y', 'mdIssueItems', 'Label', 'Inventory', 0, 'LblInvoiceNo', 'T'),
(13432, 'Lbdate', '@', 0, 'Y', 'Y', 'التاريخ', 'Y', 'mdIssueItems', 'Label', 'Inventory', 0, 'Lbdate', 'T'),
(13433, 'LblSuppNo', '@', 0, 'Y', 'Y', ' المورد', 'Y', 'mdIssueItems', 'Label', 'Inventory', 0, 'LblSuppNo', 'T'),
(13434, 'cmdEditFormProps', '@', 0, 'Y', 'N', '-------------', 'Y', 'sfCustom', 'Command', 'Inventory', 0, 'cmdEditFormProps', 'T'),
(13435, 'QTY', '@', 12, 'Y', 'Y', 'السعر', 'Y', 'frmLookupee', 'GrdCol', 'Inventory', 10, 'Price', 'T'),
(13436, 'QTYpri', '@', 12, 'Y', 'Y', 'السعر', 'Y', 'frmLookupee', 'GrdCol', 'Inventory', 12, 'price', 'T'),
(13437, 'txtSuppName', '@', 39, 'N', 'N', 'frmMovementsReport', 'Y', 'frmMovementsReport', 'Text', 'Inventory', 39, 'txtSuppName', 'T'),
(13438, 'txtSuppNo', '@', 8, 'N', 'N', 'frmMovementsReport', 'Y', 'frmMovementsReport', 'Text', 'Inventory', 8, 'txtSuppNo', 'T'),
(13439, 'chkPosted', '@', 0, 'N', 'N', 'المرحل فقط', 'Y', 'frmMovementsReport', 'CheckBox', 'Inventory', 0, 'chkPosted', 'T'),
(13440, 'cmdFindItem1', '@', 0, 'Y', 'N', '؟', 'Y', 'frmMovementsReport', 'Command', 'Inventory', 0, 'cmdFindItem1', 'T'),
(13441, 'cmdFindItem2', '@', 0, 'Y', 'N', '؟', 'Y', 'frmMovementsReport', 'Command', 'Inventory', 0, 'cmdFindItem2', 'T'),
(13442, 'LblSuppNo', '@', 0, 'N', 'N', 'فقط لإصناف المورد', 'Y', 'frmMovementsReport', 'Label', 'Inventory', 0, 'LblSuppNo', 'T'),
(13443, 'Curreny', '', 23, 'N', 'Y', 'العمله', 'Y', 'frmInsertVoucher', 'GrdCol', 'Accounting', 209, '', 'T'),
(13444, 'TotalDebitCridit', '', 22, 'N', 'Y', 'TotalDebitCridit', 'Y', 'frmInsertVoucher', 'GrdCol', 'Accounting', 220, '', 'T'),
(13445, 'Posted', '', 1, 'N', 'Y', 'Posted', 'Y', 'frmInsertVoucher', 'GrdCol', 'Accounting', 150, '', 'T'),
(13446, 'Currency', '', 40, 'Y', 'Y', 'العملة', 'N', 'frmInsertVoucher', 'GrdCol', 'Accounting', 85, '', 'T'),
(13447, 'CENTERNO', '######', 8, 'N', 'Y', 'م.كلفة', 'Y', 'frmInsertVoucher', 'GrdCol', 'Accounting', 79, 'C.Center', 'T'),
(13448, 'COSTCENTER', '######', 8, 'N', 'Y', 'COSTCENTER', 'N', 'frmInsertVoucher', 'GrdCol', 'Accounting', 94, '', 'T'),
(13449, 'CENTERDSC', '', 60, 'N', 'Y', 'مركز الكلفة', 'N', 'frmInsertVoucher', 'GrdCol', 'Accounting', 150, 'Cost Center', 'T'),
(13450, 'mskVoucherDateOld', '@', 0, 'Y', 'Y', 'frmInsertVoucher', 'Y', 'frmInsertVoucher', 'dtPicker', 'Accounting', 0, 'mskVoucherDateOld', 'T'),
(13451, 'cmdNew', '@', 0, 'Y', 'Y', '&جديد', 'Y', 'frmInsertVoucher', 'Command', 'Accounting', 0, 'cmdNew', 'T'),
(13452, 'cmdCopy', '@', 0, 'Y', 'Y', 'نســخ', 'N', 'frmInsertVoucher', 'Command', 'Accounting', 0, 'cmdCopy', 'T'),
(13453, 'cmdPast', '@', 0, 'Y', 'Y', 'لصـق', 'N', 'frmInsertVoucher', 'Command', 'Accounting', 0, 'cmdPast', 'T'),
(13454, 'txtPosted', '@', 0, 'N', 'N', 'frmInsertVoucher', 'Y', 'frmInsertVoucher', 'Text', 'Accounting', 0, 'txtPosted', 'T'),
(13455, 'txtUserID', '@', 0, 'N', 'N', 'frmInsertVoucher', 'N', 'frmInsertVoucher', 'Text', 'Accounting', 0, 'txtUserID', 'T'),
(13456, 'txtVoucherTypeNo', '@', 1, 'Y', 'N', 'frmInsertVoucher', 'Y', 'frmInsertVoucher', 'Text', 'Accounting', 1, 'txtVoucherTypeNo', 'T'),
(13457, 'txtRepName', '@', 0, 'Y', 'N', 'frmInsertVoucher', 'N', 'frmInsertVoucher', 'Text', 'Accounting', 0, 'txtRepName', 'T'),
(13458, 'txtCreditSum', '@', 0, 'Y', 'N', 'frmInsertVoucher', 'Y', 'frmInsertVoucher', 'Text', 'Accounting', 0, 'txtCreditSum', 'T'),
(13459, 'txtDebitSum', '@', 0, 'Y', 'N', 'frmInsertVoucher', 'Y', 'frmInsertVoucher', 'Text', 'Accounting', 0, 'txtDebitSum', 'T'),
(13460, 'txtRepNo', '@', 3, 'Y', 'N', 'frmInsertVoucher', 'Y', 'frmInsertVoucher', 'Text', 'Accounting', 3, 'txtRepNo', 'T'),
(13461, 'lblMesgs', '@', 0, 'Y', 'Y', '', 'Y', 'frmInsertVoucher', 'Label', 'Accounting', 0, 'lblMesgs', 'T'),
(13462, 'Label9', '@', 0, 'Y', 'Y', 'الفرق', 'Y', 'frmInsertVoucher', 'Label', 'Accounting', 0, 'Label9', 'T'),
(13463, 'Label8', '@', 0, 'N', 'Y', '', 'Y', 'frmInsertVoucher', 'Label', 'Accounting', 0, 'Label8', 'T'),
(13464, 'Label7', '@', 0, 'Y', 'Y', 'المجموع', 'Y', 'frmInsertVoucher', 'Label', 'Accounting', 0, 'Label7', 'T'),
(13465, 'Label6', '@', 0, 'N', 'Y', 'مرحل', 'Y', 'frmInsertVoucher', 'Label', 'Accounting', 0, 'Label6', 'T'),
(13466, 'Label5', '@', 0, 'N', 'Y', 'رقم المستخدم', 'Y', 'frmInsertVoucher', 'Label', 'Accounting', 0, 'Label5', 'T'),
(13467, 'Label1', '@', 0, 'Y', 'Y', 'النوع', 'Y', 'frmInsertVoucher', 'Label', 'Accounting', 0, 'Label1', 'T'),
(13468, 'Label4', '@', 0, 'Y', 'Y', 'المندوب', 'Y', 'frmInsertVoucher', 'Label', 'Accounting', 0, 'Label4', 'T'),
(13469, 'Label2', '@', 0, 'Y', 'Y', 'الرقم', 'Y', 'frmInsertVoucher', 'Label', 'Accounting', 0, 'Label2', 'T'),
(13470, 'Label3', '@', 0, 'Y', 'Y', 'التاريخ', 'Y', 'frmInsertVoucher', 'Label', 'Accounting', 0, 'Label3', 'T'),
(13471, 'txtItemDsc', '@', 119, 'Y', 'Y', 'mdProductionSheet', 'N', 'mdProductionSheet', 'Text', 'Inventory', 39, 'txtItemDsc', 'T'),
(13472, 'cmdFindItemNo', '@', 0, 'Y', 'Y', '؟', 'Y', 'mdProductionSheet', 'Command', 'Inventory', 0, 'cmdFindItemNo', 'T'),
(13473, 'txtToStoreNo', '@', 8, 'Y', 'Y', 'mdProductionSheet', 'Y', 'mdProductionSheet', 'Text', 'Inventory', 8, 'txtToStoreNo', 'T'),
(13474, 'txtToStoreName', '@', 40, 'Y', 'Y', 'mdProductionSheet', 'N', 'mdProductionSheet', 'Text', 'Inventory', 40, 'txtToStoreName', 'T'),
(13475, 'cmdFindToStoreNo', '@', 0, 'Y', 'Y', '؟', 'Y', 'mdProductionSheet', 'Command', 'Inventory', 0, 'cmdFindToStoreNo', 'T'),
(13476, 'txtNotes', '@', 0, 'Y', 'Y', 'mdProductionSheet', 'Y', 'mdProductionSheet', 'Text', 'Inventory', 0, 'txtNotes', 'T'),
(13477, 'CmdClose', '@', 0, 'Y', 'Y', 'إغلا&ق', 'Y', 'mdProductionSheet', 'Command', 'Inventory', 0, 'CmdClose', 'T'),
(13478, 'cmdEditFormProps', '@', 0, 'Y', 'Y', '-------------', 'Y', 'mdPayCheque', 'Command', 'Accounting', 0, 'cmdEditFormProps', 'T'),
(13479, 'cmdPostPrint', '@', 0, 'Y', 'Y', ' &ترحيل و طباعة', 'Y', 'mdPayCheque', 'Command', 'Accounting', 0, 'cmdPostPrint', 'T'),
(13480, 'cmdSave', '@', 0, 'Y', 'Y', '&حفظ', 'Y', 'mdPayCheque', 'Command', 'Accounting', 0, 'cmdSave', 'T'),
(13481, 'cmdDelete', '@', 0, 'Y', 'Y', 'ح&ذف', 'Y', 'mdPayCheque', 'Command', 'Accounting', 0, 'cmdDelete', 'T'),
(13482, 'cmdclose', '@', 0, 'Y', 'Y', 'إغلا&ق', 'Y', 'mdPayCheque', 'Command', 'Accounting', 0, 'cmdclose', 'T'),
(13483, 'cmdPrint', '@', 0, 'Y', 'Y', '&طباعة', 'Y', 'mdPayCheque', 'Command', 'Accounting', 0, 'cmdPrint', 'T'),
(13484, 'cmdUpdates', '@', 0, 'Y', 'Y', 'التع&ديلات', 'Y', 'mdPayCheque', 'Command', 'Accounting', 0, 'cmdUpdates', 'T'),
(13485, 'cmdFindBanckAc', '@', 0, 'Y', 'Y', '؟', 'N', 'mdPayCheque', 'Command', 'Accounting', 0, 'cmdFindBanckAc', 'T'),
(13486, 'cmdNew', '@', 0, 'Y', 'Y', '&جديد', 'Y', 'mdPayCheque', 'Command', 'Accounting', 0, 'cmdNew', 'T'),
(13487, 'cmdFindDebitAccNo', '@', 0, 'Y', 'Y', '؟', 'Y', 'mdPayCheque', 'Command', 'Accounting', 0, 'cmdFindDebitAccNo', 'T'),
(13488, 'txtBanckName', '@', 0, 'Y', 'Y', 'mdPayCheque', 'N', 'mdPayCheque', 'Text', 'Accounting', 0, 'txtBanckName', 'T'),
(13489, 'txtBankAc', '@', 8, 'Y', 'Y', 'mdPayCheque', 'N', 'mdPayCheque', 'Text', 'Accounting', 8, 'txtBankAc', 'T'),
(13490, 'txtDebitAccName', '@', 0, 'Y', 'Y', 'mdPayCheque', 'N', 'mdPayCheque', 'Text', 'Accounting', 0, 'txtDebitAccName', 'T'),
(13491, 'txtDebitAccNo', '@', 8, 'Y', 'Y', 'mdPayCheque', 'Y', 'mdPayCheque', 'Text', 'Accounting', 8, 'txtDebitAccNo', 'T'),
(13492, 'txtRepNo', '@', 3, 'Y', 'Y', 'mdPayCheque', 'Y', 'mdPayCheque', 'Text', 'Accounting', 3, 'txtRepNo', 'T'),
(13493, 'txtChequeTypeNo', '@', 1, 'N', 'Y', 'mdPayCheque', 'N', 'mdPayCheque', 'Text', 'Accounting', 1, 'txtChequeTypeNo', 'T'),
(13494, 'txtVoucherTypeNo', '@', 2, 'N', 'Y', 'mdPayCheque', 'Y', 'mdPayCheque', 'Text', 'Accounting', 2, 'txtVoucherTypeNo', 'T'),
(13495, 'txtVoucherNo', '@', 10, 'Y', 'Y', 'mdPayCheque', 'Y', 'mdPayCheque', 'Text', 'Accounting', 10, 'txtVoucherNo', 'T'),
(13496, 'txtCreditAccNo', '@', 8, 'Y', 'Y', 'mdPayCheque', 'N', 'mdPayCheque', 'Text', 'Accounting', 8, 'txtCreditAccNo', 'T'),
(13497, 'cmdFindRepNo', '@', 0, 'Y', 'Y', '؟', 'Y', 'mdPayCheque', 'Command', 'Accounting', 0, 'cmdFindRepNo', 'T'),
(13498, 'txtVoucherDate', '@', 10, 'Y', 'Y', 'mdPayCheque', 'Y', 'mdPayCheque', 'Text', 'Accounting', 10, 'txtVoucherDate', 'T'),
(13499, 'Operation', '####', 11, 'N', 'Y', 'Operation', 'Y', 'mdPayCheque', 'GrdCol', 'Accounting', 599, '', 'T'),
(13500, 'position', '######', 11, 'N', 'N', 'position', 'Y', 'mdPayCheque', 'GrdCol', 'Accounting', 1500, '', 'T'),
(13501, 'LINE_NO', '####', 11, 'N', 'Y', 'LINE_NO', 'Y', 'mdPayCheque', 'GrdCol', 'Accounting', 1005, '', 'T'),
(13502, 'VouchNo', '@', 10, 'N', 'Y', 'رقم السند', 'Y', 'mdPayCheque', 'GrdCol', 'Accounting', 1500, '', 'T'),
(13503, 'ChequeNo', '@', 10, 'Y', 'Y', 'رقم الشيك', 'Y', 'mdPayCheque', 'GrdCol', 'Accounting', 1305, '', 'T'),
(13504, 'Bank', '@', 20, 'N', 'Y', ' البنك', 'Y', 'mdPayCheque', 'GrdCol', 'Accounting', 1395, '', 'T'),
(13505, 'Description', '@', 40, 'Y', 'Y', 'البيــــــــــــــــــان', 'Y', 'mdPayCheque', 'GrdCol', 'Accounting', 3479, '', 'T'),
(13506, 'To', '@', 60, 'Y', 'Y', 'لإمــــــــــــر', 'Y', 'mdPayCheque', 'GrdCol', 'Accounting', 3404, '', 'T'),
(13507, 'Amount', '##0.000', 15, 'Y', 'Y', 'المبلغ', 'Y', 'mdPayCheque', 'GrdCol', 'Accounting', 1395, '', 'T'),
(13508, 'DueDate', 'yyyy/mm/dd', 20, 'Y', 'Y', 'تاريخ الحق', 'Y', 'mdPayCheque', 'GrdCol', 'Accounting', 1500, '', 'T'),
(13509, 'CreditAccount', '@', 8, 'N', 'Y', 'رقم حساب دائن', 'Y', 'mdPayCheque', 'GrdCol', 'Accounting', 1500, '', 'T'),
(13510, 'DebitAccount', '@', 8, 'N', 'Y', 'رقم حساب مدين', 'Y', 'mdPayCheque', 'GrdCol', 'Accounting', 1500, '', 'T'),
(13511, 'CHEQUE_TYPE', '@', 8, 'N', 'Y', 'CHEQUE_TYPE', 'Y', 'mdPayCheque', 'GrdCol', 'Accounting', 1500, '', 'T'),
(13512, 'POSTED', '@', 8, 'N', 'Y', 'POSTED', 'Y', 'mdPayCheque', 'GrdCol', 'Accounting', 1500, '', 'T'),
(13513, 'Status', '@', 8, 'N', 'Y', 'Status', 'Y', 'mdPayCheque', 'GrdCol', 'Accounting', 1500, '', 'T'),
(13514, 'USER_ID', '@', 8, 'N', 'Y', 'USER_ID', 'Y', 'mdPayCheque', 'GrdCol', 'Accounting', 1500, '', 'T'),
(13515, 'COSTCENTER', '######', 8, 'N', 'Y', 'COSTCENTER', 'N', 'mdPayCheque', 'GrdCol', 'Accounting', 945, '', 'T'),
(13516, 'CENTERNO', '', 8, 'N', 'Y', 'م.كلفة', 'Y', 'mdPayCheque', 'GrdCol', 'Accounting', 1005, '', 'T'),
(13517, 'CENTERDSC', '', 60, 'N', 'Y', 'مركز الكلفة', 'N', 'mdPayCheque', 'GrdCol', 'Accounting', 1000, '', 'T'),
(13518, 'txtChequeType', '@', 0, 'N', 'Y', 'mdPayCheque', 'N', 'mdPayCheque', 'ComboBox', 'Accounting', 0, 'txtChequeType', 'T'),
(13519, 'txtVoucherType', '@', 0, 'N', 'Y', 'mdPayCheque', 'Y', 'mdPayCheque', 'ComboBox', 'Accounting', 0, 'txtVoucherType', 'T'),
(13520, 'cmdPast', '@', 0, 'N', 'Y', 'لصـق', 'N', 'mdPayCheque', 'Command', 'Accounting', 0, 'cmdPast', 'T'),
(13521, 'cmdCopy', '@', 0, 'N', 'Y', 'نســخ', 'Y', 'mdPayCheque', 'Command', 'Accounting', 0, 'cmdCopy', 'T'),
(13522, 'cmdFindCreditAccNo', '@', 0, 'Y', 'Y', '؟', 'N', 'mdPayCheque', 'Command', 'Accounting', 0, 'cmdFindCreditAccNo', 'T'),
(13523, 'txtStatus', '@', 0, 'N', 'Y', 'mdPayCheque', 'Y', 'mdPayCheque', 'Text', 'Accounting', 0, 'txtStatus', 'T'),
(13524, 'txtRepName', '@', 0, 'Y', 'Y', 'mdPayCheque', 'N', 'mdPayCheque', 'Text', 'Accounting', 0, 'txtRepName', 'T'),
(13525, 'txtCreditAccName', '@', 0, 'Y', 'Y', 'mdPayCheque', 'N', 'mdPayCheque', 'Text', 'Accounting', 0, 'txtCreditAccName', 'T'),
(13526, 'txtAmounttSum', '@', 0, 'Y', 'Y', 'mdPayCheque', 'Y', 'mdPayCheque', 'Text', 'Accounting', 0, 'txtAmounttSum', 'T'),
(13527, 'LblSuppNo', '@', 1, 'Y', 'Y', 'المورد', 'Y', 'mdIssueItems', 'Label', 'INVENTORY', 1, 'Supp.', 'T'),
(13528, 'txtStoreName', '@', 40, 'Y', 'Y', '', 'Y', 'mdIssueItems', 'TextBox', 'INVENTORY', 40, '', 'T'),
(13529, 'txtSuppName', '@', 40, 'Y', 'Y', '', 'Y', 'mdIssueItems', 'TextBox', 'INVENTORY', 40, '', 'T'),
(13530, 'txtBondNo', '@', 8, 'Y', 'Y', '', 'Y', 'mdIssueItems', 'TextBox', 'INVENTORY', 8, '', 'T'),
(13531, 'txtSuppInvNo', '@', 20, 'Y', 'Y', '', 'Y', 'mdIssueItems', 'TextBox', 'INVENTORY', 20, '', 'T'),
(13532, 'txtSuppNo', '@', 8, 'Y', 'Y', '', 'Y', 'mdIssueItems', 'TextBox', 'INVENTORY', 8, '', 'T'),
(13533, 'txtDate', '@', 0, 'Y', 'Y', '', 'Y', 'mdIssueItems', 'TextBox', 'INVENTORY', 0, '', 'T'),
(13534, 'txtStoreNo', '@', 8, 'Y', 'Y', '', 'Y', 'mdIssueItems', 'TextBox', 'INVENTORY', 8, '', 'T'),
(13535, 'Operation', '@', 15, 'N', 'Y', 'Operation', 'N', 'mdIssueItems', 'GrdCol', 'INVENTORY', 15, '', 'T'),
(13536, 'ApsolutePosition', '@', 40, 'N', 'Y', 'ApsolutePosition', 'N', 'mdIssueItems', 'GrdCol', 'INVENTORY', 40, '', 'T'),
(13537, 'INVOICE_BOND_SERIAL', '@', 15, 'N', 'Y', 'INVOICE_BOND_SERIAL', 'N', 'mdIssueItems', 'GrdCol', 'INVENTORY', 15, '', 'T'),
(13538, 'LINE_NO', '@', 15, 'N', 'Y', 'LINE_NO', 'N', 'mdIssueItems', 'GrdCol', 'INVENTORY', 15, '', 'T'),
(13539, 'ITEM_NO', '@', 15, 'Y', 'Y', 'رقم المادة', 'Y', 'mdIssueItems', 'GrdCol', 'INVENTORY', 15, 'Item No', 'T'),
(13540, 'Description', '@', 119, 'Y', 'Y', 'الوصف', 'N', 'mdIssueItems', 'GrdCol', 'INVENTORY', 40, 'Description', 'T'),
(13541, 'QTY', '0.000', 15, 'Y', 'Y', 'الكمية', 'Y', 'mdIssueItems', 'GrdCol', 'INVENTORY', 15, 'Qty', 'T'),
(13542, 'Cost', '0.000', 15, 'N', 'Y', 'الكلفة', 'N', 'mdIssueItems', 'GrdCol', 'INVENTORY', 15, 'Cost', 'T'),
(13543, 'STORE_ID', '@', 15, 'N', 'Y', 'STORE_ID', 'N', 'mdIssueItems', 'GrdCol', 'INVENTORY', 15, '', 'T'),
(13544, 'Status', '@', 15, 'N', 'Y', 'Status', 'N', 'mdIssueItems', 'GrdCol', 'INVENTORY', 15, '', 'T'),
(13545, 'MOVE_DATE', '@', 15, 'N', 'Y', 'MOVE_DATE', 'N', 'mdIssueItems', 'GrdCol', 'INVENTORY', 15, '', 'T'),
(13546, 'MOVE_TYPE', '@', 15, 'N', 'Y', 'MOVE_TYPE', 'N', 'mdIssueItems', 'GrdCol', 'INVENTORY', 15, '', 'T'),
(13547, 'TAX', '0.000', 15, 'N', 'Y', 'Tax', 'N', 'mdIssueItems', 'GrdCol', 'INVENTORY', 15, '', 'T'),
(13548, 'Discount', '0.0000', 15, 'N', 'Y', 'Discount', 'N', 'mdIssueItems', 'GrdCol', 'INVENTORY', 15, '', 'T'),
(13549, 'Price', '0.000', 23, 'N', 'Y', 'Price', 'N', 'mdIssueItems', 'GrdCol', 'INVENTORY', 15, '', 'T'),
(13550, 'Size4', '0.000000', 15, 'N', 'Y', 'Size4', 'N', 'mdIssueItems', 'GrdCol', 'INVENTORY', 15, '', 'T'),
(13551, 'BATCHNO', '@', 40, 'N', 'Y', 'باتش', 'Y', 'mdIssueItems', 'GrdCol', 'INVENTORY', 40, 'Batch No', 'T'),
(13552, 'BATCHDT', 'yyyy/mm/dd', 40, 'N', 'Y', 'الصلاحية', 'Y', 'mdIssueItems', 'GrdCol', 'INVENTORY', 40, 'Validity', 'T'),
(13553, 'BATCHID', '@', 40, 'N', 'Y', 'BATCHID', 'N', 'mdIssueItems', 'GrdCol', 'INVENTORY', 40, '', 'T'),
(13554, 'txtUserID', '@', 0, 'N', 'Y', '', 'N', 'mdIssueItems', 'TextBox', 'INVENTORY', 0, '', 'T'),
(13555, 'txtStatus', '@', 0, 'N', 'Y', '', 'N', 'mdIssueItems', 'TextBox', 'INVENTORY', 0, '', 'T'),
(13556, 'txtBondType', '@', 0, 'N', 'Y', '', 'N', 'mdIssueItems', 'TextBox', 'INVENTORY', 0, '', 'T'),
(13557, 'cmdUpdates', '@', 1, 'Y', 'Y', 'التع&ديلات', 'Y', 'mdIssueItems', 'CommandButton', 'INVENTORY', 1, '&Modifications', 'T'),
(13558, 'cmdFindOrder', '@', 1, 'Y', 'Y', '؟', 'Y', 'RcvItems', 'CommandButton', 'INVENTORY', 1, '?', 'T'),
(13559, 'cmdUpdates', '@', 1, 'Y', 'Y', 'التع&ديلات', 'Y', 'RcvItems', 'CommandButton', 'INVENTORY', 1, '&Modificaations', 'T'),
(13560, 'cmdFindSuppNo', '@', 1, 'Y', 'Y', '؟', 'Y', 'RcvItems', 'CommandButton', 'INVENTORY', 1, '?', 'T'),
(13561, 'cmdFindStoreNo', '@', 1, 'Y', 'Y', '؟', 'Y', 'RcvItems', 'CommandButton', 'INVENTORY', 1, '?', 'T'),
(13562, 'cmdNew', '@', 1, 'Y', 'Y', '&جديد', 'Y', 'RcvItems', 'CommandButton', 'INVENTORY', 1, '&New', 'T'),
(13563, 'CmdClose', '@', 1, 'Y', 'Y', 'إغلا&ق', 'Y', 'RcvItems', 'CommandButton', 'INVENTORY', 1, '&Close', 'T'),
(13564, 'cmdDelete', '@', 1, 'Y', 'Y', 'ح&ذف', 'Y', 'RcvItems', 'CommandButton', 'INVENTORY', 1, '&Delete', 'T'),
(13565, 'cmdSave', '@', 1, 'Y', 'Y', '&حفظ', 'Y', 'RcvItems', 'CommandButton', 'INVENTORY', 1, '&Save', 'T'),
(13566, 'LblSubTotal', '@', 1, 'Y', 'Y', 'المجموع الكلي', 'Y', 'RcvItems', 'Label', 'INVENTORY', 1, 'Totals', 'T'),
(13567, 'lblQtyTotal', '@', 1, 'Y', 'Y', 'مجموع الكميات', 'Y', 'RcvItems', 'Label', 'INVENTORY', 1, 'Qty Totals', 'T'),
(13568, 'lblOrders', '@', 1, 'Y', 'Y', 'الطلبية', 'Y', 'RcvItems', 'Label', 'INVENTORY', 1, 'Order', 'T'),
(13569, 'Label3', '@', 1, 'Y', 'Y', 'رقم فاتورة المورد', 'Y', 'RcvItems', 'Label', 'INVENTORY', 1, 'Supp. Inv. No', 'T'),
(13570, 'LblStoreNo', '@', 1, 'Y', 'Y', 'المستودع', 'Y', 'RcvItems', 'Label', 'INVENTORY', 1, 'Store', 'T'),
(13571, 'LblInvoiceNo', '@', 1, 'Y', 'Y', 'رقم السند', 'Y', 'RcvItems', 'Label', 'INVENTORY', 1, 'Bond No', 'T'),
(13572, 'Lbdate', '@', 1, 'Y', 'Y', 'التاريخ', 'Y', 'RcvItems', 'Label', 'INVENTORY', 1, 'Date', 'T'),
(13573, 'LblSuppNo', '@', 1, 'Y', 'Y', 'المورد', 'Y', 'RcvItems', 'Label', 'INVENTORY', 1, 'Supplier', 'T'),
(13574, 'Operation', '@', 15, 'N', 'Y', 'Operation', 'N', 'RcvItems', 'GrdCol', 'INVENTORY', 15, '', 'T'),
(13575, 'ApsolutePosition', '@', 40, 'N', 'Y', 'ApsolutePosition', 'N', 'RcvItems', 'GrdCol', 'INVENTORY', 40, '', 'T'),
(13576, 'INVOICE_BOND_SERIAL', '@', 15, 'N', 'Y', 'INVOICE_BOND_SERIAL', 'N', 'RcvItems', 'GrdCol', 'INVENTORY', 15, '', 'T'),
(13577, 'LINE_NO', '@', 15, 'N', 'Y', 'LINE_NO', 'N', 'RcvItems', 'GrdCol', 'INVENTORY', 15, '', 'T'),
(13578, 'ITEM_NO', '@', 15, 'Y', 'Y', 'رقم المادة', 'Y', 'RcvItems', 'GrdCol', 'INVENTORY', 15, 'Item No', 'T'),
(13579, 'Description', '@', 119, 'Y', 'Y', 'الوصف', 'N', 'RcvItems', 'GrdCol', 'INVENTORY', 40, 'Description', 'T'),
(13580, 'QTY', '0.000', 15, 'Y', 'Y', 'الكمية', 'Y', 'RcvItems', 'GrdCol', 'INVENTORY', 15, 'Qty', 'T'),
(13581, 'Cost', '0.000', 15, 'Y', 'Y', 'الكلفة', 'Y', 'RcvItems', 'GrdCol', 'INVENTORY', 15, 'Cost', 'T'),
(13582, 'lblTransportation', '@', 0, 'N', 'Y', 'أجور نقل', '-', 'PURCHRET', 'Lable', 'Inventory', 0, NULL, 'T'),
(13583, 'Total', '0.000', 15, 'Y', 'Y', 'المجموع', 'Y', 'RcvItems', 'GrdCol', 'INVENTORY', 15, 'Total', 'T'),
(13584, 'STORE_ID', '@', 15, 'N', 'Y', 'STORE_ID', 'N', 'RcvItems', 'GrdCol', 'INVENTORY', 15, '', 'T'),
(13585, 'Status', '@', 15, 'N', 'Y', 'Status', 'N', 'RcvItems', 'GrdCol', 'INVENTORY', 15, '', 'T'),
(13586, 'MOVE_DATE', '@', 15, 'N', 'Y', 'MOVE_DATE', 'N', 'RcvItems', 'GrdCol', 'INVENTORY', 15, '', 'T'),
(13587, 'MOVE_TYPE', '@', 15, 'N', 'Y', 'MOVE_TYPE', 'N', 'RcvItems', 'GrdCol', 'INVENTORY', 15, '', 'T'),
(13588, 'TAX', '0.000', 15, 'N', 'Y', 'Tax', 'N', 'RcvItems', 'GrdCol', 'INVENTORY', 15, '', 'T'),
(13589, 'Discount', '0.0000', 15, 'N', 'Y', 'Discount', 'N', 'RcvItems', 'GrdCol', 'INVENTORY', 15, '', 'T'),
(13590, 'Price', '0.000', 15, 'N', 'Y', 'Price', 'N', 'RcvItems', 'GrdCol', 'INVENTORY', 15, '', 'T'),
(13591, 'Size4', '0.000000', 15, 'N', 'Y', 'Size4', 'N', 'RcvItems', 'GrdCol', 'INVENTORY', 15, '', 'T'),
(13592, 'BATCHNO', '@', 40, 'N', 'Y', 'باتش', 'Y', 'RcvItems', 'GrdCol', 'INVENTORY', 40, 'Batch No', 'T'),
(13593, 'BATCHDT', 'yyyy/mm/dd', 40, 'N', 'Y', 'الصلاحية', 'Y', 'RcvItems', 'GrdCol', 'INVENTORY', 40, 'Validity', 'T'),
(13594, 'BATCHID', '@', 40, 'N', 'Y', 'BATCHID', 'N', 'RcvItems', 'GrdCol', 'INVENTORY', 40, '', 'T'),
(13595, 'txtTotal', '@', 0, 'Y', 'Y', '', 'Y', 'RcvItems', 'TextBox', 'INVENTORY', 0, '', 'T'),
(13596, 'txtQtyTotal', '@', 0, 'Y', 'Y', '', 'Y', 'RcvItems', 'TextBox', 'INVENTORY', 0, '', 'T'),
(13597, 'txtOrderSerial', '@', 0, 'N', 'Y', '', 'N', 'RcvItems', 'TextBox', 'INVENTORY', 0, '', 'T'),
(13598, 'txtOrderDsc', '@', 40, 'Y', 'Y', '', 'N', 'RcvItems', 'TextBox', 'INVENTORY', 40, '', 'T'),
(13599, 'txtOrder', '@', 8, 'Y', 'Y', '', 'Y', 'RcvItems', 'TextBox', 'INVENTORY', 8, '', 'T'),
(13600, 'txtSuppInvNo', '@', 20, 'Y', 'Y', '', 'Y', 'RcvItems', 'TextBox', 'INVENTORY', 20, '', 'T'),
(13601, 'txtSuppNo', '@', 8, 'Y', 'Y', '', 'Y', 'RcvItems', 'TextBox', 'INVENTORY', 8, '', 'T'),
(13602, 'txtSuppName', '@', 40, 'Y', 'Y', '', 'N', 'RcvItems', 'TextBox', 'INVENTORY', 40, '', 'T'),
(13603, 'txtBondNo', '@', 8, 'Y', 'Y', '', 'Y', 'RcvItems', 'TextBox', 'INVENTORY', 8, '', 'T'),
(13604, 'txtDate', '@', 10, 'Y', 'Y', '', 'Y', 'RcvItems', 'TextBox', 'INVENTORY', 10, '', 'T'),
(13605, 'txtStoreNo', '@', 8, 'Y', 'Y', '', 'Y', 'RcvItems', 'TextBox', 'INVENTORY', 8, '', 'T'),
(13606, 'txtStoreName', '@', 40, 'Y', 'Y', '', 'N', 'RcvItems', 'TextBox', 'INVENTORY', 40, '', 'T'),
(13607, 'txtUserID', '@', 0, 'N', 'Y', '', 'N', 'RcvItems', 'TextBox', 'INVENTORY', 0, '', 'T'),
(13608, 'txtStatus', '@', 0, 'N', 'Y', '', 'N', 'RcvItems', 'TextBox', 'INVENTORY', 0, '', 'T'),
(13609, 'txtBondType', '@', 0, 'N', 'Y', '', 'N', 'RcvItems', 'TextBox', 'INVENTORY', 0, '', 'T'),
(13610, 'cmdUpdates', '@', 1, 'Y', 'Y', 'التع&ديلات', 'Y', 'mdMoveItems', 'CommandButton', 'INVENTORY', 1, '&Modifications', 'T'),
(13611, 'cmdFindToStoreNo', '@', 1, 'Y', 'Y', '؟', 'Y', 'mdMoveItems', 'CommandButton', 'INVENTORY', 1, '?', 'T'),
(13612, 'CmdClose', '@', 1, 'Y', 'Y', 'إغلا&ق', 'Y', 'mdMoveItems', 'CommandButton', 'INVENTORY', 1, '&Close', 'T'),
(13613, 'cmdDelete', '@', 1, 'N', 'Y', 'ح&ذف', 'Y', 'mdMoveItems', 'CommandButton', 'INVENTORY', 1, '&Delete', 'T'),
(13614, 'cmdSave', '@', 1, 'Y', 'Y', '&حفظ', 'Y', 'mdMoveItems', 'CommandButton', 'INVENTORY', 1, '&Save', 'T'),
(13615, 'cmdSavePrint', '@', 1, 'Y', 'Y', 'حفظ و&طباعة', 'Y', 'mdMoveItems', 'CommandButton', 'INVENTORY', 1, 'Sa&ve-Print', 'T'),
(13616, 'cmdPrint', '@', 1, 'Y', 'Y', '&طباعة', 'Y', 'mdMoveItems', 'CommandButton', 'INVENTORY', 1, '&Print', 'T'),
(13617, 'cmdPostPrint', '@', 1, 'Y', 'Y', '&ترحيل وطباعة', 'Y', 'mdMoveItems', 'CommandButton', 'INVENTORY', 1, 'Post-Prin&t', 'T'),
(13618, 'cmdFindSuppNo', '@', 1, 'Y', 'Y', '؟', 'Y', 'mdMoveItems', 'CommandButton', 'INVENTORY', 1, '?', 'T'),
(13619, 'cmdFindStoreNo', '@', 1, 'Y', 'Y', '؟', 'Y', 'mdMoveItems', 'CommandButton', 'INVENTORY', 1, '?', 'T'),
(13620, 'cmdNew', '@', 1, 'Y', 'Y', '&جديد', 'Y', 'mdMoveItems', 'CommandButton', 'INVENTORY', 1, '&New', 'T'),
(13621, 'Label2', '@', 1, 'Y', 'Y', 'ملاحظات', 'Y', 'mdMoveItems', 'Label', 'INVENTORY', 1, 'Remar&ks', 'T'),
(13622, 'lblToStore', '@', 1, 'Y', 'Y', 'إلى مستودع', 'Y', 'mdMoveItems', 'Label', 'INVENTORY', 1, 'To Store', 'T'),
(13623, 'txtNotes', '@', 250, 'Y', 'Y', 'sfBatchInfo', 'Y', 'sfBatchInfo', 'Text', 'Inventory', 250, 'txtNotes', 'T'),
(13624, 'LblStoreNo', '@', 1, 'Y', 'Y', 'من مستودع', 'Y', 'mdMoveItems', 'Label', 'INVENTORY', 1, 'From Store', 'T'),
(13625, 'LblInvoiceNo', '@', 1, 'Y', 'Y', 'رقم السند', 'Y', 'mdMoveItems', 'Label', 'INVENTORY', 1, 'Bond No', 'T'),
(13626, 'Lbdate', '@', 1, 'Y', 'Y', 'التاريخ', 'Y', 'mdMoveItems', 'Label', 'INVENTORY', 1, 'Date', 'T'),
(13627, 'txtBatchNo', '@', 29, 'Y', 'Y', 'sfBatchInfo', 'Y', 'sfBatchInfo', 'Text', 'Inventory', 29, 'txtBatchNo', 'T'),
(13628, 'txtNotes', '@', 0, 'Y', 'Y', '', 'Y', 'mdMoveItems', 'TextBox', 'Inventory', 0, '', 'T'),
(13629, 'txtToStoreName', '@', 40, 'Y', 'Y', '', 'Y', 'mdMoveItems', 'TextBox', 'INVENTORY', 40, '', 'T'),
(13630, 'txtToStoreNo', '@', 8, 'Y', 'Y', '', 'Y', 'mdMoveItems', 'TextBox', 'INVENTORY', 8, '', 'T'),
(13631, 'txtSuppInvNo', '@', 20, 'Y', 'Y', 'رقم سند التسليم', 'Y', 'mdMoveItems', 'TextBox', 'INVENTORY', 20, '', 'T'),
(13632, 'txtSuppNo', '@', 8, 'Y', 'Y', '', 'Y', 'mdMoveItems', 'TextBox', 'Inventory', 8, '', 'T'),
(13633, 'txtSuppName', '@', 40, 'Y', 'Y', '', 'N', 'mdMoveItems', 'TextBox', 'Inventory', 40, '', 'T'),
(13634, 'txtBondNo', '@', 8, 'Y', 'Y', '', 'Y', 'mdMoveItems', 'TextBox', 'INVENTORY', 8, '', 'T'),
(13635, 'txtDate', '@', 0, 'Y', 'Y', '', 'Y', 'mdMoveItems', 'TextBox', 'INVENTORY', 0, '', 'T'),
(13636, 'txtStoreNo', '@', 8, 'Y', 'Y', '', 'Y', 'mdMoveItems', 'TextBox', 'INVENTORY', 8, '', 'T'),
(13637, 'Operation', '@', 15, 'N', 'N', 'Operation', 'N', 'mdMoveItems', 'GrdCol', 'INVENTORY', 15, '', 'T'),
(13638, 'ApsolutePosition', '@', 40, 'N', 'N', 'ApsolutePosition', 'N', 'mdMoveItems', 'GrdCol', 'INVENTORY', 40, '', 'T'),
(13639, 'INVOICE_BOND_SERIAL', '@', 15, 'N', 'N', 'INVOICE_BOND_SERIAL', 'N', 'mdMoveItems', 'GrdCol', 'INVENTORY', 15, '', 'T'),
(13640, 'LINE_NO', '@', 15, 'N', 'Y', 'LINE_NO', 'N', 'mdMoveItems', 'GrdCol', 'INVENTORY', 15, '', 'T'),
(13641, 'ITEM_NO', '@', 15, 'Y', 'N', 'رقم المادة', 'Y', 'mdMoveItems', 'GrdCol', 'INVENTORY', 15, 'Item No', 'T'),
(13642, 'Description', '@', 119, 'Y', 'N', 'الوصـــــــــــــــف', 'N', 'mdMoveItems', 'GrdCol', 'INVENTORY', 40, 'Description', 'T'),
(13643, 'QTY', '0.000', 15, 'Y', 'N', 'الكمية', 'Y', 'mdMoveItems', 'GrdCol', 'INVENTORY', 15, 'Qty', 'T'),
(13644, 'Cost', '0.000', 15, 'N', 'N', 'الكلفة', 'N', 'mdMoveItems', 'GrdCol', 'INVENTORY', 15, 'Cost', 'T'),
(13645, 'STORE_ID', '@', 15, 'N', 'N', 'STORE_ID', 'N', 'mdMoveItems', 'GrdCol', 'INVENTORY', 15, '', 'T'),
(13646, 'Status', '@', 15, 'N', 'N', 'Status', 'N', 'mdMoveItems', 'GrdCol', 'INVENTORY', 15, '', 'T'),
(13647, 'MOVE_DATE', '@', 15, 'N', 'Y', 'MOVE_DATE', 'N', 'mdMoveItems', 'GrdCol', 'INVENTORY', 15, '', 'T'),
(13648, 'MOVE_TYPE', '@', 15, 'N', 'N', 'MOVE_TYPE', 'N', 'mdMoveItems', 'GrdCol', 'INVENTORY', 15, '', 'T'),
(13649, 'TAX', '0.000', 15, 'N', 'N', 'Tax', 'N', 'mdMoveItems', 'GrdCol', 'INVENTORY', 15, '', 'T'),
(13650, 'Discount', '0.0000', 15, 'N', 'N', 'Discount', 'N', 'mdMoveItems', 'GrdCol', 'INVENTORY', 15, '', 'T'),
(13651, 'Price', '0.000', 23, 'N', 'N', 'Price', 'N', 'mdMoveItems', 'GrdCol', 'INVENTORY', 15, '', 'T'),
(13652, 'Size4', '0.000000', 15, 'N', 'Y', 'Size4', 'N', 'mdMoveItems', 'GrdCol', 'INVENTORY', 15, '', 'T'),
(13653, 'txtStoreName', '@', 40, 'Y', 'Y', '', 'Y', 'mdMoveItems', 'TextBox', 'INVENTORY', 40, '', 'T'),
(13654, 'txtUserID', '@', 0, 'N', 'Y', '', 'N', 'mdMoveItems', 'TextBox', 'INVENTORY', 0, '', 'T'),
(13655, 'txtStatus', '@', 0, 'N', 'Y', '', 'N', 'mdMoveItems', 'TextBox', 'INVENTORY', 0, '', 'T'),
(13656, 'txtBondType', '@', 0, 'N', 'Y', '', 'N', 'mdMoveItems', 'TextBox', 'INVENTORY', 0, '', 'T'),
(13657, 'BATCHNO', '@', 40, 'N', 'Y', 'رقم الخلطة', 'Y', 'mdMoveItems', 'GrdCol', 'INVENTORY', 40, 'Batch No', 'T'),
(13658, 'BATCHDT', 'yyyy/mm/dd', 40, 'N', 'Y', 'الصلاحية', 'N', 'mdMoveItems', 'GrdCol', 'INVENTORY', 40, 'Validity', 'T'),
(13659, 'BATCHID', '@', 40, 'N', 'Y', 'BATCHID', 'N', 'mdMoveItems', 'GrdCol', 'INVENTORY', 40, '', 'T'),
(13660, 'cmdClose', '@', 0, 'Y', 'Y', 'إغلا&ق', 'Y', 'sfBatchInfo', 'Command', 'Inventory', 0, 'cmdClose', 'T'),
(13661, 'CmdDelete', '@', 0, 'Y', 'Y', 'ح&ذف', 'Y', 'sfBatchInfo', 'Command', 'Inventory', 0, 'CmdDelete', 'T'),
(13662, 'CmdSave', '@', 0, 'Y', 'Y', '&حفظ', 'Y', 'sfBatchInfo', 'Command', 'Inventory', 0, 'CmdSave', 'T'),
(13663, 'BATCHID', '', 11, 'N', 'Y', 'BATCHID', 'Y', 'sfBatchInfo', 'GrdCol', 'Inventory', 870, 'BATCHID', 'T'),
(13664, 'BATCHNO', '', 12, 'N', 'Y', 'رقم الباتش', 'Y', 'sfBatchInfo', 'GrdCol', 'Inventory', 900, 'BATCHNO', 'T'),
(13665, 'DT', 'yyyy/mm/dd', 19, 'Y', 'Y', 'الصلاحية', 'Y', 'sfBatchInfo', 'GrdCol', 'Inventory', 945, 'DT', 'T'),
(13666, 'cmdEditFormProps', '@', 0, 'Y', 'Y', '-------------', 'Y', 'frmaccounts', 'Command', 'Accounting', 0, 'cmdEditFormProps', 'T'),
(13667, 'ITEM_NO', '', 12, 'N', 'Y', 'ITEM_NO', 'Y', 'sfBatchInfo', 'GrdCol', 'Inventory', 945, 'ITEM_NO', 'T'),
(13668, 'MFG_DT', 'yyyy/mm/dd', 19, 'Y', 'Y', 'الإنتاج', 'Y', 'sfBatchInfo', 'GrdCol', 'Inventory', 945, 'MFG_DT', 'T'),
(13669, 'REMARK', '', 64, 'Y', 'Y', 'البيان', 'Y', 'sfBatchInfo', 'GrdCol', 'Inventory', 1800, 'REMARK', 'T'),
(13670, 'VAL', '', 23, 'Y', 'Y', 'عدديا', 'Y', 'sfBatchInfo', 'GrdCol', 'Inventory', 794, 'VAL', 'T'),
(13671, 'QTY_IN', '###0.000', 23, 'Y', 'Y', 'وارد', 'Y', 'sfBatchInfo', 'GrdCol', 'Inventory', 900, 'QTY_IN', 'T'),
(13672, 'QTY_OUT', '###0.000', 23, 'Y', 'Y', 'صادر', 'Y', 'sfBatchInfo', 'GrdCol', 'Inventory', 900, 'QTY_OUT', 'T'),
(13673, 'QTY_ONHAND', '###0.000', 23, 'Y', 'Y', 'موجود', 'Y', 'sfBatchInfo', 'GrdCol', 'Inventory', 900, 'QTY_ONHAND', 'T'),
(13674, 'AWC', '###0.000', 23, 'Y', 'Y', 'معدل الكلفة', 'Y', 'sfBatchInfo', 'GrdCol', 'Inventory', 900, 'AWC', 'T'),
(13675, 'NOTE', '', 256, 'Y', 'Y', 'ملاحظات', 'Y', 'sfBatchInfo', 'GrdCol', 'Inventory', 2099, 'NOTE', 'T'),
(13676, 'dtpDt', '@', 0, 'Y', 'Y', 'sfBatchInfo', 'Y', 'sfBatchInfo', 'dtPicker', 'Inventory', 0, 'dtpDt', 'T'),
(13677, 'dtpMfgDt', '@', 0, 'Y', 'Y', 'sfBatchInfo', 'Y', 'sfBatchInfo', 'dtPicker', 'Inventory', 0, 'dtpMfgDt', 'T'),
(13678, 'StaStatus', '@', 0, 'Y', 'Y', 'sfBatchInfo', 'Y', 'sfBatchInfo', 'StatusBar', 'Inventory', 0, 'StaStatus', 'T'),
(13679, 'cmdEditFormProps', '@', 0, 'N', 'Y', '-------------', 'N', 'mdRReciept', 'Command', 'Inventory', 0, 'cmdEditFormProps', 'T'),
(13680, 'cmdUpdates', '@', 0, 'Y', 'Y', 'التع&ديلات', 'Y', 'mdRReciept', 'Command', 'Inventory', 0, 'cmdUpdates', 'T'),
(13681, 'Operation', '@', 11, 'N', 'Y', 'Operation', 'N', 'mdRReciept', 'GrdCol', 'Inventory', 494, 'Operation', 'T'),
(13682, 'ApsolutePosition', '@', 11, 'N', 'Y', 'ApsolutePosition', 'N', 'mdRReciept', 'GrdCol', 'Inventory', 494, 'ApsolutePosition', 'T'),
(13683, 'lstVAcc', '@', 0, 'Y', 'Y', 'lstVAcc', 'Y', 'frmaccounts', 'ListBox', 'Accounting', 0, 'lstVAcc', 'T'),
(13684, 'txtDiscountLimit', '@', 14, 'N', 'Y', 'txtDiscountLimit', 'Y', 'frmaccounts', 'Text', 'Accounting', 14, 'txtDiscountLimit', 'T'),
(13685, 'cboPricing', '@', 0, 'N', 'Y', 'cboPricing', 'Y', 'frmaccounts', 'ComboBox', 'Accounting', 0, 'cboPricing', 'T'),
(13686, 'txtContact', '@', 250, 'N', 'Y', 'txtContact', 'Y', 'frmaccounts', 'Text', 'Accounting', 250, 'txtContact', 'T'),
(13687, 'txtTotalLimit', '@', 14, 'N', 'Y', 'txtTotalLimit', 'Y', 'frmaccounts', 'Text', 'Accounting', 14, 'txtTotalLimit', 'T'),
(13688, 'txtAreaNo', '@', 8, 'N', 'Y', 'txtAreaNo', 'Y', 'frmaccounts', 'Text', 'Accounting', 8, 'txtAreaNo', 'T'),
(13689, 'cmdFindAreaNo', '@', 0, 'N', 'Y', '؟', 'Y', 'frmaccounts', 'Command', 'Accounting', 0, 'cmdFindAreaNo', 'T'),
(13690, 'txtAreaName', '@', 40, 'N', 'Y', 'txtAreaName', 'N', 'frmaccounts', 'Text', 'Accounting', 40, 'txtAreaName', 'T'),
(13691, 'txtRepNo', '@', 8, 'N', 'Y', 'txtRepNo', 'Y', 'frmaccounts', 'Text', 'Accounting', 8, 'txtRepNo', 'T'),
(13692, 'txtremarks', '@', 250, 'Y', 'Y', 'txtremarks', 'Y', 'frmaccounts', 'Text', 'Accounting', 250, 'txtremarks', 'T'),
(13693, 'txtCashLimit', '@', 14, 'N', 'Y', 'txtCashLimit', 'Y', 'frmaccounts', 'Text', 'Accounting', 14, 'txtCashLimit', 'T'),
(13694, 'cmdFindRepNo', '@', 0, 'N', 'Y', '؟', 'Y', 'frmaccounts', 'Command', 'Accounting', 0, 'cmdFindRepNo', 'T'),
(13695, 'txtRepName', '@', 40, 'N', 'Y', 'txtRepName', 'N', 'frmaccounts', 'Text', 'Accounting', 40, 'txtRepName', 'T'),
(13696, 'txtacno', '@', 8, 'Y', 'Y', 'txtacno', 'Y', 'frmaccounts', 'Text', 'Accounting', 8, 'txtacno', 'T'),
(13697, 'CmdFindAc_No', '@', 0, 'Y', 'Y', '؟', 'Y', 'frmaccounts', 'Command', 'Accounting', 0, 'CmdFindAc_No', 'T'),
(13698, 'cmdAccUsers', '@', 0, 'Y', 'Y', 'الذين لهم صلاحيات على  الحساب', 'Y', 'frmaccounts', 'Command', 'Accounting', 0, 'cmdAccUsers', 'T'),
(13699, 'Cmdclose', '@', 0, 'Y', 'Y', 'إغلا&ق', 'Y', 'frmaccounts', 'Command', 'Accounting', 0, 'Cmdclose', 'T'),
(13700, 'cmdDel', '@', 0, 'Y', 'Y', 'ح&ذف', 'N', 'frmaccounts', 'Command', 'Accounting', 0, 'cmdDel', 'T'),
(13701, 'cmdSave', '@', 0, 'Y', 'Y', '&حفظ', 'Y', 'frmaccounts', 'Command', 'Accounting', 0, 'cmdSave', 'T'),
(13702, 'stastatus', '@', 0, 'Y', 'Y', 'stastatus', 'Y', 'frmaccounts', 'StatusBar', 'Accounting', 0, 'stastatus', 'T'),
(13703, 'txtldm', '@', 0, 'N', 'Y', 'txtldm', 'Y', 'frmaccounts', 'Text', 'Accounting', 0, 'txtldm', 'T'),
(13704, 'txtopendate', '@', 0, 'Y', 'Y', 'txtopendate', 'Y', 'frmaccounts', 'Text', 'Accounting', 0, 'txtopendate', 'T'),
(13705, 'txtacname', '@', 59, 'N', 'Y', 'txtacname', 'Y', 'frmaccounts', 'Text', 'Accounting', 59, 'txtacname', 'T'),
(13706, 'txtbalance', '@', 0, 'Y', 'Y', 'txtbalance', 'N', 'frmaccounts', 'Text', 'Accounting', 0, 'txtbalance', 'T'),
(13707, 'txtuserid', '@', 10, 'N', 'Y', 'txtuserid', 'N', 'frmaccounts', 'Text', 'Accounting', 10, 'txtuserid', 'T'),
(13708, 'Label1', '@', 0, 'Y', 'Y', 'رقم الحساب', 'Y', 'frmaccounts', 'Label', 'Accounting', 0, 'Label1', 'T'),
(13709, 'lblacname', '@', 0, 'N', 'Y', 'اسم الحساب', 'Y', 'frmaccounts', 'Label', 'Accounting', 0, 'lblacname', 'T'),
(13710, 'Label5', '@', 0, 'Y', 'Y', 'نوع الحساب', 'Y', 'frmaccounts', 'Label', 'Accounting', 0, 'Label5', 'T'),
(13711, 'lblcurrency', '@', 0, 'N', 'Y', 'نوع العملة', 'Y', 'frmaccounts', 'Label', 'Accounting', 0, 'lblcurrency', 'T'),
(13712, 'Label8', '@', 0, 'Y', 'Y', ' تاريخ فتح الحســــاب', 'Y', 'frmaccounts', 'Label', 'Accounting', 0, 'Label8', 'T'),
(13713, 'Label10', '@', 0, 'Y', 'Y', 'الرصيد', 'Y', 'frmaccounts', 'Label', 'Accounting', 0, 'Label10', 'T'),
(13714, 'LBLTEL1', '@', 0, 'N', 'Y', 'هاتف 1', 'Y', 'frmaccounts', 'Label', 'Accounting', 0, 'LBLTEL1', 'T'),
(13715, 'LBLTEL2', '@', 0, 'N', 'Y', 'هاتف 2', 'Y', 'frmaccounts', 'Label', 'Accounting', 0, 'LBLTEL2', 'T'),
(13716, 'LBLFAX', '@', 0, 'N', 'Y', 'فاكس', 'Y', 'frmaccounts', 'Label', 'Accounting', 0, 'LBLFAX', 'T'),
(13717, 'LBLADDRESS', '@', 0, 'N', 'Y', 'العنوان', 'Y', 'frmaccounts', 'Label', 'Accounting', 0, 'LBLADDRESS', 'T'),
(13718, 'Label11', '@', 0, 'N', 'Y', 'اسم المستخـــدم', 'Y', 'frmaccounts', 'Label', 'Accounting', 0, 'Label11', 'T'),
(13719, 'cmdEditFormProps', '@', 0, 'Y', 'Y', '-------------', 'Y', 'ChartOfAcc', 'Command', 'Accounting', 0, 'cmdEditFormProps', 'T'),
(13720, 'cmdclose', '@', 0, 'Y', 'Y', 'إغلا&ق', 'Y', 'ChartOfAcc', 'Command', 'Accounting', 0, 'cmdclose', 'T'),
(13721, 'AC_NO', '', 8, 'Y', 'Y', 'رقم الحساب', 'N', 'ChartOfAcc', 'GrdCol', 'Accounting', 8, '', 'T'),
(13722, 'NAME', '', 60, 'Y', 'Y', 'اسم الحساب', 'N', 'ChartOfAcc', 'GrdCol', 'Accounting', 60, '', 'T'),
(13723, 'BALANCE', '', 23, 'Y', 'Y', 'الرصيد', 'N', 'ChartOfAcc', 'GrdCol', 'Accounting', 23, '', 'T'),
(13724, 'Adodc3', '@', 0, 'N', 'Y', 'Adodc3', 'Y', 'ChartOfAcc', 'GrdCol', 'Accounting', 0, 'Adodc3', 'T'),
(13725, 'Adodc2', '@', 0, 'N', 'Y', 'Adodc2', 'Y', 'ChartOfAcc', 'GrdCol', 'Accounting', 0, 'Adodc2', 'T'),
(13726, 'Adodc1', '@', 0, 'N', 'Y', 'Adodc1', 'Y', 'ChartOfAcc', 'GrdCol', 'Accounting', 0, 'Adodc1', 'T'),
(13727, 'lblMesgs', '@', 0, 'Y', 'Y', '', 'Y', 'ChartOfAcc', 'Label', 'Accounting', 0, 'lblMesgs', 'T'),
(13728, 'cmdEditFormProps', '@', 0, 'Y', 'Y', '-------------', 'Y', 'sfAccountsInquiry', 'Command', 'Accounting', 0, 'cmdEditFormProps', 'T'),
(13729, 'cmdTransKeys', '@', 0, 'Y', 'Y', 'مفاتيح البيانات/حركات', 'Y', 'sfAccountsInquiry', 'Command', 'Accounting', 0, 'cmdTransKeys', 'T'),
(13730, 'cmdShowKeys', '@', 0, 'Y', 'Y', 'مفاتيح البيانات/كشوف', 'Y', 'sfAccountsInquiry', 'Command', 'Accounting', 0, 'cmdShowKeys', 'T'),
(13731, 'cmdClean', '@', 0, 'Y', 'Y', 'م&سح', 'Y', 'sfAccountsInquiry', 'Command', 'Accounting', 0, 'cmdClean', 'T'),
(13732, 'cmdClose', '@', 0, 'Y', 'Y', 'إغلا&ق', 'Y', 'sfAccountsInquiry', 'Command', 'Accounting', 0, 'cmdClose', 'T'),
(13733, 'cmdFind', '@', 0, 'Y', 'Y', 'إبح&ث', 'Y', 'sfAccountsInquiry', 'Command', 'Accounting', 0, 'cmdFind', 'T'),
(13734, 'cmdOkay', '@', 0, 'Y', 'Y', '&موافق', 'Y', 'sfAccountsInquiry', 'Command', 'Accounting', 0, 'cmdOkay', 'T'),
(13735, 'chkFields', '@', 0, 'Y', 'Y', 'ITEM_NO', 'Y', 'sfAccountsInquiry', 'CheckBox', 'Accounting', 0, 'chkFields', 'T');
